{"id":46,"date":"2014-09-17T16:53:45","date_gmt":"2014-09-17T14:53:45","guid":{"rendered":"http:\/\/agora.xtec.cat\/insmanresasis\/?page_id=46"},"modified":"2025-10-27T19:44:46","modified_gmt":"2025-10-27T18:44:46","slug":"organigrama","status":"publish","type":"page","link":"https:\/\/agora.xtec.cat\/insmanresasis\/linstitut\/organigrama\/","title":{"rendered":"Organigrama"},"content":{"rendered":"<p>En l&#8217;institut Manresa Sis tenim la voluntat de treballar l&#8217;organitzaci\u00f3 del centre de forma transversal i globalitzada per tal de potenciar la implicaci\u00f3 i motivaci\u00f3 de totes les persones del centre. Per tal d&#8217;assolir aquest objectiu generem espais de participaci\u00f3, corresponsabilitat i decisi\u00f3.<\/p>\n<h4 style=\"text-align: left;\"><strong>Curs actual<\/strong><\/h4>\n<p><a href=\"https:\/\/agora.xtec.cat\/insmanresasis\/wp-content\/uploads\/usu905\/2025\/10\/org1.png\"><img loading=\"lazy\" decoding=\"async\" class=\"wp-image-12798 alignleft\" src=\"https:\/\/agora.xtec.cat\/insmanresasis\/wp-content\/uploads\/usu905\/2025\/10\/org1.png\" alt=\"\" width=\"450\" height=\"636\" srcset=\"https:\/\/agora.xtec.cat\/insmanresasis\/wp-content\/uploads\/usu905\/2025\/10\/org1.png 621w, https:\/\/agora.xtec.cat\/insmanresasis\/wp-content\/uploads\/usu905\/2025\/10\/org1-212x300.png 212w\" sizes=\"auto, (max-width: 450px) 100vw, 450px\" \/><\/a> <a href=\"https:\/\/agora.xtec.cat\/insmanresasis\/wp-content\/uploads\/usu905\/2025\/10\/org2-e1761590300197.png\"><img loading=\"lazy\" decoding=\"async\" class=\"alignleft wp-image-12806 \" src=\"https:\/\/agora.xtec.cat\/insmanresasis\/wp-content\/uploads\/usu905\/2025\/10\/org2-e1761590300197.png\" alt=\"\" width=\"453\" height=\"639\" srcset=\"https:\/\/agora.xtec.cat\/insmanresasis\/wp-content\/uploads\/usu905\/2025\/10\/org2-e1761590300197.png 622w, https:\/\/agora.xtec.cat\/insmanresasis\/wp-content\/uploads\/usu905\/2025\/10\/org2-e1761590300197-213x300.png 213w\" sizes=\"auto, (max-width: 453px) 100vw, 453px\" \/><\/a> <a href=\"https:\/\/agora.xtec.cat\/insmanresasis\/wp-content\/uploads\/usu905\/2025\/10\/org3-e1761590349513.png\"><img loading=\"lazy\" decoding=\"async\" class=\"alignleft wp-image-12805 \" src=\"https:\/\/agora.xtec.cat\/insmanresasis\/wp-content\/uploads\/usu905\/2025\/10\/org3-e1761590349513.png\" alt=\"\" width=\"450\" height=\"639\" srcset=\"https:\/\/agora.xtec.cat\/insmanresasis\/wp-content\/uploads\/usu905\/2025\/10\/org3-e1761590349513.png 618w, https:\/\/agora.xtec.cat\/insmanresasis\/wp-content\/uploads\/usu905\/2025\/10\/org3-e1761590349513-211x300.png 211w\" sizes=\"auto, (max-width: 450px) 100vw, 450px\" \/><\/a> <a href=\"https:\/\/agora.xtec.cat\/insmanresasis\/wp-content\/uploads\/usu905\/2025\/10\/org4.png\"><img loading=\"lazy\" decoding=\"async\" class=\"alignleft wp-image-12804 \" src=\"https:\/\/agora.xtec.cat\/insmanresasis\/wp-content\/uploads\/usu905\/2025\/10\/org4.png\" alt=\"\" width=\"452\" height=\"641\" srcset=\"https:\/\/agora.xtec.cat\/insmanresasis\/wp-content\/uploads\/usu905\/2025\/10\/org4.png 621w, https:\/\/agora.xtec.cat\/insmanresasis\/wp-content\/uploads\/usu905\/2025\/10\/org4-212x300.png 212w\" sizes=\"auto, (max-width: 452px) 100vw, 452px\" \/><\/a><a href=\"https:\/\/agora.xtec.cat\/insmanresasis\/wp-content\/uploads\/usu905\/2025\/10\/org5-e1761590375420.png\"><img loading=\"lazy\" decoding=\"async\" class=\"wp-image-12803  alignleft\" src=\"https:\/\/agora.xtec.cat\/insmanresasis\/wp-content\/uploads\/usu905\/2025\/10\/org5-e1761590375420.png\" alt=\"\" width=\"447\" height=\"632\" srcset=\"https:\/\/agora.xtec.cat\/insmanresasis\/wp-content\/uploads\/usu905\/2025\/10\/org5-e1761590375420.png 620w, https:\/\/agora.xtec.cat\/insmanresasis\/wp-content\/uploads\/usu905\/2025\/10\/org5-e1761590375420-212x300.png 212w\" sizes=\"auto, (max-width: 447px) 100vw, 447px\" \/><\/a><a href=\"https:\/\/agora.xtec.cat\/insmanresasis\/wp-content\/uploads\/usu905\/2025\/10\/org6-e1761590392635.png\"><img loading=\"lazy\" decoding=\"async\" class=\"alignleft wp-image-12802 \" src=\"https:\/\/agora.xtec.cat\/insmanresasis\/wp-content\/uploads\/usu905\/2025\/10\/org6-e1761590392635.png\" alt=\"\" width=\"447\" height=\"635\" srcset=\"https:\/\/agora.xtec.cat\/insmanresasis\/wp-content\/uploads\/usu905\/2025\/10\/org6-e1761590392635.png 618w, https:\/\/agora.xtec.cat\/insmanresasis\/wp-content\/uploads\/usu905\/2025\/10\/org6-e1761590392635-211x300.png 211w\" sizes=\"auto, (max-width: 447px) 100vw, 447px\" \/><\/a><\/p>\n","protected":false},"excerpt":{"rendered":"<p>En l&#8217;institut Manresa Sis tenim la voluntat de treballar l&#8217;organitzaci\u00f3 del centre de forma transversal i globalitzada per tal de potenciar la implicaci\u00f3 i motivaci\u00f3 de totes les persones del centre. Per tal d&#8217;assolir aquest objectiu generem espais de participaci\u00f3, corresponsabilitat i decisi\u00f3.<br \/>\nCurs actual<br \/>\n<a href=\"https:\/\/agora.xtec.cat\/insmanresasis\/wp-content\/uploads\/usu905\/2025\/10\/org1.png\"><\/a>&hellip;  <a href=\"https:\/\/agora.xtec.cat\/insmanresasis\/linstitut\/organigrama\/\" title=\"Read Organigrama\">Llegeix m\u00e9s\u00bb<\/a><\/p>\n","protected":false},"author":1,"featured_media":0,"parent":19,"menu_order":50,"comment_status":"closed","ping_status":"closed","template":"page-templates\/side-menu.php","meta":{"_bbp_topic_count":0,"_bbp_reply_count":0,"_bbp_total_topic_count":0,"_bbp_total_reply_count":0,"_bbp_voice_count":0,"_bbp_anonymous_reply_count":0,"_bbp_topic_count_hidden":0,"_bbp_reply_count_hidden":0,"_bbp_forum_subforum_count":0,"footnotes":""},"class_list":["post-46","page","type-page","status-publish","hentry"],"post_mailing_queue_ids":[],"_links":{"self":[{"href":"https:\/\/agora.xtec.cat\/insmanresasis\/wp-json\/wp\/v2\/pages\/46","targetHints":{"allow":["GET"]}}],"collection":[{"href":"https:\/\/agora.xtec.cat\/insmanresasis\/wp-json\/wp\/v2\/pages"}],"about":[{"href":"https:\/\/agora.xtec.cat\/insmanresasis\/wp-json\/wp\/v2\/types\/page"}],"author":[{"embeddable":true,"href":"https:\/\/agora.xtec.cat\/insmanresasis\/wp-json\/wp\/v2\/users\/1"}],"replies":[{"embeddable":true,"href":"https:\/\/agora.xtec.cat\/insmanresasis\/wp-json\/wp\/v2\/comments?post=46"}],"version-history":[{"count":6,"href":"https:\/\/agora.xtec.cat\/insmanresasis\/wp-json\/wp\/v2\/pages\/46\/revisions"}],"predecessor-version":[{"id":12808,"href":"https:\/\/agora.xtec.cat\/insmanresasis\/wp-json\/wp\/v2\/pages\/46\/revisions\/12808"}],"up":[{"embeddable":true,"href":"https:\/\/agora.xtec.cat\/insmanresasis\/wp-json\/wp\/v2\/pages\/19"}],"wp:attachment":[{"href":"https:\/\/agora.xtec.cat\/insmanresasis\/wp-json\/wp\/v2\/media?parent=46"}],"curies":[{"name":"wp","href":"https:\/\/api.w.org\/{rel}","templated":true}]}}