{"id":14031,"date":"2025-02-12T10:24:16","date_gmt":"2025-02-12T09:24:16","guid":{"rendered":"https:\/\/agora.xtec.cat\/insmacanet\/?page_id=14031"},"modified":"2026-04-20T13:36:03","modified_gmt":"2026-04-20T11:36:03","slug":"pga-programacio-general-anual-vigent","status":"publish","type":"page","link":"https:\/\/agora.xtec.cat\/insmacanet\/pga-programacio-general-anual-vigent\/","title":{"rendered":"PGA 25-26 (Programaci\u00f3 General Anual)"},"content":{"rendered":"<p><strong>Qu\u00e8 \u00e9s la PGA?<\/strong><\/p>\n<p>La Programaci\u00f3 General Anual \u00e9s el document normatiu que concreta les actuacions per a cada curs a partir del Projecte Educatiu de Centre.<\/p>\n<p><a href=\"https:\/\/drive.google.com\/file\/d\/1IblEgQdwa1VuZ1tZgfKvL7xfxm20vLPJ\/view?usp=drive_link\">PGA 25-26<\/a><\/p>\n","protected":false},"excerpt":{"rendered":"<p>Qu\u00e8 \u00e9s la PGA?<br \/>\nLa Programaci\u00f3 General Anual \u00e9s el document normatiu que concreta les actuacions per a cada curs a partir del Projecte Educatiu de Centre.<br \/>\n<a href=\"https:\/\/drive.google.com\/file\/d\/1IblEgQdwa1VuZ1tZgfKvL7xfxm20vLPJ\/view?usp=drive_link\">PGA 25-26<\/a><\/p>\n","protected":false},"author":1,"featured_media":0,"parent":0,"menu_order":0,"comment_status":"closed","ping_status":"closed","template":"","meta":{"_bbp_topic_count":0,"_bbp_reply_count":0,"_bbp_total_topic_count":0,"_bbp_total_reply_count":0,"_bbp_voice_count":0,"_bbp_anonymous_reply_count":0,"_bbp_topic_count_hidden":0,"_bbp_reply_count_hidden":0,"_bbp_forum_subforum_count":0,"footnotes":""},"class_list":["post-14031","page","type-page","status-publish","hentry"],"post_mailing_queue_ids":[],"_links":{"self":[{"href":"https:\/\/agora.xtec.cat\/insmacanet\/wp-json\/wp\/v2\/pages\/14031","targetHints":{"allow":["GET"]}}],"collection":[{"href":"https:\/\/agora.xtec.cat\/insmacanet\/wp-json\/wp\/v2\/pages"}],"about":[{"href":"https:\/\/agora.xtec.cat\/insmacanet\/wp-json\/wp\/v2\/types\/page"}],"author":[{"embeddable":true,"href":"https:\/\/agora.xtec.cat\/insmacanet\/wp-json\/wp\/v2\/users\/1"}],"replies":[{"embeddable":true,"href":"https:\/\/agora.xtec.cat\/insmacanet\/wp-json\/wp\/v2\/comments?post=14031"}],"version-history":[{"count":6,"href":"https:\/\/agora.xtec.cat\/insmacanet\/wp-json\/wp\/v2\/pages\/14031\/revisions"}],"predecessor-version":[{"id":15362,"href":"https:\/\/agora.xtec.cat\/insmacanet\/wp-json\/wp\/v2\/pages\/14031\/revisions\/15362"}],"wp:attachment":[{"href":"https:\/\/agora.xtec.cat\/insmacanet\/wp-json\/wp\/v2\/media?parent=14031"}],"curies":[{"name":"wp","href":"https:\/\/api.w.org\/{rel}","templated":true}]}}