{"id":11474,"date":"2021-05-07T10:07:22","date_gmt":"2021-05-07T08:07:22","guid":{"rendered":"http:\/\/agora.xtec.cat\/insmacanet\/?page_id=11474"},"modified":"2021-05-07T10:07:22","modified_gmt":"2021-05-07T08:07:22","slug":"pla-tac","status":"publish","type":"page","link":"https:\/\/agora.xtec.cat\/insmacanet\/pla-tac\/","title":{"rendered":"PLA TAC"},"content":{"rendered":"<p><strong>Qu\u00e8 \u00e9s el pla TAC?<\/strong><\/p>\n<p>\u00c9s un document de car\u00e0cter pedag\u00f2gic elaborat per la comunitat educativa que estableix les prioritats d&#8217;\u00fas dels equipaments digitals del centre.<\/p>\n<p><a href=\"https:\/\/drive.google.com\/file\/d\/1Tb2nqtp2NptZRtnSJ7oxe9IeTPi5g52Q\/view?usp=sharing\">Pla TAC Institut Ma\u00e7anet<\/a><\/p>\n","protected":false},"excerpt":{"rendered":"<p>Qu\u00e8 \u00e9s el pla TAC?<br \/>\n\u00c9s un document de car\u00e0cter pedag\u00f2gic elaborat per la comunitat educativa que estableix les prioritats d&#8217;\u00fas dels equipaments digitals del centre.<br \/>\n<a href=\"https:\/\/drive.google.com\/file\/d\/1Tb2nqtp2NptZRtnSJ7oxe9IeTPi5g52Q\/view?usp=sharing\">Pla TAC Institut Ma\u00e7anet<\/a><\/p>\n","protected":false},"author":1,"featured_media":0,"parent":0,"menu_order":0,"comment_status":"closed","ping_status":"closed","template":"","meta":{"_bbp_topic_count":0,"_bbp_reply_count":0,"_bbp_total_topic_count":0,"_bbp_total_reply_count":0,"_bbp_voice_count":0,"_bbp_anonymous_reply_count":0,"_bbp_topic_count_hidden":0,"_bbp_reply_count_hidden":0,"_bbp_forum_subforum_count":0,"footnotes":""},"class_list":["post-11474","page","type-page","status-publish","hentry"],"post_mailing_queue_ids":[],"_links":{"self":[{"href":"https:\/\/agora.xtec.cat\/insmacanet\/wp-json\/wp\/v2\/pages\/11474","targetHints":{"allow":["GET"]}}],"collection":[{"href":"https:\/\/agora.xtec.cat\/insmacanet\/wp-json\/wp\/v2\/pages"}],"about":[{"href":"https:\/\/agora.xtec.cat\/insmacanet\/wp-json\/wp\/v2\/types\/page"}],"author":[{"embeddable":true,"href":"https:\/\/agora.xtec.cat\/insmacanet\/wp-json\/wp\/v2\/users\/1"}],"replies":[{"embeddable":true,"href":"https:\/\/agora.xtec.cat\/insmacanet\/wp-json\/wp\/v2\/comments?post=11474"}],"version-history":[{"count":1,"href":"https:\/\/agora.xtec.cat\/insmacanet\/wp-json\/wp\/v2\/pages\/11474\/revisions"}],"predecessor-version":[{"id":11479,"href":"https:\/\/agora.xtec.cat\/insmacanet\/wp-json\/wp\/v2\/pages\/11474\/revisions\/11479"}],"wp:attachment":[{"href":"https:\/\/agora.xtec.cat\/insmacanet\/wp-json\/wp\/v2\/media?parent=11474"}],"curies":[{"name":"wp","href":"https:\/\/api.w.org\/{rel}","templated":true}]}}