{"id":10625,"date":"2020-05-20T01:19:20","date_gmt":"2020-05-19T23:19:20","guid":{"rendered":"http:\/\/agora.xtec.cat\/insmacanet\/?page_id=10625"},"modified":"2020-05-22T17:40:47","modified_gmt":"2020-05-22T15:40:47","slug":"batxillerat","status":"publish","type":"page","link":"https:\/\/agora.xtec.cat\/insmacanet\/batxillerat\/","title":{"rendered":"Batxillerat"},"content":{"rendered":"<p><a href=\"http:\/\/queestudiar.gencat.cat\/ca\/preinscripcio\/estudis\/batxillerat\/calendari\/\">Calendari<\/a>\u00a0de <a href=\"http:\/\/queestudiar.gencat.cat\/ca\/preinscripcio\/estudis\/batxillerat\/\">Preinscripci\u00f3<\/a>\u00a0al <a href=\"http:\/\/queestudiar.gencat.cat\/ca\/estudis\/batxillerat\/\"><strong>BATXILLERAT<\/strong><\/a>: del 27 de maig al 3 de juny.<\/p>\n<p>Com a prevenci\u00f3 davant el coronavirus, es promou la <strong>preinscripci\u00f3 telem\u00e0tica<\/strong>, i el tr\u00e0mit es podr\u00e0 fer tot online. S\u2019elimina la necessitat de presentar la sol\u00b7licitud i la documentaci\u00f3 en paper al centre, i queda substitu\u00efda per utilitzar el formulari telem\u00e0tic i enviar la documentaci\u00f3 necess\u00e0ria -escanejada o fotografiada- mitjan\u00e7ant un correu a la b\u00fastia electr\u00f2nica oficial del centre demanat en primera opci\u00f3.<\/p>\n<p>Per\u00edode de Matriculaci\u00f3: del 8 al 14 de juliol.<\/p>\n<p><a href=\"http:\/\/queestudiar.gencat.cat\/ca\/estudis\/batxillerat\/\" target=\"_blank\" rel=\"noopener noreferrer\">Informaci\u00f3 general sobre els estudis de Batxillerat<\/a><\/p>\n<p><a href=\"https:\/\/agora.xtec.cat\/ies-vidreres\/secretaria\/preinscripcions-2020-2021\/batxillerat\/\" target=\"_blank\" rel=\"noopener noreferrer\">Informaci\u00f3 sobre els estudis de Batxillerat a l&#8217;institut de Vidreres<\/a>, que\u00a0 ha preparat una JORNADA DE PORTES OBERTES (JPO) VIRTUAL per informar de les modalitats de BATXILLERAT que ofereix, aix\u00ed com els itineraris formatius posteriors. Per tant, si vols saber com s&#8217;organitza, pots consultar els documents adjunts:<\/p>\n<ul>\n<li><a href=\"https:\/\/drive.google.com\/open?id=1kRtDnCx6jFhi74mx-uZEam9RZq26GXMH\" target=\"_blank\" rel=\"noopener noreferrer\">Jornada portes obertes Batxillerat INS Vidreres<\/a>.<\/li>\n<li><a href=\"https:\/\/drive.google.com\/file\/d\/1_JBgUT_TL7dJa98-g_MrjxUaWIjZErc9\/view?usp=sharing\" target=\"_blank\" rel=\"noopener noreferrer\">Dossier informatiu Batxillerat INS Vidreres<\/a>.<\/li>\n<\/ul>\n","protected":false},"excerpt":{"rendered":"<p><a href=\"http:\/\/queestudiar.gencat.cat\/ca\/preinscripcio\/estudis\/batxillerat\/calendari\/\">Calendari<\/a>\u00a0de <a href=\"http:\/\/queestudiar.gencat.cat\/ca\/preinscripcio\/estudis\/batxillerat\/\">Preinscripci\u00f3<\/a>\u00a0al <a href=\"http:\/\/queestudiar.gencat.cat\/ca\/estudis\/batxillerat\/\">BATXILLERAT<\/a>: del 27 de maig al 3 de juny.<br \/>\nCom a prevenci\u00f3 davant el coronavirus, es promou la preinscripci\u00f3 telem\u00e0tica, i el tr\u00e0mit es podr\u00e0 fer tot online. S\u2019elimina la necessitat de presentar la sol\u00b7licitud i la documentaci\u00f3 en paper al&hellip;  <a href=\"https:\/\/agora.xtec.cat\/insmacanet\/batxillerat\/\" title=\"Read Batxillerat\">Llegeix m\u00e9s\u00bb<\/a><\/p>\n","protected":false},"author":1,"featured_media":0,"parent":0,"menu_order":0,"comment_status":"closed","ping_status":"closed","template":"","meta":{"_bbp_topic_count":0,"_bbp_reply_count":0,"_bbp_total_topic_count":0,"_bbp_total_reply_count":0,"_bbp_voice_count":0,"_bbp_anonymous_reply_count":0,"_bbp_topic_count_hidden":0,"_bbp_reply_count_hidden":0,"_bbp_forum_subforum_count":0,"footnotes":""},"class_list":["post-10625","page","type-page","status-publish","hentry"],"post_mailing_queue_ids":[],"_links":{"self":[{"href":"https:\/\/agora.xtec.cat\/insmacanet\/wp-json\/wp\/v2\/pages\/10625","targetHints":{"allow":["GET"]}}],"collection":[{"href":"https:\/\/agora.xtec.cat\/insmacanet\/wp-json\/wp\/v2\/pages"}],"about":[{"href":"https:\/\/agora.xtec.cat\/insmacanet\/wp-json\/wp\/v2\/types\/page"}],"author":[{"embeddable":true,"href":"https:\/\/agora.xtec.cat\/insmacanet\/wp-json\/wp\/v2\/users\/1"}],"replies":[{"embeddable":true,"href":"https:\/\/agora.xtec.cat\/insmacanet\/wp-json\/wp\/v2\/comments?post=10625"}],"version-history":[{"count":3,"href":"https:\/\/agora.xtec.cat\/insmacanet\/wp-json\/wp\/v2\/pages\/10625\/revisions"}],"predecessor-version":[{"id":10659,"href":"https:\/\/agora.xtec.cat\/insmacanet\/wp-json\/wp\/v2\/pages\/10625\/revisions\/10659"}],"wp:attachment":[{"href":"https:\/\/agora.xtec.cat\/insmacanet\/wp-json\/wp\/v2\/media?parent=10625"}],"curies":[{"name":"wp","href":"https:\/\/api.w.org\/{rel}","templated":true}]}}