{"id":3027,"date":"2023-06-09T12:52:03","date_gmt":"2023-06-09T10:52:03","guid":{"rendered":"https:\/\/agora.xtec.cat\/inslopladurgell-bellpuig\/?page_id=3027"},"modified":"2025-04-09T11:26:58","modified_gmt":"2025-04-09T09:26:58","slug":"gep-generacio-plurilingue-2022-25","status":"publish","type":"page","link":"https:\/\/agora.xtec.cat\/inslopladurgell-bellpuig\/projecte-educatiu\/gep-generacio-plurilingue-2022-25\/","title":{"rendered":"GEP (Generaci\u00f3 Pluriling\u00fce) 2022\/25"},"content":{"rendered":"<p>Aquest curs el nostre centre ha comen\u00e7at la seva participaci\u00f3 en el Programa GEneraci\u00f3 Pluriling\u00fce (GEP).<br \/>\nEl programa es dur\u00e0 a terme des del curs actual, 2022\/23, fins al 2024\/25 i vol incidir en l\u2019aprenentatge de les lleng\u00fces estrangeres, en especial de l\u2019angl\u00e8s, a trav\u00e9s d\u2019altres mat\u00e8ries.<br \/>\nSi en voleu saber m\u00e9s sobre el programa, podeu trobar m\u00e9s informaci\u00f3 en els seg\u00fcents enlla\u00e7os:<\/p>\n<p><a href=\"https:\/\/projectes.xtec.cat\/gep\/el-projecte\/\">https:\/\/projectes.xtec.cat\/gep\/el-projecte\/<\/a><br \/>\n<a href=\"http:\/\/xtec.gencat.cat\/ca\/projectes\/plurilinguisme\/programes\/institucionals\/gep\/\">http:\/\/xtec.gencat.cat\/ca\/projectes\/plurilinguisme\/programes\/institucionals\/gep\/<\/a><\/p>\n<p>La nostra p\u00e0gina web: <a href=\"https:\/\/agora.xtec.cat\/inslopladurgell-bellpuig\/categoria\/programes\/multilin\/\">multiling\u00fcisme<\/a><\/p>\n","protected":false},"excerpt":{"rendered":"<p>Aquest curs el nostre centre ha comen\u00e7at la seva participaci\u00f3 en el Programa GEneraci\u00f3 Pluriling\u00fce (GEP).<br \/>\nEl programa es dur\u00e0 a terme des del curs actual, 2022\/23, fins al 2024\/25 i vol incidir en l\u2019aprenentatge de les lleng\u00fces estrangeres, en especial de l\u2019angl\u00e8s, a trav\u00e9s d\u2019altres&hellip;  <a href=\"https:\/\/agora.xtec.cat\/inslopladurgell-bellpuig\/projecte-educatiu\/gep-generacio-plurilingue-2022-25\/\" title=\"Read GEP (Generaci\u00f3 Pluriling\u00fce) 2022\/25\">Llegeix m\u00e9s\u00bb<\/a><\/p>\n","protected":false},"author":8,"featured_media":0,"parent":57,"menu_order":1,"comment_status":"closed","ping_status":"closed","template":"","meta":{"_bbp_topic_count":0,"_bbp_reply_count":0,"_bbp_total_topic_count":0,"_bbp_total_reply_count":0,"_bbp_voice_count":0,"_bbp_anonymous_reply_count":0,"_bbp_topic_count_hidden":0,"_bbp_reply_count_hidden":0,"_bbp_forum_subforum_count":0,"footnotes":""},"class_list":["post-3027","page","type-page","status-publish","hentry"],"post_mailing_queue_ids":[],"_links":{"self":[{"href":"https:\/\/agora.xtec.cat\/inslopladurgell-bellpuig\/wp-json\/wp\/v2\/pages\/3027","targetHints":{"allow":["GET"]}}],"collection":[{"href":"https:\/\/agora.xtec.cat\/inslopladurgell-bellpuig\/wp-json\/wp\/v2\/pages"}],"about":[{"href":"https:\/\/agora.xtec.cat\/inslopladurgell-bellpuig\/wp-json\/wp\/v2\/types\/page"}],"author":[{"embeddable":true,"href":"https:\/\/agora.xtec.cat\/inslopladurgell-bellpuig\/wp-json\/wp\/v2\/users\/8"}],"replies":[{"embeddable":true,"href":"https:\/\/agora.xtec.cat\/inslopladurgell-bellpuig\/wp-json\/wp\/v2\/comments?post=3027"}],"version-history":[{"count":3,"href":"https:\/\/agora.xtec.cat\/inslopladurgell-bellpuig\/wp-json\/wp\/v2\/pages\/3027\/revisions"}],"predecessor-version":[{"id":3046,"href":"https:\/\/agora.xtec.cat\/inslopladurgell-bellpuig\/wp-json\/wp\/v2\/pages\/3027\/revisions\/3046"}],"up":[{"embeddable":true,"href":"https:\/\/agora.xtec.cat\/inslopladurgell-bellpuig\/wp-json\/wp\/v2\/pages\/57"}],"wp:attachment":[{"href":"https:\/\/agora.xtec.cat\/inslopladurgell-bellpuig\/wp-json\/wp\/v2\/media?parent=3027"}],"curies":[{"name":"wp","href":"https:\/\/api.w.org\/{rel}","templated":true}]}}

GEP (Generació Plurilingüe) 2022/25

<p>Aquest curs el nostre centre ha començat la seva participació en el Programa GEneració Plurilingüe (GEP).<br />
El programa es durà a terme des del curs actual, 2022/23, fins al 2024/25 i vol incidir en l’aprenentatge de les llengües estrangeres, en especial de l’anglès, a través d’altres matèries.<br />
Si en voleu saber més sobre el programa, podeu trobar més informació en els següents enllaços:</p>
<p><a href="https://projectes.xtec.cat/gep/el-projecte/">https://projectes.xtec.cat/gep/el-projecte/</a><br />
<a href="http://xtec.gencat.cat/ca/projectes/plurilinguisme/programes/institucionals/gep/">http://xtec.gencat.cat/ca/projectes/plurilinguisme/programes/institucionals/gep/</a></p>
<p>La nostra pàgina web: <a href="https://agora.xtec.cat/inslopladurgell-bellpuig/categoria/programes/multilin/">multilingüisme</a></p>

<p>Aquest curs el nostre centre ha començat la seva participació en el Programa GEneració Plurilingüe (GEP).<br />
El programa es durà a terme des del curs actual, 2022/23, fins al 2024/25 i vol incidir en l’aprenentatge de les llengües estrangeres, en especial de l’anglès, a través d’altres&hellip;  <a href="https://agora.xtec.cat/inslopladurgell-bellpuig/projecte-educatiu/gep-generacio-plurilingue-2022-25/" title="Read GEP (Generació Plurilingüe) 2022/25">Llegeix més»</a></p>
