{"id":4144,"date":"2016-07-04T09:44:18","date_gmt":"2016-07-04T07:44:18","guid":{"rendered":"http:\/\/agora.xtec.cat\/insllicamunt2\/?page_id=4144"},"modified":"2016-07-05T09:18:25","modified_gmt":"2016-07-05T07:18:25","slug":"com-funciona-la-revista-digital","status":"publish","type":"page","link":"https:\/\/agora.xtec.cat\/insllicamunt2\/com-funciona-el-nostre-entorn-virtual\/com-funciona-la-revista-digital\/","title":{"rendered":"Com funciona la Revista digital?"},"content":{"rendered":"<p>&nbsp;<\/p>\n<p style=\"text-align: center;\"><img loading=\"lazy\" decoding=\"async\" class=\"aligncenter size-full wp-image-4133\" src=\"http:\/\/agora.xtec.cat\/insllicamunt2\/wp-content\/uploads\/usu1100\/2016\/05\/elfardhipatia-e1462459426365.jpg\" alt=\"Web\" width=\"221\" height=\"221\" \/><\/p>\n<p>&nbsp;<\/p>\n<p style=\"text-align: justify;\">La Revista digital El Far d&#8217;Hip\u00e0tia \u00e9s l&#8217;espai virtual de difusi\u00f3 de tota l&#8217;activitat educativa del centre. Tant professors com alumnes hi publiquen les not\u00edcies m\u00e9s destacades agrupades en nombroses categories.<\/p>\n<p style=\"text-align: justify;\">Per a accedir al Far d&#8217;Hip\u00e0tia, nom\u00e9s cal fer clic a sobre de la icona que apareix a la barra dreta del portal web de l&#8217;institut:<\/p>\n<p>&nbsp;<\/p>\n<p style=\"text-align: center;\"><a href=\"http:\/\/agora.xtec.cat\/insllicamunt2\/wp-content\/uploads\/usu1100\/2016\/07\/web2revista.jpg\" rel=\"attachment wp-att-4180\"><img loading=\"lazy\" decoding=\"async\" class=\"aligncenter size-full wp-image-4180\" src=\"http:\/\/agora.xtec.cat\/insllicamunt2\/wp-content\/uploads\/usu1100\/2016\/07\/web2revista.jpg\" alt=\"web2revista\" width=\"600\" height=\"353\" srcset=\"https:\/\/agora.xtec.cat\/insllicamunt2\/wp-content\/uploads\/usu1100\/2016\/07\/web2revista.jpg 600w, https:\/\/agora.xtec.cat\/insllicamunt2\/wp-content\/uploads\/usu1100\/2016\/07\/web2revista-300x177.jpg 300w\" sizes=\"auto, (max-width: 600px) 100vw, 600px\" \/><\/a><\/p>\n<p>&nbsp;<\/p>\n<p style=\"text-align: justify;\">Immediatament s&#8217;obrir\u00e0 la p\u00e0gina de portada de la revista, on hi apareixen en ordre cronol\u00f2gic totes les not\u00edcies i tots els articles publicats. Amb la roda del ratol\u00ed ens podem despla\u00e7ar c\u00f2modament per visualitzar les not\u00edcies anteriors i, al final de la p\u00e0gina, accedir a not\u00edcies m\u00e9s antigues mitjan\u00e7ant el canvi a altres p\u00e0gines. La revista cont\u00e9 descripci\u00f3 d&#8217;activitats realitzades, v\u00eddeos i fotografies des de la creaci\u00f3 de l&#8217;institut Hip\u00e0tia d&#8217;Alexandria, al setembre del 2011.<\/p>\n<p>&nbsp;<\/p>\n<p style=\"text-align: center;\"><a href=\"http:\/\/agora.xtec.cat\/insllicamunt2\/wp-content\/uploads\/usu1100\/2016\/07\/El-Far.jpg\" rel=\"attachment wp-att-4191\"><img loading=\"lazy\" decoding=\"async\" class=\"aligncenter size-full wp-image-4191\" src=\"http:\/\/agora.xtec.cat\/insllicamunt2\/wp-content\/uploads\/usu1100\/2016\/07\/El-Far.jpg\" alt=\"El Far\" width=\"600\" height=\"503\" srcset=\"https:\/\/agora.xtec.cat\/insllicamunt2\/wp-content\/uploads\/usu1100\/2016\/07\/El-Far.jpg 600w, https:\/\/agora.xtec.cat\/insllicamunt2\/wp-content\/uploads\/usu1100\/2016\/07\/El-Far-300x252.jpg 300w\" sizes=\"auto, (max-width: 600px) 100vw, 600px\" \/><\/a><\/p>\n<p>&nbsp;<\/p>\n<p style=\"text-align: justify;\">Les not\u00edcies es poden llegir fent clic a sobre del t\u00edtol de cada article o clicant &#8220;Llegeix m\u00e9s&#8221;, al final del text d&#8217;encap\u00e7alament de la not\u00edcia. Es poden escriure lliurament comentaris, que seran validats i publicats sempre que el seu contingut sigui d&#8217;acord amb el codi \u00e8tic de la revista.<\/p>\n<p style=\"text-align: justify;\">Les not\u00edcies es troben classificades en categories i, per tant, es pot accedir a les not\u00edcies de cadascuna d&#8217;aquestes categories clicant la que sigui d&#8217;inter\u00e8s a la barra lateral esquerra de la revista. Aix\u00ed, si cliquem a sobre de la categoria &#8220;Biologia i Geologia&#8221; o a sobre de la categoria &#8220;1r d&#8217;ESO&#8221;, accedirem a totes les not\u00edcies vinculades a la mat\u00e8ria de Biologia i Geologia o al curs 1r d&#8217;ESO, respectivament. Com que una mateixa not\u00edcia pot haver estat vinculada a diverses categories, podem trobar-la repetida a ambd\u00f3s o m\u00e9s espais.<\/p>\n<p style=\"text-align: justify;\">Tamb\u00e9 podem accedir a les not\u00edcies des de la barra lateral esquerra a trav\u00e9s del n\u00favol de paraules clau, on destaquen per la mida de la lletra les paraules clau m\u00e9s utilitzades a la revista, o a trav\u00e9s de l&#8217;\u00edndex Arxius, que classifica les not\u00edcies per mesos i anys.<\/p>\n<p style=\"text-align: justify;\">Finalment, \u00e9s possible cercar not\u00edcies per paraules clau a trav\u00e9s del motor de cerca que es troba a l&#8217;extrem superior dret de la revista, a l&#8217;encap\u00e7alament de la p\u00e0gina.<\/p>\n<p style=\"text-align: justify;\">Qualsevol membre de la comunitat educativa de l\u2019Institut Hip\u00e0tia d\u2019Alexandria pot contribuir en la publicaci\u00f3 d\u2019articles d\u2019inter\u00e8s general. Tot i que els continguts dels articles s\u00f3n responsabilitat exclusiva del signant, aquests articles s\u00f3n sotmesos a la moderaci\u00f3 del coordinador TAC sota l\u2019autoritzaci\u00f3 de la Direcci\u00f3 del centre.<\/p>\n<p style=\"text-align: center;\">EN CONSTRUCCI\u00d3<\/p>\n","protected":false},"excerpt":{"rendered":"<p>&nbsp;<\/p>\n<p>&nbsp;<br \/>\nLa Revista digital El Far d&#8217;Hip\u00e0tia \u00e9s l&#8217;espai virtual de difusi\u00f3 de tota l&#8217;activitat educativa del centre. Tant professors com alumnes hi publiquen les not\u00edcies m\u00e9s destacades agrupades en nombroses categories.<br \/>\nPer a accedir al Far d&#8217;Hip\u00e0tia, nom\u00e9s cal fer clic a sobre de la icona&hellip;  <a href=\"https:\/\/agora.xtec.cat\/insllicamunt2\/com-funciona-el-nostre-entorn-virtual\/com-funciona-la-revista-digital\/\" title=\"Read Com funciona la Revista digital?\">Llegeix m\u00e9s\u00bb<\/a><\/p>\n","protected":false},"author":1,"featured_media":0,"parent":4130,"menu_order":4,"comment_status":"closed","ping_status":"closed","template":"page-templates\/side-menu.php","meta":{"_bbp_topic_count":0,"_bbp_reply_count":0,"_bbp_total_topic_count":0,"_bbp_total_reply_count":0,"_bbp_voice_count":0,"_bbp_anonymous_reply_count":0,"_bbp_topic_count_hidden":0,"_bbp_reply_count_hidden":0,"_bbp_forum_subforum_count":0,"footnotes":""},"class_list":["post-4144","page","type-page","status-publish","hentry"],"post_mailing_queue_ids":[],"_links":{"self":[{"href":"https:\/\/agora.xtec.cat\/insllicamunt2\/wp-json\/wp\/v2\/pages\/4144","targetHints":{"allow":["GET"]}}],"collection":[{"href":"https:\/\/agora.xtec.cat\/insllicamunt2\/wp-json\/wp\/v2\/pages"}],"about":[{"href":"https:\/\/agora.xtec.cat\/insllicamunt2\/wp-json\/wp\/v2\/types\/page"}],"author":[{"embeddable":true,"href":"https:\/\/agora.xtec.cat\/insllicamunt2\/wp-json\/wp\/v2\/users\/1"}],"replies":[{"embeddable":true,"href":"https:\/\/agora.xtec.cat\/insllicamunt2\/wp-json\/wp\/v2\/comments?post=4144"}],"version-history":[{"count":3,"href":"https:\/\/agora.xtec.cat\/insllicamunt2\/wp-json\/wp\/v2\/pages\/4144\/revisions"}],"predecessor-version":[{"id":4192,"href":"https:\/\/agora.xtec.cat\/insllicamunt2\/wp-json\/wp\/v2\/pages\/4144\/revisions\/4192"}],"up":[{"embeddable":true,"href":"https:\/\/agora.xtec.cat\/insllicamunt2\/wp-json\/wp\/v2\/pages\/4130"}],"wp:attachment":[{"href":"https:\/\/agora.xtec.cat\/insllicamunt2\/wp-json\/wp\/v2\/media?parent=4144"}],"curies":[{"name":"wp","href":"https:\/\/api.w.org\/{rel}","templated":true}]}}

<p>&nbsp;</p>
<p style="text-align: center;"><img loading="lazy" decoding="async" class="aligncenter size-full wp-image-4133" src="http://agora.xtec.cat/insllicamunt2/wp-content/uploads/usu1100/2016/05/elfardhipatia-e1462459426365.jpg" alt="Web" width="221" height="221" /></p>
<p>&nbsp;</p>
<p style="text-align: justify;">La Revista digital El Far d&#8217;Hipàtia és l&#8217;espai virtual de difusió de tota l&#8217;activitat educativa del centre. Tant professors com alumnes hi publiquen les notícies més destacades agrupades en nombroses categories.</p>
<p style="text-align: justify;">Per a accedir al Far d&#8217;Hipàtia, només cal fer clic a sobre de la icona que apareix a la barra dreta del portal web de l&#8217;institut:</p>
<p>&nbsp;</p>
<p style="text-align: center;"><a href="http://agora.xtec.cat/insllicamunt2/wp-content/uploads/usu1100/2016/07/web2revista.jpg" rel="attachment wp-att-4180"><img loading="lazy" decoding="async" class="aligncenter size-full wp-image-4180" src="http://agora.xtec.cat/insllicamunt2/wp-content/uploads/usu1100/2016/07/web2revista.jpg" alt="web2revista" width="600" height="353" srcset="https://agora.xtec.cat/insllicamunt2/wp-content/uploads/usu1100/2016/07/web2revista.jpg 600w, https://agora.xtec.cat/insllicamunt2/wp-content/uploads/usu1100/2016/07/web2revista-300x177.jpg 300w" sizes="auto, (max-width: 600px) 100vw, 600px" /></a></p>
<p>&nbsp;</p>
<p style="text-align: justify;">Immediatament s&#8217;obrirà la pàgina de portada de la revista, on hi apareixen en ordre cronològic totes les notícies i tots els articles publicats. Amb la roda del ratolí ens podem desplaçar còmodament per visualitzar les notícies anteriors i, al final de la pàgina, accedir a notícies més antigues mitjançant el canvi a altres pàgines. La revista conté descripció d&#8217;activitats realitzades, vídeos i fotografies des de la creació de l&#8217;institut Hipàtia d&#8217;Alexandria, al setembre del 2011.</p>
<p>&nbsp;</p>
<p style="text-align: center;"><a href="http://agora.xtec.cat/insllicamunt2/wp-content/uploads/usu1100/2016/07/El-Far.jpg" rel="attachment wp-att-4191"><img loading="lazy" decoding="async" class="aligncenter size-full wp-image-4191" src="http://agora.xtec.cat/insllicamunt2/wp-content/uploads/usu1100/2016/07/El-Far.jpg" alt="El Far" width="600" height="503" srcset="https://agora.xtec.cat/insllicamunt2/wp-content/uploads/usu1100/2016/07/El-Far.jpg 600w, https://agora.xtec.cat/insllicamunt2/wp-content/uploads/usu1100/2016/07/El-Far-300x252.jpg 300w" sizes="auto, (max-width: 600px) 100vw, 600px" /></a></p>
<p>&nbsp;</p>
<p style="text-align: justify;">Les notícies es poden llegir fent clic a sobre del títol de cada article o clicant &#8220;Llegeix més&#8221;, al final del text d&#8217;encapçalament de la notícia. Es poden escriure lliurament comentaris, que seran validats i publicats sempre que el seu contingut sigui d&#8217;acord amb el codi ètic de la revista.</p>
<p style="text-align: justify;">Les notícies es troben classificades en categories i, per tant, es pot accedir a les notícies de cadascuna d&#8217;aquestes categories clicant la que sigui d&#8217;interès a la barra lateral esquerra de la revista. Així, si cliquem a sobre de la categoria &#8220;Biologia i Geologia&#8221; o a sobre de la categoria &#8220;1r d&#8217;ESO&#8221;, accedirem a totes les notícies vinculades a la matèria de Biologia i Geologia o al curs 1r d&#8217;ESO, respectivament. Com que una mateixa notícia pot haver estat vinculada a diverses categories, podem trobar-la repetida a ambdós o més espais.</p>
<p style="text-align: justify;">També podem accedir a les notícies des de la barra lateral esquerra a través del núvol de paraules clau, on destaquen per la mida de la lletra les paraules clau més utilitzades a la revista, o a través de l&#8217;índex Arxius, que classifica les notícies per mesos i anys.</p>
<p style="text-align: justify;">Finalment, és possible cercar notícies per paraules clau a través del motor de cerca que es troba a l&#8217;extrem superior dret de la revista, a l&#8217;encapçalament de la pàgina.</p>
<p style="text-align: justify;">Qualsevol membre de la comunitat educativa de l’Institut Hipàtia d’Alexandria pot contribuir en la publicació d’articles d’interès general. Tot i que els continguts dels articles són responsabilitat exclusiva del signant, aquests articles són sotmesos a la moderació del coordinador TAC sota l’autorització de la Direcció del centre.</p>
<p style="text-align: center;">EN CONSTRUCCIÓ</p>

<p>&nbsp;</p>
<p>&nbsp;<br />
La Revista digital El Far d&#8217;Hipàtia és l&#8217;espai virtual de difusió de tota l&#8217;activitat educativa del centre. Tant professors com alumnes hi publiquen les notícies més destacades agrupades en nombroses categories.<br />
Per a accedir al Far d&#8217;Hipàtia, només cal fer clic a sobre de la icona&hellip;  <a href="https://agora.xtec.cat/insllicamunt2/com-funciona-el-nostre-entorn-virtual/com-funciona-la-revista-digital/" title="Read Com funciona la Revista digital?">Llegeix més»</a></p>
