{"id":4142,"date":"2016-07-04T09:43:30","date_gmt":"2016-07-04T07:43:30","guid":{"rendered":"http:\/\/agora.xtec.cat\/insllicamunt2\/?page_id=4142"},"modified":"2016-07-05T13:19:42","modified_gmt":"2016-07-05T11:19:42","slug":"com-funciona-el-google-apps","status":"publish","type":"page","link":"https:\/\/agora.xtec.cat\/insllicamunt2\/com-funciona-el-nostre-entorn-virtual\/com-funciona-el-google-apps\/","title":{"rendered":"Com funciona el Google Apps?"},"content":{"rendered":"<p>&nbsp;<\/p>\n<p style=\"text-align: center;\"><img loading=\"lazy\" decoding=\"async\" class=\"aligncenter size-full wp-image-4133\" src=\"http:\/\/agora.xtec.cat\/insllicamunt2\/wp-content\/uploads\/usu1100\/2016\/05\/googleapps.jpeg\" alt=\"Web\" width=\"221\" height=\"221\" \/><\/p>\n<p>&nbsp;<\/p>\n<p style=\"text-align: justify;\">Google Apps (Google Apps for Education) \u00e9s l\u2019espai de treball en xarxa de l\u2019institut. Cada alumne disposa d\u2019un correu electr\u00f2nic amb domini <em>inshipatia.cat<\/em> i d\u2019un espai al n\u00favol per treballar individualment i de forma col\u00b7laborativa per realitzar les seves activitats d\u2019aula, els treballs de les diferents mat\u00e8ries i els projectes.<\/p>\n<p style=\"text-align: justify;\">Per a accedir al Google Apps, nom\u00e9s cal fer clic a sobre de la icona que apareix a la barra dreta del portal web de l&#8217;institut:<\/p>\n<p>&nbsp;<\/p>\n<p><a href=\"http:\/\/agora.xtec.cat\/insllicamunt2\/wp-content\/uploads\/usu1100\/2016\/07\/web2Apps.jpg\" rel=\"attachment wp-att-4172\"><img loading=\"lazy\" decoding=\"async\" class=\"aligncenter size-full wp-image-4172\" src=\"http:\/\/agora.xtec.cat\/insllicamunt2\/wp-content\/uploads\/usu1100\/2016\/07\/web2Apps.jpg\" alt=\"web2Apps\" width=\"600\" height=\"353\" srcset=\"https:\/\/agora.xtec.cat\/insllicamunt2\/wp-content\/uploads\/usu1100\/2016\/07\/web2Apps.jpg 600w, https:\/\/agora.xtec.cat\/insllicamunt2\/wp-content\/uploads\/usu1100\/2016\/07\/web2Apps-300x177.jpg 300w\" sizes=\"auto, (max-width: 600px) 100vw, 600px\" \/><\/a><br \/>\n&nbsp;<\/p>\n<p style=\"text-align: justify;\">Immediatament s&#8217;obrir\u00e0 la p\u00e0gina d&#8217;inici de sessi\u00f3 del Google Apps. Caldr\u00e0 escriure l&#8217;adre\u00e7a electr\u00f2nica amb domini @inshipatia.cat i la Contrasenya. Despr\u00e9s de clicar el bot\u00f3 &#8220;Inicia la sessi\u00f3&#8221;, haureu entrat a l&#8217;espai de Google Apps.<\/p>\n<p style=\"text-align: justify;\">En cas d&#8217;oblidar la contrasenya, \u00e9s necessari que us poseu en contacte amb el coordinador TAC per tal que us en generi una de nova.<\/p>\n<p style=\"text-align: center;\">EN CONSTRUCCI\u00d3<\/p>\n","protected":false},"excerpt":{"rendered":"<p>&nbsp;<\/p>\n<p>&nbsp;<br \/>\nGoogle Apps (Google Apps for Education) \u00e9s l\u2019espai de treball en xarxa de l\u2019institut. Cada alumne disposa d\u2019un correu electr\u00f2nic amb domini inshipatia.cat i d\u2019un espai al n\u00favol per treballar individualment i de forma col\u00b7laborativa per realitzar les seves activitats d\u2019aula, els treballs de les&hellip;  <a href=\"https:\/\/agora.xtec.cat\/insllicamunt2\/com-funciona-el-nostre-entorn-virtual\/com-funciona-el-google-apps\/\" title=\"Read Com funciona el Google Apps?\">Llegeix m\u00e9s\u00bb<\/a><\/p>\n","protected":false},"author":1,"featured_media":0,"parent":4130,"menu_order":3,"comment_status":"closed","ping_status":"closed","template":"page-templates\/side-menu.php","meta":{"_bbp_topic_count":0,"_bbp_reply_count":0,"_bbp_total_topic_count":0,"_bbp_total_reply_count":0,"_bbp_voice_count":0,"_bbp_anonymous_reply_count":0,"_bbp_topic_count_hidden":0,"_bbp_reply_count_hidden":0,"_bbp_forum_subforum_count":0,"footnotes":""},"class_list":["post-4142","page","type-page","status-publish","hentry"],"post_mailing_queue_ids":[],"_links":{"self":[{"href":"https:\/\/agora.xtec.cat\/insllicamunt2\/wp-json\/wp\/v2\/pages\/4142","targetHints":{"allow":["GET"]}}],"collection":[{"href":"https:\/\/agora.xtec.cat\/insllicamunt2\/wp-json\/wp\/v2\/pages"}],"about":[{"href":"https:\/\/agora.xtec.cat\/insllicamunt2\/wp-json\/wp\/v2\/types\/page"}],"author":[{"embeddable":true,"href":"https:\/\/agora.xtec.cat\/insllicamunt2\/wp-json\/wp\/v2\/users\/1"}],"replies":[{"embeddable":true,"href":"https:\/\/agora.xtec.cat\/insllicamunt2\/wp-json\/wp\/v2\/comments?post=4142"}],"version-history":[{"count":3,"href":"https:\/\/agora.xtec.cat\/insllicamunt2\/wp-json\/wp\/v2\/pages\/4142\/revisions"}],"predecessor-version":[{"id":4210,"href":"https:\/\/agora.xtec.cat\/insllicamunt2\/wp-json\/wp\/v2\/pages\/4142\/revisions\/4210"}],"up":[{"embeddable":true,"href":"https:\/\/agora.xtec.cat\/insllicamunt2\/wp-json\/wp\/v2\/pages\/4130"}],"wp:attachment":[{"href":"https:\/\/agora.xtec.cat\/insllicamunt2\/wp-json\/wp\/v2\/media?parent=4142"}],"curies":[{"name":"wp","href":"https:\/\/api.w.org\/{rel}","templated":true}]}}