{"id":4140,"date":"2016-07-04T09:43:04","date_gmt":"2016-07-04T07:43:04","guid":{"rendered":"http:\/\/agora.xtec.cat\/insllicamunt2\/?page_id=4140"},"modified":"2016-07-05T08:53:24","modified_gmt":"2016-07-05T06:53:24","slug":"com-funciona-el-moodle","status":"publish","type":"page","link":"https:\/\/agora.xtec.cat\/insllicamunt2\/com-funciona-el-nostre-entorn-virtual\/com-funciona-el-moodle\/","title":{"rendered":"Com funciona el Moodle?"},"content":{"rendered":"<p>&nbsp;<\/p>\n<p style=\"text-align: center;\"><img loading=\"lazy\" decoding=\"async\" class=\"aligncenter size-full wp-image-4133\" src=\"http:\/\/agora.xtec.cat\/insllicamunt2\/wp-content\/uploads\/usu1100\/2016\/05\/logomoodle.png\" alt=\"Web\" width=\"221\" height=\"221\" \/><\/p>\n<p>&nbsp;<\/p>\n<p style=\"text-align: justify;\">El Moodle \u00e9s l\u2019aula virtual de l\u2019institut. Les diferents mat\u00e8ries hi tenen tots els materials digitals per seguir el curs amb efic\u00e0cia (criteris d\u2019avaluaci\u00f3, programaci\u00f3, materials digitals, continguts te\u00f2rics, exercicis, proves telem\u00e0tiques, etc.). Constitueix en s\u00ed mateix el que correspondria als llibres de text tradicionals, per\u00f2 molt m\u00e9s enriquit.<\/p>\n<p style=\"text-align: justify;\">Per a accedir al Moodle, nom\u00e9s cal fer clic a sobre de la icona que apareix a la barra dreta del portal web de l&#8217;institut:<\/p>\n<p>&nbsp;<\/p>\n<p style=\"text-align: center;\"><a href=\"http:\/\/agora.xtec.cat\/insllicamunt2\/wp-content\/uploads\/usu1100\/2016\/07\/webmoodle.jpg\" rel=\"attachment wp-att-4167\"><img loading=\"lazy\" decoding=\"async\" class=\"aligncenter size-full wp-image-4167\" src=\"http:\/\/agora.xtec.cat\/insllicamunt2\/wp-content\/uploads\/usu1100\/2016\/07\/webmoodle.jpg\" alt=\"webmoodle\" width=\"600\" height=\"353\" srcset=\"https:\/\/agora.xtec.cat\/insllicamunt2\/wp-content\/uploads\/usu1100\/2016\/07\/webmoodle.jpg 600w, https:\/\/agora.xtec.cat\/insllicamunt2\/wp-content\/uploads\/usu1100\/2016\/07\/webmoodle-300x177.jpg 300w\" sizes=\"auto, (max-width: 600px) 100vw, 600px\" \/><\/a><\/p>\n<p>&nbsp;<\/p>\n<p style=\"text-align: justify;\">Immediatament s&#8217;obrir\u00e0 la p\u00e0gina del Moodle amb el conjunt de cursos de cadascuna de les mat\u00e8ries que s&#8217;imparteixen al centre. Per a accedir-hi, cal iniciar sessi\u00f3 fent clic a l&#8217;extrem superior dret de la p\u00e0gina (fletxa vermella gran) o fent clic directament al nom del curs al qual es vol accedir (fletxa vermella petita):<\/p>\n<p>&nbsp;<\/p>\n<p style=\"text-align: center;\"><a href=\"http:\/\/agora.xtec.cat\/insllicamunt2\/wp-content\/uploads\/usu1100\/2016\/07\/moodle21.jpg\" rel=\"attachment wp-att-4169\"><img loading=\"lazy\" decoding=\"async\" class=\"aligncenter size-full wp-image-4169\" src=\"http:\/\/agora.xtec.cat\/insllicamunt2\/wp-content\/uploads\/usu1100\/2016\/07\/moodle21.jpg\" alt=\"moodle21\" width=\"600\" height=\"364\" srcset=\"https:\/\/agora.xtec.cat\/insllicamunt2\/wp-content\/uploads\/usu1100\/2016\/07\/moodle21.jpg 600w, https:\/\/agora.xtec.cat\/insllicamunt2\/wp-content\/uploads\/usu1100\/2016\/07\/moodle21-300x182.jpg 300w\" sizes=\"auto, (max-width: 600px) 100vw, 600px\" \/><\/a><\/p>\n<p>&nbsp;<\/p>\n<p style=\"text-align: justify;\">Tot seguit se us demanar\u00e0 escriure el Nom d&#8217;usuari i la Contrasenya. Despr\u00e9s de clicar el bot\u00f3 &#8220;Inicia la sessi\u00f3&#8221;, haureu entrat a l&#8217;espai moodle. Tindreu acc\u00e9s als cursos moodle de les mat\u00e8ries a les qual esteu matriculats.<\/p>\n<p style=\"text-align: justify;\">En cas d&#8217;oblidar la contrasenya, \u00e9s necessari que us poseu en contacte amb el coordinador TAC per tal que us en generi una de nova.<\/p>\n<p style=\"text-align: justify;\">El funcionament de cadascun dels cursos del moodle dep\u00e8n del professor de cada mat\u00e8ria i, per tant, us n&#8217;explicar\u00e0 els detalls. A mode d&#8217;exemple, podem fer una ullada al curs moodle de Biologia i Geologia de 1r d&#8217;ESO:<\/p>\n<p>&nbsp;<\/p>\n<p style=\"text-align: center;\"><a href=\"http:\/\/agora.xtec.cat\/insllicamunt2\/wp-content\/uploads\/usu1100\/2016\/07\/CursMoodle.jpg\" rel=\"attachment wp-att-4187\"><img loading=\"lazy\" decoding=\"async\" class=\"aligncenter size-full wp-image-4187\" src=\"http:\/\/agora.xtec.cat\/insllicamunt2\/wp-content\/uploads\/usu1100\/2016\/07\/CursMoodle.jpg\" alt=\"CursMoodle\" width=\"600\" height=\"505\" srcset=\"https:\/\/agora.xtec.cat\/insllicamunt2\/wp-content\/uploads\/usu1100\/2016\/07\/CursMoodle.jpg 600w, https:\/\/agora.xtec.cat\/insllicamunt2\/wp-content\/uploads\/usu1100\/2016\/07\/CursMoodle-300x253.jpg 300w\" sizes=\"auto, (max-width: 600px) 100vw, 600px\" \/><\/a><\/p>\n<p>&nbsp;<\/p>\n<p style=\"text-align: justify;\">La p\u00e0gina s&#8217;organitza en tres parts: la cap\u00e7alera a dalt, amb el nom del curs, la barra lateral a l&#8217;esquerra, amb les eines del curs moodle (fletxa groga), i l&#8217;espai principal, amb els continguts de la mat\u00e8ria.<\/p>\n<p style=\"text-align: justify;\">A la cap\u00e7alera conv\u00e9 destacar l&#8217;acc\u00e9s al <strong>perfil de l&#8217;usuari<\/strong> (fletxa vermella), on es poden consultar els missatges, els cursos matriculats, les qualificacions, el calendari intern del moodle i la configuraci\u00f3 del perfil. Per sortir del sistema de forma segura cal necess\u00e0riament desplegar el men\u00fa de l&#8217;usuari i clicar &#8220;<strong>Surt<\/strong>&#8220;.<\/p>\n<p style=\"text-align: justify;\">A l&#8217;espai principal hi ha els continguts creats pel professor i, per tant, pot variar molt d&#8217;un curs a un altre en funci\u00f3 de les prefer\u00e8ncies del professor o de les necessitats de la mat\u00e8ria. Generalment, per\u00f2, a la part superior d&#8217;aquest espai central hi ha una imatge de portada que identifica el curs. Sota la imatge, s&#8217;acostuma a penjar informaci\u00f3 general del curs i altres eines gen\u00e8riques (fletxa blava). Aix\u00ed, a l&#8217;exemple mostrat, sota la imatge de portada, es troba un espai de Not\u00edcies on el professor pot informar als alumnes d&#8217;all\u00f2 que convingui, i un espai F\u00f2rum general de dubtes, on els alumnes poden preguntar, per\u00f2 tamb\u00e9 respondre, sobre dubtes generals de la mat\u00e8ria. A sota d&#8217;aquestes eines es troba per a la seva consulta la Programaci\u00f3 del curs, els Criteris d&#8217;avaluaci\u00f3 i de recuperaci\u00f3 de la mat\u00e8ria, aix\u00ed com altres documents com les Normes de presentaci\u00f3 dels treballs i de les pr\u00e0ctiques.<\/p>\n<p style=\"text-align: justify;\">A sota d&#8217;aquests continguts generals de la mat\u00e8ria, a l&#8217;espai principal, se succeeixen les unitats did\u00e0ctiques, normalment amb un encap\u00e7alament gr\u00e0fic que les identifica clarament (fletxa verda). Evidentment, en aquests espais de les unitats did\u00e0ctiques, cada professor t\u00e9 penjats els continguts i les eines que s\u00f3n m\u00e9s convenients. Aquestes eines poden ser diverses:<\/p>\n<ul style=\"list-style-type: circle;\">\n<li style=\"text-align: justify;\">F\u00f2rums de discussi\u00f3<\/li>\n<li style=\"text-align: justify;\">Documents de consulta (pdf o altres formats)<\/li>\n<li style=\"text-align: justify;\">Ex\u00e0mens telem\u00e0tics i q\u00fcestionaris<\/li>\n<li style=\"text-align: justify;\">Fitxers, etc.<\/li>\n<\/ul>\n<p style=\"text-align: justify;\">A principi de curs, cada professor s&#8217;encarregar\u00e0 de familiaritzar als alumnes amb tots els continguts d&#8217;aquesta aula virtual de la mat\u00e8ria.<\/p>\n","protected":false},"excerpt":{"rendered":"<p>&nbsp;<\/p>\n<p>&nbsp;<br \/>\nEl Moodle \u00e9s l\u2019aula virtual de l\u2019institut. Les diferents mat\u00e8ries hi tenen tots els materials digitals per seguir el curs amb efic\u00e0cia (criteris d\u2019avaluaci\u00f3, programaci\u00f3, materials digitals, continguts te\u00f2rics, exercicis, proves telem\u00e0tiques, etc.). Constitueix en s\u00ed mateix el que correspondria als llibres de text tradicionals,&hellip;  <a href=\"https:\/\/agora.xtec.cat\/insllicamunt2\/com-funciona-el-nostre-entorn-virtual\/com-funciona-el-moodle\/\" title=\"Read Com funciona el Moodle?\">Llegeix m\u00e9s\u00bb<\/a><\/p>\n","protected":false},"author":1,"featured_media":0,"parent":4130,"menu_order":2,"comment_status":"closed","ping_status":"closed","template":"page-templates\/side-menu.php","meta":{"_bbp_topic_count":0,"_bbp_reply_count":0,"_bbp_total_topic_count":0,"_bbp_total_reply_count":0,"_bbp_voice_count":0,"_bbp_anonymous_reply_count":0,"_bbp_topic_count_hidden":0,"_bbp_reply_count_hidden":0,"_bbp_forum_subforum_count":0,"footnotes":""},"class_list":["post-4140","page","type-page","status-publish","hentry"],"post_mailing_queue_ids":[],"_links":{"self":[{"href":"https:\/\/agora.xtec.cat\/insllicamunt2\/wp-json\/wp\/v2\/pages\/4140","targetHints":{"allow":["GET"]}}],"collection":[{"href":"https:\/\/agora.xtec.cat\/insllicamunt2\/wp-json\/wp\/v2\/pages"}],"about":[{"href":"https:\/\/agora.xtec.cat\/insllicamunt2\/wp-json\/wp\/v2\/types\/page"}],"author":[{"embeddable":true,"href":"https:\/\/agora.xtec.cat\/insllicamunt2\/wp-json\/wp\/v2\/users\/1"}],"replies":[{"embeddable":true,"href":"https:\/\/agora.xtec.cat\/insllicamunt2\/wp-json\/wp\/v2\/comments?post=4140"}],"version-history":[{"count":3,"href":"https:\/\/agora.xtec.cat\/insllicamunt2\/wp-json\/wp\/v2\/pages\/4140\/revisions"}],"predecessor-version":[{"id":4189,"href":"https:\/\/agora.xtec.cat\/insllicamunt2\/wp-json\/wp\/v2\/pages\/4140\/revisions\/4189"}],"up":[{"embeddable":true,"href":"https:\/\/agora.xtec.cat\/insllicamunt2\/wp-json\/wp\/v2\/pages\/4130"}],"wp:attachment":[{"href":"https:\/\/agora.xtec.cat\/insllicamunt2\/wp-json\/wp\/v2\/media?parent=4140"}],"curies":[{"name":"wp","href":"https:\/\/api.w.org\/{rel}","templated":true}]}}