{"id":4138,"date":"2016-07-04T09:42:30","date_gmt":"2016-07-04T07:42:30","guid":{"rendered":"http:\/\/agora.xtec.cat\/insllicamunt2\/?page_id=4138"},"modified":"2016-07-05T13:18:40","modified_gmt":"2016-07-05T11:18:40","slug":"com-funciona-la-web-de-linstitut","status":"publish","type":"page","link":"https:\/\/agora.xtec.cat\/insllicamunt2\/com-funciona-el-nostre-entorn-virtual\/com-funciona-la-web-de-linstitut\/","title":{"rendered":"Com funciona la Web de l&#8217;Institut?"},"content":{"rendered":"<p>&nbsp;<\/p>\n<p style=\"text-align: center;\"><img loading=\"lazy\" decoding=\"async\" class=\"aligncenter size-full wp-image-4133\" src=\"http:\/\/agora.xtec.cat\/insllicamunt2\/wp-content\/uploads\/usu1100\/2016\/07\/Web.jpg\" alt=\"Web\" width=\"221\" height=\"221\" srcset=\"https:\/\/agora.xtec.cat\/insllicamunt2\/wp-content\/uploads\/usu1100\/2016\/07\/Web.jpg 221w, https:\/\/agora.xtec.cat\/insllicamunt2\/wp-content\/uploads\/usu1100\/2016\/07\/Web-150x150.jpg 150w\" sizes=\"auto, (max-width: 221px) 100vw, 221px\" \/><\/p>\n<p>&nbsp;<\/p>\n<p style=\"text-align: justify;\">La Web de l\u2019Institut \u00e9s l\u2019espai en xarxa de refer\u00e8ncia del nostre centre, i des d\u2019on es pot accedir a tota la informaci\u00f3 i a la resta d\u2019espais virtuals.<\/p>\n<p>Consta de 4 espais: la cap\u00e7alera (1, en blau), la barra esquerra (2, en taronja), l&#8217;espai central (3, en verd), i la barra dreta (4, en lila):<\/p>\n<p>&nbsp;<\/p>\n<p style=\"text-align: center;\"><a href=\"http:\/\/agora.xtec.cat\/insllicamunt2\/wp-content\/uploads\/usu1100\/2016\/07\/partsweb.jpg\" rel=\"attachment wp-att-4158\"><img loading=\"lazy\" decoding=\"async\" class=\"aligncenter size-full wp-image-4158\" src=\"http:\/\/agora.xtec.cat\/insllicamunt2\/wp-content\/uploads\/usu1100\/2016\/07\/partsweb.jpg\" alt=\"partsweb\" width=\"600\" height=\"809\" srcset=\"https:\/\/agora.xtec.cat\/insllicamunt2\/wp-content\/uploads\/usu1100\/2016\/07\/partsweb.jpg 600w, https:\/\/agora.xtec.cat\/insllicamunt2\/wp-content\/uploads\/usu1100\/2016\/07\/partsweb-222x300.jpg 222w\" sizes=\"auto, (max-width: 600px) 100vw, 600px\" \/><\/a><\/p>\n<p>&nbsp;<\/p>\n<ol>\n<li style=\"text-align: justify;\">A la cap\u00e7alera es troben, d&#8217;esquerra a dreta, el nom de l&#8217;institut, un carrusel d&#8217;imatges, i 6 icones que es corresponen amb els accessos directes a la p\u00e0gina d&#8217;<a href=\"http:\/\/agora.xtec.cat\/insllicamunt2\/\" target=\"_blank\">Inici<\/a> de l&#8217;institut, als <a href=\"http:\/\/agora.xtec.cat\/insllicamunt2\/institut-hipatia-dalexandria\/calendari-del-curs\/\" target=\"_blank\">Calendaris<\/a>, a un motor de cerca per paraules clau, a la <a href=\"http:\/\/agora.xtec.cat\/insllicamunt2\/categoria\/el-far-dhipatia\/\" target=\"_blank\">revista El Far d&#8217;Hip\u00e0tia<\/a>, al <a href=\"http:\/\/agora.xtec.cat\/insllicamunt2\/\/\/activitat\/\" target=\"_blank\">Nodes<\/a> i al Men\u00fa desplegable de la web.<\/li>\n<li style=\"text-align: justify;\">A la barra esquerra es troba la informaci\u00f3 institucional sobre l&#8217;Institut i els Departaments did\u00e0ctics, i la descripci\u00f3 de les activitats de centre m\u00e9s destacades (Projectes, Activitats i Viatges). A sota es troben\u00a0els <a href=\"http:\/\/agora.xtec.cat\/insllicamunt2\/institut-hipatia-dalexandria\/horaris-de-grup\/\" target=\"_blank\">Horaris de classe<\/a> i el <a href=\"http:\/\/agora.xtec.cat\/insllicamunt2\/institut-hipatia-dalexandria\/llibres-i-material\/\" target=\"_blank\">Material escolar<\/a>, aix\u00ed com l&#8217;acc\u00e9s als <a href=\"http:\/\/agora.xtec.cat\/insllicamunt2\/institut-hipatia-dalexandria\/calendari-del-curs\/\" target=\"_blank\">Calendaris<\/a> i, tot seguit, als espais web externs d&#8217;\u00fas m\u00e9s habitual.<\/li>\n<li style=\"text-align: justify;\">A l&#8217;espai central de la web apareix la imatge destacada, que es va actualitzant peri\u00f2dicament. Sobre la imatge s&#8217;acostuma a inserir informaci\u00f3 de centre especialment rellevant (per\u00edodes de matriculaci\u00f3, avisos, etc.). Sota la imatge destacada apareixen les \u00faltimes not\u00edcies de la <a href=\"http:\/\/agora.xtec.cat\/insllicamunt2\/categoria\/el-far-dhipatia\/\" target=\"_blank\">revista digital El Far d&#8217;Hip\u00e0tia<\/a> (en cas de voler visualitzar el conjunt de not\u00edcies \u00e9s aconsellable accedir a la revista).<\/li>\n<li style=\"text-align: justify;\">A la barra dreta hi ha l&#8217;acc\u00e9s als tutorials de l&#8217;entorn virtual de l&#8217;institut i, tot seguit, els accessos directes als diferents espais virtuals del centre (Revista, Moodle, Google Apps, Nodes, etc.), aix\u00ed com els blocs dels projectes, de la Biblioteca d&#8217;Alexandria i de les mat\u00e8ries que disposen d&#8217;aquest recurs.<\/li>\n<\/ol>\n<p style=\"text-align: justify;\">Tots els continguts de la web s\u00f3n de consulta p\u00fablica, a excepci\u00f3 dels entorns <a href=\"http:\/\/agora.xtec.cat\/insllicamunt2\/moodle\/\" target=\"_blank\">Moodle<\/a>, <a href=\"https:\/\/accounts.google.com\/ServiceLogin?service=CPanel&amp;passive=1209600&amp;cpbps=1&amp;continue=https%3A%2F%2Fadmin.google.com%2Finshipatia.cat%2FDashboard&amp;followup=https%3A%2F%2Fadmin.google.com%2Finshipatia.cat%2FDashboard&amp;skipvpage=true#identifier\" target=\"_blank\">Google Apps<\/a> i <a href=\"http:\/\/agora.xtec.cat\/insllicamunt2\/\/\/activitat\/\" target=\"_blank\">Nodes<\/a>, on per a entrar cal validar-se amb l&#8217;usuari i contrasenya proporcionats pel Coordinador TAC.<\/p>\n","protected":false},"excerpt":{"rendered":"<p>&nbsp;<\/p>\n<p>&nbsp;<br \/>\nLa Web de l\u2019Institut \u00e9s l\u2019espai en xarxa de refer\u00e8ncia del nostre centre, i des d\u2019on es pot accedir a tota la informaci\u00f3 i a la resta d\u2019espais virtuals.<br \/>\nConsta de 4 espais: la cap\u00e7alera (1, en blau), la barra esquerra (2, en taronja), l&#8217;espai central&hellip;  <a href=\"https:\/\/agora.xtec.cat\/insllicamunt2\/com-funciona-el-nostre-entorn-virtual\/com-funciona-la-web-de-linstitut\/\" title=\"Read Com funciona la Web de l&#8217;Institut?\">Llegeix m\u00e9s\u00bb<\/a><\/p>\n","protected":false},"author":1,"featured_media":0,"parent":4130,"menu_order":1,"comment_status":"closed","ping_status":"closed","template":"page-templates\/side-menu.php","meta":{"_bbp_topic_count":0,"_bbp_reply_count":0,"_bbp_total_topic_count":0,"_bbp_total_reply_count":0,"_bbp_voice_count":0,"_bbp_anonymous_reply_count":0,"_bbp_topic_count_hidden":0,"_bbp_reply_count_hidden":0,"_bbp_forum_subforum_count":0,"footnotes":""},"class_list":["post-4138","page","type-page","status-publish","hentry"],"post_mailing_queue_ids":[],"_links":{"self":[{"href":"https:\/\/agora.xtec.cat\/insllicamunt2\/wp-json\/wp\/v2\/pages\/4138","targetHints":{"allow":["GET"]}}],"collection":[{"href":"https:\/\/agora.xtec.cat\/insllicamunt2\/wp-json\/wp\/v2\/pages"}],"about":[{"href":"https:\/\/agora.xtec.cat\/insllicamunt2\/wp-json\/wp\/v2\/types\/page"}],"author":[{"embeddable":true,"href":"https:\/\/agora.xtec.cat\/insllicamunt2\/wp-json\/wp\/v2\/users\/1"}],"replies":[{"embeddable":true,"href":"https:\/\/agora.xtec.cat\/insllicamunt2\/wp-json\/wp\/v2\/comments?post=4138"}],"version-history":[{"count":3,"href":"https:\/\/agora.xtec.cat\/insllicamunt2\/wp-json\/wp\/v2\/pages\/4138\/revisions"}],"predecessor-version":[{"id":4209,"href":"https:\/\/agora.xtec.cat\/insllicamunt2\/wp-json\/wp\/v2\/pages\/4138\/revisions\/4209"}],"up":[{"embeddable":true,"href":"https:\/\/agora.xtec.cat\/insllicamunt2\/wp-json\/wp\/v2\/pages\/4130"}],"wp:attachment":[{"href":"https:\/\/agora.xtec.cat\/insllicamunt2\/wp-json\/wp\/v2\/media?parent=4138"}],"curies":[{"name":"wp","href":"https:\/\/api.w.org\/{rel}","templated":true}]}}