{"id":2881,"date":"2016-05-04T12:20:19","date_gmt":"2016-05-04T11:20:19","guid":{"rendered":"http:\/\/agora.xtec.cat\/insllicamunt2\/intraweb\/area-llati\/"},"modified":"2016-05-10T07:23:46","modified_gmt":"2016-05-10T06:23:46","slug":"area-llati","status":"publish","type":"page","link":"https:\/\/agora.xtec.cat\/insllicamunt2\/departaments\/departament-linguistic\/area-llati\/","title":{"rendered":"\u00c0rea de Lleng\u00fces Cl\u00e0ssiques (Llat\u00ed)"},"content":{"rendered":"<p>&nbsp;<\/p>\n<p style=\"text-align: justify;\" align=\"center\"><span style=\"font-size: medium;\"><span style=\"font-family: arial,helvetica,sans-serif;\">La mat\u00e8ria de llat\u00ed, opcional a quart curs, suposa un apropament espec\u00edfic a la llengua i cultura llatina, amb continguts ling\u00fc\u00edstics i culturals complementaris entre si.<\/span><\/span><\/p>\n<p style=\"text-align: justify;\" align=\"center\"><span style=\"font-size: medium;\"><span style=\"font-family: arial,helvetica,sans-serif;\">La mat\u00e8ria persegueix dos objectius fonamentals: iniciar un estudi b\u00e0sic de la llengua que \u00e9s l&#8217;origen de la fam\u00edlia ling\u00fc\u00edstica de les lleng\u00fces rom\u00e0niques, i con\u00e8ixer els aspectes m\u00e9s rellevants de la cultura i la societat romanes per poder relacionar-los amb els del m\u00f3n actual.<\/span><\/span><\/p>\n<p style=\"text-align: justify;\" align=\"center\"><span style=\"font-size: medium;\"><span style=\"font-family: arial,helvetica,sans-serif;\">L\u2019aprenentatge del llat\u00ed col\u00b7labora efica\u00e7ment en l&#8217;adquisici\u00f3 de compet\u00e8ncies b\u00e0siques i contribueix a l&#8217;assoliment dels objectius de l&#8217;etapa d&#8217;educaci\u00f3 secund\u00e0ria obligat\u00f2ria. <\/span><\/span><\/p>\n<p style=\"text-align: justify;\" align=\"center\">\n<p style=\"text-align: justify;\"><em><span style=\"font-size: medium;\"><span style=\"font-family: arial,helvetica,sans-serif;\"><span style=\"color: #165878;\"><strong>Per qu\u00e8 aprendre llat\u00ed?<br \/>\n<\/strong><\/span><\/span><\/span><\/em><\/p>\n<p style=\"text-align: justify;\"><span style=\"font-size: medium;\"><span style=\"font-family: arial,helvetica,sans-serif;\">Per entendre i con\u00e8ixer millor la nostra llengua i cultura, ja que ens ajuda a entendre la realitat que ens envolta.<\/span><\/span><\/p>\n<p style=\"text-align: justify;\"><span style=\"font-size: medium;\"><span style=\"font-family: arial,helvetica,sans-serif;\">Perqu\u00e8 \u00e9s la llengua cient\u00edfica internacional.<\/span><\/span><\/p>\n<p style=\"text-align: justify;\"><span style=\"font-size: medium;\"><span style=\"font-family: arial,helvetica,sans-serif;\">Perqu\u00e8 altres lleng\u00fces no rom\u00e0niques conserven la seva influ\u00e8ncia.<\/span><\/span><\/p>\n<p style=\"text-align: justify;\"><span style=\"font-size: medium;\"><span style=\"font-family: arial,helvetica,sans-serif;\">Perqu\u00e8 ens envolta a la publicitat, a les pel\u00b7l\u00edcules, a les empreses&#8230;<br \/>\n<\/span><\/span><\/p>\n<p align=\"center\">\n<p align=\"center\">\n<table style=\"width: 100%; border: 0px solid #ffffff; border-collapse: collapse;\" cellpadding=\"5\" align=\"absmiddle\">\n<tbody>\n<tr>\n<td style=\"border: 0px solid #ffffff;\" align=\"center\"><img decoding=\"async\" src=\"http:\/\/agora.xtec.cat\/insllicamunt2\/wp-content\/uploads\/usu1100\/2016\/05\/llati1.jpg\" alt=\"\" \/><\/td>\n<td style=\"border: 0px solid #ffffff;\" align=\"center\"><img decoding=\"async\" src=\"http:\/\/agora.xtec.cat\/insllicamunt2\/wp-content\/uploads\/usu1100\/2016\/05\/llati2.jpg\" alt=\"\" \/><\/td>\n<td style=\"border: 0px solid #ffffff;\" align=\"center\"><img decoding=\"async\" src=\"http:\/\/agora.xtec.cat\/insllicamunt2\/wp-content\/uploads\/usu1100\/2016\/05\/llati3.jpg\" alt=\"\" \/><\/td>\n<\/tr>\n<\/tbody>\n<\/table>\n<p align=\"justify\">\n<p>&nbsp;<\/p>\n","protected":false},"excerpt":{"rendered":"<p>&nbsp;<br \/>\nLa mat\u00e8ria de llat\u00ed, opcional a quart curs, suposa un apropament espec\u00edfic a la llengua i cultura llatina, amb continguts ling\u00fc\u00edstics i culturals complementaris entre si.<br \/>\nLa mat\u00e8ria persegueix dos objectius fonamentals: iniciar un estudi b\u00e0sic de la llengua que \u00e9s l&#8217;origen de la fam\u00edlia ling\u00fc\u00edstica&hellip;  <a href=\"https:\/\/agora.xtec.cat\/insllicamunt2\/departaments\/departament-linguistic\/area-llati\/\" title=\"Read \u00c0rea de Lleng\u00fces Cl\u00e0ssiques (Llat\u00ed)\">Llegeix m\u00e9s\u00bb<\/a><\/p>\n","protected":false},"author":1,"featured_media":0,"parent":2843,"menu_order":5,"comment_status":"closed","ping_status":"closed","template":"page-templates\/side-menu.php","meta":{"_bbp_topic_count":0,"_bbp_reply_count":0,"_bbp_total_topic_count":0,"_bbp_total_reply_count":0,"_bbp_voice_count":0,"_bbp_anonymous_reply_count":0,"_bbp_topic_count_hidden":0,"_bbp_reply_count_hidden":0,"_bbp_forum_subforum_count":0,"footnotes":""},"class_list":["post-2881","page","type-page","status-publish","hentry"],"post_mailing_queue_ids":[],"_links":{"self":[{"href":"https:\/\/agora.xtec.cat\/insllicamunt2\/wp-json\/wp\/v2\/pages\/2881","targetHints":{"allow":["GET"]}}],"collection":[{"href":"https:\/\/agora.xtec.cat\/insllicamunt2\/wp-json\/wp\/v2\/pages"}],"about":[{"href":"https:\/\/agora.xtec.cat\/insllicamunt2\/wp-json\/wp\/v2\/types\/page"}],"author":[{"embeddable":true,"href":"https:\/\/agora.xtec.cat\/insllicamunt2\/wp-json\/wp\/v2\/users\/1"}],"replies":[{"embeddable":true,"href":"https:\/\/agora.xtec.cat\/insllicamunt2\/wp-json\/wp\/v2\/comments?post=2881"}],"version-history":[{"count":3,"href":"https:\/\/agora.xtec.cat\/insllicamunt2\/wp-json\/wp\/v2\/pages\/2881\/revisions"}],"predecessor-version":[{"id":3362,"href":"https:\/\/agora.xtec.cat\/insllicamunt2\/wp-json\/wp\/v2\/pages\/2881\/revisions\/3362"}],"up":[{"embeddable":true,"href":"https:\/\/agora.xtec.cat\/insllicamunt2\/wp-json\/wp\/v2\/pages\/2843"}],"wp:attachment":[{"href":"https:\/\/agora.xtec.cat\/insllicamunt2\/wp-json\/wp\/v2\/media?parent=2881"}],"curies":[{"name":"wp","href":"https:\/\/api.w.org\/{rel}","templated":true}]}}

Àrea de Llengües Clàssiques (Llatí)

<p>&nbsp;</p>
<p style="text-align: justify;" align="center"><span style="font-size: medium;"><span style="font-family: arial,helvetica,sans-serif;">La matèria de llatí, opcional a quart curs, suposa un apropament específic a la llengua i cultura llatina, amb continguts lingüístics i culturals complementaris entre si.</span></span></p>
<p style="text-align: justify;" align="center"><span style="font-size: medium;"><span style="font-family: arial,helvetica,sans-serif;">La matèria persegueix dos objectius fonamentals: iniciar un estudi bàsic de la llengua que és l&#8217;origen de la família lingüística de les llengües romàniques, i conèixer els aspectes més rellevants de la cultura i la societat romanes per poder relacionar-los amb els del món actual.</span></span></p>
<p style="text-align: justify;" align="center"><span style="font-size: medium;"><span style="font-family: arial,helvetica,sans-serif;">L’aprenentatge del llatí col·labora eficaçment en l&#8217;adquisició de competències bàsiques i contribueix a l&#8217;assoliment dels objectius de l&#8217;etapa d&#8217;educació secundària obligatòria. </span></span></p>
<p style="text-align: justify;" align="center">
<p style="text-align: justify;"><em><span style="font-size: medium;"><span style="font-family: arial,helvetica,sans-serif;"><span style="color: #165878;"><strong>Per què aprendre llatí?<br />
</strong></span></span></span></em></p>
<p style="text-align: justify;"><span style="font-size: medium;"><span style="font-family: arial,helvetica,sans-serif;">Per entendre i conèixer millor la nostra llengua i cultura, ja que ens ajuda a entendre la realitat que ens envolta.</span></span></p>
<p style="text-align: justify;"><span style="font-size: medium;"><span style="font-family: arial,helvetica,sans-serif;">Perquè és la llengua científica internacional.</span></span></p>
<p style="text-align: justify;"><span style="font-size: medium;"><span style="font-family: arial,helvetica,sans-serif;">Perquè altres llengües no romàniques conserven la seva influència.</span></span></p>
<p style="text-align: justify;"><span style="font-size: medium;"><span style="font-family: arial,helvetica,sans-serif;">Perquè ens envolta a la publicitat, a les pel·lícules, a les empreses&#8230;<br />
</span></span></p>
<p align="center">
<p align="center">
<table style="width: 100%; border: 0px solid #ffffff; border-collapse: collapse;" cellpadding="5" align="absmiddle">
<tbody>
<tr>
<td style="border: 0px solid #ffffff;" align="center"><img decoding="async" src="http://agora.xtec.cat/insllicamunt2/wp-content/uploads/usu1100/2016/05/llati1.jpg" alt="" /></td>
<td style="border: 0px solid #ffffff;" align="center"><img decoding="async" src="http://agora.xtec.cat/insllicamunt2/wp-content/uploads/usu1100/2016/05/llati2.jpg" alt="" /></td>
<td style="border: 0px solid #ffffff;" align="center"><img decoding="async" src="http://agora.xtec.cat/insllicamunt2/wp-content/uploads/usu1100/2016/05/llati3.jpg" alt="" /></td>
</tr>
</tbody>
</table>
<p align="justify">
<p>&nbsp;</p>

<p>&nbsp;<br />
La matèria de llatí, opcional a quart curs, suposa un apropament específic a la llengua i cultura llatina, amb continguts lingüístics i culturals complementaris entre si.<br />
La matèria persegueix dos objectius fonamentals: iniciar un estudi bàsic de la llengua que és l&#8217;origen de la família lingüística&hellip;  <a href="https://agora.xtec.cat/insllicamunt2/departaments/departament-linguistic/area-llati/" title="Read Àrea de Llengües Clàssiques (Llatí)">Llegeix més»</a></p>
