{"id":2863,"date":"2016-05-04T12:20:18","date_gmt":"2016-05-04T11:20:18","guid":{"rendered":"http:\/\/agora.xtec.cat\/insllicamunt2\/intraweb\/dublin\/"},"modified":"2019-10-31T15:24:54","modified_gmt":"2019-10-31T14:24:54","slug":"dublin","status":"publish","type":"page","link":"https:\/\/agora.xtec.cat\/insllicamunt2\/viatges\/dublin\/","title":{"rendered":"Experi\u00e8ncia europea"},"content":{"rendered":"<p><em style=\"font-family: inherit; font-size: 1em; text-align: justify;\"><span style=\"font-size: medium;\"><span style=\"font-family: arial,helvetica,sans-serif;\"><span style=\"color: #165878;\"><strong>Descripci\u00f3<\/strong><\/span><\/span><\/span><\/em><\/p>\n<div align=\"center\">\n<p>L\u2019experi\u00e8ncia europea \u00e9s una estada a un pa\u00eds d\u2019Europa que va m\u00e9s enll\u00e0 d\u2019un viatge d\u2019estudis tradicional donat que t\u00e9 com a objectiu principal la viv\u00e8ncia personal i la interacci\u00f3 directa amb la cultura del pa\u00eds d\u2019acollida. Per tant, \u00e9s una oportunitat fant\u00e0stica perqu\u00e8 els nostres alumnes puguin con\u00e8ixer altres realitats d\u2019una manera m\u00e9s propera i gaudir de la interculturalitat amb altres joves europeus.<\/p>\n<p>&nbsp;<\/p>\n<p>Aquesta estada s\u2019emmarca dins del projecte pluriling\u00fce \u201cEuropa\u201d, que est\u00e0 plantejat com un treball interdisciplinari entre mat\u00e8ries, permet aprenentatges oberts i ofereix un enfocament pr\u00e0ctic.<\/p>\n<p>&nbsp;<\/p>\n<p>El \u201cProjecte Europa\u201d consta de les seg\u00fcents fases:<\/p>\n<p>&nbsp;<\/p>\n<p>\u25b9 Participaci\u00f3 en projectes internacionals: <a href=\"https:\/\/twinspace.etwinning.net\/70608\/home\"><em>Homemade cards for the European Day of Languages<\/em><\/a> (<a href=\"https:\/\/www.zeemaps.com\/view?group=3151317&amp;x=16.578671&amp;y=53.984271&amp;z=14\">mapa d\u2019escoles participants<\/a>)<\/p>\n<p>\u25b9 Intercanvi ling\u00fc\u00edstic entre alumnes<\/p>\n<p>\u25b9 Descoberta de la ciutat de Barcelona<\/p>\n<p>\u25b9 Estada a un pa\u00eds europeu \u00a0\u21e8\u00a0 THE EUROPEAN EXPERIENCE<\/p>\n<p>\u25b9 Mostra d\u2019experi\u00e8ncies \u21e8\u00a0 EUROPE DAY (9 de maig)<\/p>\n<p>&nbsp;<\/p>\n<p>L\u2019experi\u00e8ncia europea suposa un repte important que ajuda a desenvolupar l\u2019autonomia personal i fomenta valors com la toler\u00e0ncia i el respecte cap els altres. L\u2019alumnat pot escollir el pa\u00eds de dest\u00ed i el tipus d\u2019estada que millor s\u2019adapta a les seves prefer\u00e8ncies o circumst\u00e0ncies:\u00a0 intercanvi en fam\u00edlia o camp d\u2019aprenentatge.<\/p>\n<p>&nbsp;<\/p>\n<p>En qualsevol d\u2019aquestes dues modalitats, la finalitat de l\u2019estada \u00e9s compartir experi\u00e8ncies amb joves europeus i ser conscients de la necessitat de relacionar-se de forma pluriling\u00fce dins de la diversitat cultural d\u2019Europa.<\/p>\n<table style=\"width: 100%; border: 0px solid #ffffff; border-collapse: collapse;\" cellpadding=\"5\" align=\"absmiddle\">\n<tbody>\n<tr>\n<td style=\"border: 0px solid #ffffff;\" align=\"center\"><img loading=\"lazy\" decoding=\"async\" src=\"http:\/\/agora.xtec.cat\/insllicamunt2\/wp-content\/uploads\/usu1100\/2016\/05\/Dublin1.jpg\" alt=\"\" width=\"250\" height=\"183\" \/><\/td>\n<td style=\"border: 0px solid #ffffff;\" align=\"center\"><img loading=\"lazy\" decoding=\"async\" src=\"http:\/\/agora.xtec.cat\/insllicamunt2\/wp-content\/uploads\/usu1100\/2016\/05\/Dublin2.jpg\" alt=\"\" width=\"250\" height=\"183\" \/><\/td>\n<td style=\"border: 0px solid #ffffff;\" align=\"center\"><img loading=\"lazy\" decoding=\"async\" src=\"http:\/\/agora.xtec.cat\/insllicamunt2\/wp-content\/uploads\/usu1100\/2016\/05\/Dublin3.jpg\" alt=\"\" width=\"250\" height=\"183\" \/><\/td>\n<\/tr>\n<\/tbody>\n<\/table>\n<\/div>\n<div style=\"text-align: justify;\" align=\"center\"><span style=\"font-size: medium;\"><span style=\"font-family: arial,helvetica,sans-serif;\">\u00a0<\/span><\/span><\/div>\n<div align=\"center\"><\/div>\n<div align=\"center\"><\/div>\n<div align=\"center\"><\/div>\n<div align=\"center\"><\/div>\n<p>&nbsp;<\/p>\n<div align=\"center\"><iframe loading=\"lazy\" src=\"https:\/\/www.youtube.com\/embed\/0aTXHKbkZP0?rel=0&amp;showinfo=0\" width=\"640\" height=\"480\" frameborder=\"0\" allowfullscreen=\"allowfullscreen\"><\/iframe><\/div>\n<p>&nbsp;<\/p>\n<p><u>Programa d\u2019immersi\u00f3 <\/u>\u2013 3r\/4t ESO<\/p>\n<p>L\u2019institut Hip\u00e0tia d\u2019Alexandria ofereix al seu alumnat la possibilitat de gaudir d\u2019una estada de 3 setmanes en un centre educatiu d\u2019Alemanya.<\/p>\n<p>Aquest programa d\u2019immersi\u00f3 \u00e9s una activitat extracurricular que es desenvolupa en modalitat intercanvi d\u2019alumnes i que consta d\u2019una primera fase en qu\u00e8 l\u2019alumne o alumna del nostre centre rep a casa seva un alumne o alumna del centre col\u00b7laborador i, una segona fase, en qu\u00e8 el nostre alumne o alumna viatja al pa\u00eds origen del seu company o companya.<\/p>\n<p>Els objectius d\u2019aquest programa s\u00f3n:<\/p>\n<ul>\n<li>Fomentar l\u2019autonomia personal.<\/li>\n<li>Millorar les compet\u00e8ncies socials.<\/li>\n<li>Millorar l\u2019expressi\u00f3 oral en llengua anglesa i alemanya.<\/li>\n<li>Con\u00e8ixer la cultura del pa\u00eds on es parla la llengua estrangera estudiada.<\/li>\n<\/ul>\n<p>Percebre la necessitat del pluriling\u00fcisme com a eix en la millora personal i professional.<\/p>\n","protected":false},"excerpt":{"rendered":"<p>Descripci\u00f3<\/p>\n<p>L\u2019experi\u00e8ncia europea \u00e9s una estada a un pa\u00eds d\u2019Europa que va m\u00e9s enll\u00e0 d\u2019un viatge d\u2019estudis tradicional donat que t\u00e9 com a objectiu principal la viv\u00e8ncia personal i la interacci\u00f3 directa amb la cultura del pa\u00eds d\u2019acollida. Per tant, \u00e9s una oportunitat fant\u00e0stica perqu\u00e8 els&hellip;  <a href=\"https:\/\/agora.xtec.cat\/insllicamunt2\/viatges\/dublin\/\" title=\"Read Experi\u00e8ncia europea\">Llegeix m\u00e9s\u00bb<\/a><\/p>\n","protected":false},"author":1,"featured_media":0,"parent":10476,"menu_order":3,"comment_status":"closed","ping_status":"closed","template":"page-templates\/side-menu.php","meta":{"_bbp_topic_count":0,"_bbp_reply_count":0,"_bbp_total_topic_count":0,"_bbp_total_reply_count":0,"_bbp_voice_count":0,"_bbp_anonymous_reply_count":0,"_bbp_topic_count_hidden":0,"_bbp_reply_count_hidden":0,"_bbp_forum_subforum_count":0,"footnotes":""},"class_list":["post-2863","page","type-page","status-publish","hentry"],"post_mailing_queue_ids":[],"_links":{"self":[{"href":"https:\/\/agora.xtec.cat\/insllicamunt2\/wp-json\/wp\/v2\/pages\/2863","targetHints":{"allow":["GET"]}}],"collection":[{"href":"https:\/\/agora.xtec.cat\/insllicamunt2\/wp-json\/wp\/v2\/pages"}],"about":[{"href":"https:\/\/agora.xtec.cat\/insllicamunt2\/wp-json\/wp\/v2\/types\/page"}],"author":[{"embeddable":true,"href":"https:\/\/agora.xtec.cat\/insllicamunt2\/wp-json\/wp\/v2\/users\/1"}],"replies":[{"embeddable":true,"href":"https:\/\/agora.xtec.cat\/insllicamunt2\/wp-json\/wp\/v2\/comments?post=2863"}],"version-history":[{"count":3,"href":"https:\/\/agora.xtec.cat\/insllicamunt2\/wp-json\/wp\/v2\/pages\/2863\/revisions"}],"predecessor-version":[{"id":10552,"href":"https:\/\/agora.xtec.cat\/insllicamunt2\/wp-json\/wp\/v2\/pages\/2863\/revisions\/10552"}],"up":[{"embeddable":true,"href":"https:\/\/agora.xtec.cat\/insllicamunt2\/wp-json\/wp\/v2\/pages\/10476"}],"wp:attachment":[{"href":"https:\/\/agora.xtec.cat\/insllicamunt2\/wp-json\/wp\/v2\/media?parent=2863"}],"curies":[{"name":"wp","href":"https:\/\/api.w.org\/{rel}","templated":true}]}}

Experiència europea

<p><em style="font-family: inherit; font-size: 1em; text-align: justify;"><span style="font-size: medium;"><span style="font-family: arial,helvetica,sans-serif;"><span style="color: #165878;"><strong>Descripció</strong></span></span></span></em></p>
<div align="center">
<p>L’experiència europea és una estada a un país d’Europa que va més enllà d’un viatge d’estudis tradicional donat que té com a objectiu principal la vivència personal i la interacció directa amb la cultura del país d’acollida. Per tant, és una oportunitat fantàstica perquè els nostres alumnes puguin conèixer altres realitats d’una manera més propera i gaudir de la interculturalitat amb altres joves europeus.</p>
<p>&nbsp;</p>
<p>Aquesta estada s’emmarca dins del projecte plurilingüe “Europa”, que està plantejat com un treball interdisciplinari entre matèries, permet aprenentatges oberts i ofereix un enfocament pràctic.</p>
<p>&nbsp;</p>
<p>El “Projecte Europa” consta de les següents fases:</p>
<p>&nbsp;</p>
<p>▹ Participació en projectes internacionals: <a href="https://twinspace.etwinning.net/70608/home"><em>Homemade cards for the European Day of Languages</em></a> (<a href="https://www.zeemaps.com/view?group=3151317&amp;x=16.578671&amp;y=53.984271&amp;z=14">mapa d’escoles participants</a>)</p>
<p>▹ Intercanvi lingüístic entre alumnes</p>
<p>▹ Descoberta de la ciutat de Barcelona</p>
<p>▹ Estada a un país europeu  ⇨  THE EUROPEAN EXPERIENCE</p>
<p>▹ Mostra d’experiències ⇨  EUROPE DAY (9 de maig)</p>
<p>&nbsp;</p>
<p>L’experiència europea suposa un repte important que ajuda a desenvolupar l’autonomia personal i fomenta valors com la tolerància i el respecte cap els altres. L’alumnat pot escollir el país de destí i el tipus d’estada que millor s’adapta a les seves preferències o circumstàncies:  intercanvi en família o camp d’aprenentatge.</p>
<p>&nbsp;</p>
<p>En qualsevol d’aquestes dues modalitats, la finalitat de l’estada és compartir experiències amb joves europeus i ser conscients de la necessitat de relacionar-se de forma plurilingüe dins de la diversitat cultural d’Europa.</p>
<table style="width: 100%; border: 0px solid #ffffff; border-collapse: collapse;" cellpadding="5" align="absmiddle">
<tbody>
<tr>
<td style="border: 0px solid #ffffff;" align="center"><img loading="lazy" decoding="async" src="http://agora.xtec.cat/insllicamunt2/wp-content/uploads/usu1100/2016/05/Dublin1.jpg" alt="" width="250" height="183" /></td>
<td style="border: 0px solid #ffffff;" align="center"><img loading="lazy" decoding="async" src="http://agora.xtec.cat/insllicamunt2/wp-content/uploads/usu1100/2016/05/Dublin2.jpg" alt="" width="250" height="183" /></td>
<td style="border: 0px solid #ffffff;" align="center"><img loading="lazy" decoding="async" src="http://agora.xtec.cat/insllicamunt2/wp-content/uploads/usu1100/2016/05/Dublin3.jpg" alt="" width="250" height="183" /></td>
</tr>
</tbody>
</table>
</div>
<div style="text-align: justify;" align="center"><span style="font-size: medium;"><span style="font-family: arial,helvetica,sans-serif;"> </span></span></div>
<div align="center"></div>
<div align="center"></div>
<div align="center"></div>
<div align="center"></div>
<p>&nbsp;</p>
<div align="center"><iframe loading="lazy" src="https://www.youtube.com/embed/0aTXHKbkZP0?rel=0&amp;showinfo=0" width="640" height="480" frameborder="0" allowfullscreen="allowfullscreen"></iframe></div>
<p>&nbsp;</p>
<p><u>Programa d’immersió </u>– 3r/4t ESO</p>
<p>L’institut Hipàtia d’Alexandria ofereix al seu alumnat la possibilitat de gaudir d’una estada de 3 setmanes en un centre educatiu d’Alemanya.</p>
<p>Aquest programa d’immersió és una activitat extracurricular que es desenvolupa en modalitat intercanvi d’alumnes i que consta d’una primera fase en què l’alumne o alumna del nostre centre rep a casa seva un alumne o alumna del centre col·laborador i, una segona fase, en què el nostre alumne o alumna viatja al país origen del seu company o companya.</p>
<p>Els objectius d’aquest programa són:</p>
<ul>
<li>Fomentar l’autonomia personal.</li>
<li>Millorar les competències socials.</li>
<li>Millorar l’expressió oral en llengua anglesa i alemanya.</li>
<li>Conèixer la cultura del país on es parla la llengua estrangera estudiada.</li>
</ul>
<p>Percebre la necessitat del plurilingüisme com a eix en la millora personal i professional.</p>

<p>Descripció</p>
<p>L’experiència europea és una estada a un país d’Europa que va més enllà d’un viatge d’estudis tradicional donat que té com a objectiu principal la vivència personal i la interacció directa amb la cultura del país d’acollida. Per tant, és una oportunitat fantàstica perquè els&hellip;  <a href="https://agora.xtec.cat/insllicamunt2/viatges/dublin/" title="Read Experiència europea">Llegeix més»</a></p>
