{"id":2824,"date":"2016-05-04T12:20:13","date_gmt":"2016-05-04T11:20:13","guid":{"rendered":"http:\/\/agora.xtec.cat\/insllicamunt2\/intraweb\/area-info\/"},"modified":"2016-05-05T16:54:09","modified_gmt":"2016-05-05T15:54:09","slug":"area-info","status":"publish","type":"page","link":"https:\/\/agora.xtec.cat\/insllicamunt2\/departaments\/departament-de-ciencies\/area-info\/","title":{"rendered":"\u00c0rea d&#8217;Inform\u00e0tica"},"content":{"rendered":"<p>&nbsp;<\/p>\n<p style=\"text-align: justify;\" align=\"center\"><span style=\"font-size: medium;\"><span style=\"font-family: arial,helvetica,sans-serif;\">El Departament Cient\u00edfic i Tecnol\u00f2gic imparteix la mat\u00e8ria d\u2019inform\u00e0tica a 4rt ESO en la modalitat d\u00b4optativa.<\/span><\/span><\/p>\n<p style=\"text-align: justify;\" align=\"center\"><span style=\"font-size: medium;\"><span style=\"font-family: arial,helvetica,sans-serif;\">Aquesta mat\u00e8ria \u00e9s essencial en el desenvolupament de les TAC i en els bons usos digitals i de les noves tecnologies. Els alumnes aprenen a reflexionar, planificar, treballar i desenvolupar projectes individuals i col\u00b7lectius que potencien les seves capacitats expressives i comunicatives en els processos de recerca d\u00b4informaci\u00f3 i el format multim\u00e8dia.<\/span><\/span><\/p>\n<p style=\"text-align: justify;\" align=\"center\"><span style=\"font-size: medium;\"><span style=\"font-family: arial,helvetica,sans-serif;\">Des de l&#8217;\u00e0rea d&#8217;inform\u00e0tica es vol transmetre als alumnes el bon \u00fas d\u00b4aquestes eines utilitzant el sentit com\u00fa i cr\u00edtic en les intervencions a f\u00f2rums o blogs, i que prenguin consci\u00e8ncia de la formaci\u00f3 en valors, conviv\u00e8ncia i respecte que el centre transmet al conjunt de la comunitat educativa.<\/span><\/span><\/p>\n<p style=\"text-align: justify;\" align=\"center\"><span style=\"font-size: medium;\"><span style=\"font-family: arial,helvetica,sans-serif;\">La proposta did\u00e0ctica que es presenta contempla els blocs definits en el curr\u00edculum oficial, essent l&#8217;aportaci\u00f3 fonamental la seva estructuraci\u00f3 al voltant d&#8217;un projecte que actua com a fil conductor de tot el seu desenvolupament.<\/span><\/span><\/p>\n<p style=\"text-align: justify;\" align=\"center\"><span style=\"font-size: medium;\"><span style=\"font-family: arial,helvetica,sans-serif;\">L&#8217;eix fonamental d&#8217;aquesta proposta \u00e9s un projecte col\u00b7laboratiu perqu\u00e8 l&#8217;alumnat dissenyi i desenvolupi una app per a dispositius m\u00f2bils, integrant els continguts propis de la mat\u00e8ria dins aquest projecte. Es pret\u00e9n establir un fil conductor al llarg de tot el curs que t\u00e9 com a objectiu la resoluci\u00f3 d&#8217;un problema proper a l&#8217;alumnat mitjan\u00e7ant la seva an\u00e0lisi, el desenvolupament de la idea i la proposta d&#8217;aplicaci\u00f3 que es basar\u00e0 en l&#8217;\u00fas de la tecnologia m\u00f2bil.<\/span><\/span><\/p>\n<p style=\"text-align: justify;\" align=\"center\"><span style=\"font-size: medium;\"><span style=\"font-family: arial,helvetica,sans-serif;\">Els materials d&#8217;aquesta proposta did\u00e0ctica han estat patrocinats per la GSMA, dins del programa mSchools, en col\u00b7laboraci\u00f3 amb el Departament d&#8217;Ensenyament de la Generalitat de Catalunya que n&#8217;ha fet l&#8217;elaboraci\u00f3.<\/span><\/span><\/p>\n<p style=\"text-align: justify;\" align=\"center\"><span style=\"font-size: medium;\"><span style=\"font-family: arial,helvetica,sans-serif;\">El curr\u00edculum preceptiu inclou els seg\u00fcents blocs:<\/span><\/span><\/p>\n<p style=\"text-align: justify;\" align=\"center\"><span style=\"font-size: medium;\"><span style=\"font-family: arial,helvetica,sans-serif;\">1. Creaci\u00f3 multim\u00e8dia<\/span><\/span><\/p>\n<p style=\"text-align: justify;\" align=\"center\"><span style=\"font-size: medium;\"><span style=\"font-family: arial,helvetica,sans-serif;\">2. Publicaci\u00f3 i difusi\u00f3 de continguts<\/span><\/span><\/p>\n<p style=\"text-align: justify;\" align=\"center\"><span style=\"font-size: medium;\"><span style=\"font-family: arial,helvetica,sans-serif;\">3. Eines per a la comunicaci\u00f3<\/span><\/span><\/p>\n<table style=\"width: 100%; border: 0px solid #ffffff; border-collapse: collapse;\" cellpadding=\"5\" align=\"absmiddle\">\n<tbody>\n<tr>\n<td style=\"border: 0px solid #ffffff;\" align=\"center\"><img loading=\"lazy\" decoding=\"async\" src=\"http:\/\/agora.xtec.cat\/insllicamunt2\/wp-content\/uploads\/usu1100\/2016\/05\/INFoto1-1024x657.jpeg\" alt=\"\" width=\"250\" height=\"183\" \/><\/td>\n<td style=\"border: 0px solid #ffffff;\" align=\"center\"><img loading=\"lazy\" decoding=\"async\" src=\"http:\/\/agora.xtec.cat\/insllicamunt2\/wp-content\/uploads\/usu1100\/2016\/05\/INFoto2-1024x638.jpeg\" alt=\"\" width=\"250\" height=\"183\" \/><\/td>\n<td style=\"border: 0px solid #ffffff;\" align=\"center\"><img loading=\"lazy\" decoding=\"async\" src=\"http:\/\/agora.xtec.cat\/insllicamunt2\/wp-content\/uploads\/usu1100\/2016\/05\/INFoto3-1024x651.jpeg\" alt=\"\" width=\"250\" height=\"183\" \/><\/td>\n<\/tr>\n<\/tbody>\n<\/table>\n<p>&nbsp;<\/p>\n","protected":false},"excerpt":{"rendered":"<p>&nbsp;<br \/>\nEl Departament Cient\u00edfic i Tecnol\u00f2gic imparteix la mat\u00e8ria d\u2019inform\u00e0tica a 4rt ESO en la modalitat d\u00b4optativa.<br \/>\nAquesta mat\u00e8ria \u00e9s essencial en el desenvolupament de les TAC i en els bons usos digitals i de les noves tecnologies. Els alumnes aprenen a reflexionar, planificar, treballar i desenvolupar&hellip;  <a href=\"https:\/\/agora.xtec.cat\/insllicamunt2\/departaments\/departament-de-ciencies\/area-info\/\" title=\"Read \u00c0rea d&#8217;Inform\u00e0tica\">Llegeix m\u00e9s\u00bb<\/a><\/p>\n","protected":false},"author":1,"featured_media":0,"parent":2764,"menu_order":3,"comment_status":"closed","ping_status":"closed","template":"page-templates\/side-menu.php","meta":{"_bbp_topic_count":0,"_bbp_reply_count":0,"_bbp_total_topic_count":0,"_bbp_total_reply_count":0,"_bbp_voice_count":0,"_bbp_anonymous_reply_count":0,"_bbp_topic_count_hidden":0,"_bbp_reply_count_hidden":0,"_bbp_forum_subforum_count":0,"footnotes":""},"class_list":["post-2824","page","type-page","status-publish","hentry"],"post_mailing_queue_ids":[],"_links":{"self":[{"href":"https:\/\/agora.xtec.cat\/insllicamunt2\/wp-json\/wp\/v2\/pages\/2824","targetHints":{"allow":["GET"]}}],"collection":[{"href":"https:\/\/agora.xtec.cat\/insllicamunt2\/wp-json\/wp\/v2\/pages"}],"about":[{"href":"https:\/\/agora.xtec.cat\/insllicamunt2\/wp-json\/wp\/v2\/types\/page"}],"author":[{"embeddable":true,"href":"https:\/\/agora.xtec.cat\/insllicamunt2\/wp-json\/wp\/v2\/users\/1"}],"replies":[{"embeddable":true,"href":"https:\/\/agora.xtec.cat\/insllicamunt2\/wp-json\/wp\/v2\/comments?post=2824"}],"version-history":[{"count":3,"href":"https:\/\/agora.xtec.cat\/insllicamunt2\/wp-json\/wp\/v2\/pages\/2824\/revisions"}],"predecessor-version":[{"id":3145,"href":"https:\/\/agora.xtec.cat\/insllicamunt2\/wp-json\/wp\/v2\/pages\/2824\/revisions\/3145"}],"up":[{"embeddable":true,"href":"https:\/\/agora.xtec.cat\/insllicamunt2\/wp-json\/wp\/v2\/pages\/2764"}],"wp:attachment":[{"href":"https:\/\/agora.xtec.cat\/insllicamunt2\/wp-json\/wp\/v2\/media?parent=2824"}],"curies":[{"name":"wp","href":"https:\/\/api.w.org\/{rel}","templated":true}]}}

Àrea d&#8217;Informàtica

<p>&nbsp;</p>
<p style="text-align: justify;" align="center"><span style="font-size: medium;"><span style="font-family: arial,helvetica,sans-serif;">El Departament Científic i Tecnològic imparteix la matèria d’informàtica a 4rt ESO en la modalitat d´optativa.</span></span></p>
<p style="text-align: justify;" align="center"><span style="font-size: medium;"><span style="font-family: arial,helvetica,sans-serif;">Aquesta matèria és essencial en el desenvolupament de les TAC i en els bons usos digitals i de les noves tecnologies. Els alumnes aprenen a reflexionar, planificar, treballar i desenvolupar projectes individuals i col·lectius que potencien les seves capacitats expressives i comunicatives en els processos de recerca d´informació i el format multimèdia.</span></span></p>
<p style="text-align: justify;" align="center"><span style="font-size: medium;"><span style="font-family: arial,helvetica,sans-serif;">Des de l&#8217;àrea d&#8217;informàtica es vol transmetre als alumnes el bon ús d´aquestes eines utilitzant el sentit comú i crític en les intervencions a fòrums o blogs, i que prenguin consciència de la formació en valors, convivència i respecte que el centre transmet al conjunt de la comunitat educativa.</span></span></p>
<p style="text-align: justify;" align="center"><span style="font-size: medium;"><span style="font-family: arial,helvetica,sans-serif;">La proposta didàctica que es presenta contempla els blocs definits en el currículum oficial, essent l&#8217;aportació fonamental la seva estructuració al voltant d&#8217;un projecte que actua com a fil conductor de tot el seu desenvolupament.</span></span></p>
<p style="text-align: justify;" align="center"><span style="font-size: medium;"><span style="font-family: arial,helvetica,sans-serif;">L&#8217;eix fonamental d&#8217;aquesta proposta és un projecte col·laboratiu perquè l&#8217;alumnat dissenyi i desenvolupi una app per a dispositius mòbils, integrant els continguts propis de la matèria dins aquest projecte. Es pretén establir un fil conductor al llarg de tot el curs que té com a objectiu la resolució d&#8217;un problema proper a l&#8217;alumnat mitjançant la seva anàlisi, el desenvolupament de la idea i la proposta d&#8217;aplicació que es basarà en l&#8217;ús de la tecnologia mòbil.</span></span></p>
<p style="text-align: justify;" align="center"><span style="font-size: medium;"><span style="font-family: arial,helvetica,sans-serif;">Els materials d&#8217;aquesta proposta didàctica han estat patrocinats per la GSMA, dins del programa mSchools, en col·laboració amb el Departament d&#8217;Ensenyament de la Generalitat de Catalunya que n&#8217;ha fet l&#8217;elaboració.</span></span></p>
<p style="text-align: justify;" align="center"><span style="font-size: medium;"><span style="font-family: arial,helvetica,sans-serif;">El currículum preceptiu inclou els següents blocs:</span></span></p>
<p style="text-align: justify;" align="center"><span style="font-size: medium;"><span style="font-family: arial,helvetica,sans-serif;">1. Creació multimèdia</span></span></p>
<p style="text-align: justify;" align="center"><span style="font-size: medium;"><span style="font-family: arial,helvetica,sans-serif;">2. Publicació i difusió de continguts</span></span></p>
<p style="text-align: justify;" align="center"><span style="font-size: medium;"><span style="font-family: arial,helvetica,sans-serif;">3. Eines per a la comunicació</span></span></p>
<table style="width: 100%; border: 0px solid #ffffff; border-collapse: collapse;" cellpadding="5" align="absmiddle">
<tbody>
<tr>
<td style="border: 0px solid #ffffff;" align="center"><img loading="lazy" decoding="async" src="http://agora.xtec.cat/insllicamunt2/wp-content/uploads/usu1100/2016/05/INFoto1-1024x657.jpeg" alt="" width="250" height="183" /></td>
<td style="border: 0px solid #ffffff;" align="center"><img loading="lazy" decoding="async" src="http://agora.xtec.cat/insllicamunt2/wp-content/uploads/usu1100/2016/05/INFoto2-1024x638.jpeg" alt="" width="250" height="183" /></td>
<td style="border: 0px solid #ffffff;" align="center"><img loading="lazy" decoding="async" src="http://agora.xtec.cat/insllicamunt2/wp-content/uploads/usu1100/2016/05/INFoto3-1024x651.jpeg" alt="" width="250" height="183" /></td>
</tr>
</tbody>
</table>
<p>&nbsp;</p>

<p>&nbsp;<br />
El Departament Científic i Tecnològic imparteix la matèria d’informàtica a 4rt ESO en la modalitat d´optativa.<br />
Aquesta matèria és essencial en el desenvolupament de les TAC i en els bons usos digitals i de les noves tecnologies. Els alumnes aprenen a reflexionar, planificar, treballar i desenvolupar&hellip;  <a href="https://agora.xtec.cat/insllicamunt2/departaments/departament-de-ciencies/area-info/" title="Read Àrea d&#8217;Informàtica">Llegeix més»</a></p>
