{"id":2788,"date":"2016-05-04T12:20:05","date_gmt":"2016-05-04T11:20:05","guid":{"rendered":"http:\/\/agora.xtec.cat\/insllicamunt2\/intraweb\/nofc\/"},"modified":"2019-11-06T14:08:04","modified_gmt":"2019-11-06T13:08:04","slug":"nofc","status":"publish","type":"page","link":"https:\/\/agora.xtec.cat\/insllicamunt2\/linstitut\/nofc\/","title":{"rendered":"Conviv\u00e8ncia al centre"},"content":{"rendered":"<p>&nbsp;<\/p>\n<div align=\"center\">\n<p align=\"justify\"><span style=\"font-size: medium;\"><span style=\"font-family: arial,helvetica,sans-serif;\">El <span style=\"color: #165878;\">Projecte de Conviv\u00e8ncia<\/span> (PdC) t\u00e9 com a finalitat fonamental \u201ceducar \u00edntegrament l&#8217;alumnat i establir estrat\u00e8gies o d&#8217;intervenci\u00f3 que contribueixin a la millora de la conviv\u00e8ncia\u201d.<\/span><\/span><\/p>\n<p align=\"justify\"><span style=\"font-size: medium;\"><span style=\"font-family: arial,helvetica,sans-serif;\"> &#8211; <span style=\"color: #165878;\">Conviv\u00e8ncia<\/span>: Acci\u00f3 de conviure.<\/span><\/span><\/p>\n<p align=\"justify\"><span style=\"font-size: medium;\"><span style=\"font-family: arial,helvetica,sans-serif;\">&#8211; <span style=\"color: #165878;\">Conviure<\/span>: Viure plegats.<\/span><\/span><\/p>\n<p align=\"justify\"><span style=\"font-size: medium;\"><span style=\"font-family: arial,helvetica,sans-serif;\">El Projecte de Conviv\u00e8ncia est\u00e0 basat en tres pilars fonamentals:<\/span><\/span><\/p>\n<p align=\"justify\"><span style=\"font-size: medium;\"><span style=\"font-family: arial,helvetica,sans-serif;\">1. L&#8217;educaci\u00f3 ha de proporcionar a les persones la capacitat d&#8217;assumir els seus deures i exercir els seus drets dels principis democr\u00e0tics de la conviv\u00e8ncia, basats en el respecte a la llibertat dels altres i l&#8217;\u00fas responsable de la toler\u00e0ncia i la solidaritat.<\/span><\/span><\/p>\n<p align=\"justify\"><span style=\"font-size: medium;\"><span style=\"font-family: arial,helvetica,sans-serif;\">2. L&#8217;INS t\u00e9 com a finalitat \u00faltima l&#8217;educaci\u00f3 integral del seu alumnat i un dels objectius fonamentals \u00e9s \u201cl&#8217;aprenentatge i el tractament dels conflictes des de la perspectiva d&#8217;una cultura pac\u00edfica, basada en el di\u00e0leg, la just\u00edcia, la solidaritat i la toler\u00e0ncia\u201d.<\/span><\/span><\/p>\n<p align=\"justify\"><span style=\"font-size: medium;\"><span style=\"font-family: arial,helvetica,sans-serif;\">3. Establir normes que no obstaculitzin ni incitin a la rebel\u00b7lia, sin\u00f3 que, pel contrari, s&#8217;assumeixin com a pr\u00f2pies i ajudin a enriquir, tant a nivell personal, exercint una llibertat responsable, com en les nostres relacions amb els altres, des del respecte a la seva llibertat.<\/span><\/span><\/p>\n<table style=\"width: 100%; border: 0px solid #ffffff; border-collapse: collapse;\" cellpadding=\"5\" align=\"absmiddle\">\n<tbody>\n<tr>\n<td style=\"border: 0px solid #ffffff;\" align=\"center\"><img loading=\"lazy\" decoding=\"async\" src=\"http:\/\/agora.xtec.cat\/insllicamunt2\/wp-content\/uploads\/usu1100\/2016\/05\/NOFCfoto.jpg\" alt=\"\" width=\"310\" height=\"232\" \/><\/td>\n<td style=\"border: 0px solid #ffffff;\" align=\"center\"><img loading=\"lazy\" decoding=\"async\" src=\"http:\/\/agora.xtec.cat\/insllicamunt2\/wp-content\/uploads\/usu1100\/2016\/05\/NOFCfoto2.jpg\" alt=\"\" width=\"310\" height=\"232\" \/><\/td>\n<\/tr>\n<\/tbody>\n<\/table>\n<p align=\"justify\"><span style=\"font-size: medium;\"><span style=\"font-family: arial,helvetica,sans-serif;\">El Projecte de Conviv\u00e8ncia \u00e9s un instrument de gesti\u00f3 que reflecteix les accions que el centre educatiu desenvolupa, de forma integral i global, per capacitar l\u2019alumnat i la comunitat educativa en tres l\u00ednies d\u2019intervenci\u00f3:<\/span><\/span><\/p>\n<ul>\n<li>\n<p align=\"justify\"><span style=\"font-size: medium;\"><span style=\"font-family: arial,helvetica,sans-serif;\"><span style=\"color: #165878;\"><strong>Valors i actituds<\/strong><\/span>, afavoridors de la conviv\u00e8ncia perqu\u00e8 contribueixen a crear un bon clima escolar, que ajuden a fer que l\u2019alumnat sigui competent en la relaci\u00f3 amb si mateix, amb els altres i amb el m\u00f3n, i propicien l\u2019\u00e8xit acad\u00e8mic, personal, social i laboral. Els aspectes que es tracten en aquest apartat s\u00f3n els seg\u00fcents:<\/span><\/span><\/p>\n<div align=\"justify\">\n<ul>\n<li style=\"list-style-type: none;\">\n<ul>\n<li>\n<p align=\"justify\"><span style=\"font-size: medium;\"><span style=\"font-family: arial,helvetica,sans-serif;\">Acollida<\/span><\/span><\/p>\n<\/li>\n<li>\n<p align=\"justify\"><span style=\"font-size: medium;\"><span style=\"font-family: arial,helvetica,sans-serif;\">Coeducaci\u00f3<\/span><\/span><\/p>\n<\/li>\n<li>\n<p align=\"justify\"><span style=\"font-size: medium;\"><span style=\"font-family: arial,helvetica,sans-serif;\">Compet\u00e8ncia social<\/span><\/span><\/p>\n<\/li>\n<li>\n<p align=\"justify\"><span style=\"font-size: medium;\"><span style=\"font-family: arial,helvetica,sans-serif;\">Comunicaci\u00f3<\/span><\/span><\/p>\n<\/li>\n<li>\n<p align=\"justify\"><span style=\"font-size: medium;\"><span style=\"font-family: arial,helvetica,sans-serif;\">Educaci\u00f3 antiracista<\/span><\/span><\/p>\n<\/li>\n<li>\n<p align=\"justify\"><span style=\"font-size: medium;\"><span style=\"font-family: arial,helvetica,sans-serif;\">Educaci\u00f3 emocional<\/span><\/span><\/p>\n<\/li>\n<li>\n<p align=\"justify\"><span style=\"font-size: medium;\"><span style=\"font-family: arial,helvetica,sans-serif;\">Educaci\u00f3 per a la pau<\/span><\/span><\/p>\n<\/li>\n<li>\n<p align=\"justify\"><span style=\"font-size: medium;\"><span style=\"font-family: arial,helvetica,sans-serif;\">Inclusi\u00f3<\/span><\/span><\/p>\n<\/li>\n<li>\n<p align=\"justify\"><span style=\"font-size: medium;\"><span style=\"font-family: arial,helvetica,sans-serif;\">Mediaci\u00f3 escolar<\/span><\/span><\/p>\n<\/li>\n<\/ul>\n<\/li>\n<\/ul>\n<\/div>\n<\/li>\n<\/ul>\n<ul>\n<li style=\"text-align: justify;\"><span style=\"font-size: medium;\"><span style=\"font-family: arial,helvetica,sans-serif;\"><span style=\"color: #165878;\"><strong>Resoluci\u00f3 de conflictes<\/strong><\/span> per abordar de manera efectiva les tensions inevitables del dia a dia i proposar accions i protocols per a la reconciliaci\u00f3 entre les parts, reparar els danys i establir les bases per evitar-ne la repetici\u00f3. Els aspectes que es tracten en aquest apartat s\u00f3n els seg\u00fcents:<\/span><\/span><\/li>\n<\/ul>\n<ul>\n<li style=\"list-style-type: none;\">\n<ul>\n<li style=\"list-style-type: none;\">\n<ul>\n<li>\n<p align=\"justify\"><span style=\"font-size: medium;\"><span style=\"font-family: arial,helvetica,sans-serif;\">Absentisme<\/span><\/span><\/p>\n<\/li>\n<li>\n<p align=\"justify\"><span style=\"font-size: medium;\"><span style=\"font-family: arial,helvetica,sans-serif;\">Conflictes lleus<\/span><\/span><\/p>\n<\/li>\n<li>\n<p align=\"justify\"><span style=\"font-size: medium;\"><span style=\"font-family: arial,helvetica,sans-serif;\">Conflictes greus i molt greus<\/span><\/span><\/p>\n<\/li>\n<\/ul>\n<\/li>\n<\/ul>\n<\/li>\n<\/ul>\n<ul>\n<li style=\"text-align: justify;\"><span style=\"font-size: medium;\"><span style=\"font-family: arial,helvetica,sans-serif;\">Un <span style=\"color: #165878;\"><strong>marc organitzatiu<\/strong><\/span> que gestioni, faciliti, articuli i doni sentit tant a les actuacions com als processos i que potenci\u00ef un clima participatiu, positiu i creatiu. Els aspectes que es tracten en aquest apartat s\u00f3n els seg\u00fcents:<\/span><\/span><\/li>\n<\/ul>\n<ul>\n<li style=\"list-style-type: none;\">\n<ul>\n<li style=\"list-style-type: none;\">\n<ul>\n<li>\n<p align=\"justify\"><span style=\"font-size: medium;\"><span style=\"font-family: arial,helvetica,sans-serif;\">Participaci\u00f3<\/span><\/span><\/p>\n<\/li>\n<li>\n<p align=\"justify\"><span style=\"font-size: medium;\"><span style=\"font-family: arial,helvetica,sans-serif;\">Estructura i gesti\u00f3 de recursos<\/span><\/span><\/p>\n<\/li>\n<li>\n<p align=\"justify\"><span style=\"font-size: medium;\"><span style=\"font-family: arial,helvetica,sans-serif;\">Normativa<\/span><\/span><\/p>\n<\/li>\n<\/ul>\n<\/li>\n<\/ul>\n<\/li>\n<\/ul>\n<p align=\"justify\"><span style=\"font-size: medium;\"><span style=\"font-family: arial,helvetica,sans-serif;\">Aquestes accions poden anar adre\u00e7ades a la millora de la conviv\u00e8ncia a l\u2019aula, al centre o a l\u2019entorn, amb el benent\u00e8s que la permeabilitat entre aquests tres \u00e0mbits d\u2019intervenci\u00f3 afavoreix la transfer\u00e8ncia d\u2019aprenentatges, valors, creences, actituds i h\u00e0bits relacionals.<\/span><\/span><\/p>\n<\/div>\n<p>Les normes per les quals ens regim i amb les quals funcionem s\u00f3n les <a href=\"https:\/\/drive.google.com\/file\/d\/0B4fsMFZ3y2BkUk02QklORUlNLXF5dGxvR3JEV1BMNm5oM3Fz\/view?usp=sharing\" target=\"_blank\" rel=\"noopener noreferrer\">NOFC<\/a>.<\/p>\n","protected":false},"excerpt":{"rendered":"<p>&nbsp;<\/p>\n<p>El Projecte de Conviv\u00e8ncia (PdC) t\u00e9 com a finalitat fonamental \u201ceducar \u00edntegrament l&#8217;alumnat i establir estrat\u00e8gies o d&#8217;intervenci\u00f3 que contribueixin a la millora de la conviv\u00e8ncia\u201d.<br \/>\n &#8211; Conviv\u00e8ncia: Acci\u00f3 de conviure.<br \/>\n&#8211; Conviure: Viure plegats.<br \/>\nEl Projecte de Conviv\u00e8ncia est\u00e0 basat en tres pilars fonamentals:<br \/>\n1. L&#8217;educaci\u00f3 ha&hellip;  <a href=\"https:\/\/agora.xtec.cat\/insllicamunt2\/linstitut\/nofc\/\" title=\"Read Conviv\u00e8ncia al centre\">Llegeix m\u00e9s\u00bb<\/a><\/p>\n","protected":false},"author":1,"featured_media":0,"parent":10464,"menu_order":6,"comment_status":"closed","ping_status":"closed","template":"page-templates\/side-menu.php","meta":{"_bbp_topic_count":0,"_bbp_reply_count":0,"_bbp_total_topic_count":0,"_bbp_total_reply_count":0,"_bbp_voice_count":0,"_bbp_anonymous_reply_count":0,"_bbp_topic_count_hidden":0,"_bbp_reply_count_hidden":0,"_bbp_forum_subforum_count":0,"footnotes":""},"class_list":["post-2788","page","type-page","status-publish","hentry"],"post_mailing_queue_ids":[],"_links":{"self":[{"href":"https:\/\/agora.xtec.cat\/insllicamunt2\/wp-json\/wp\/v2\/pages\/2788","targetHints":{"allow":["GET"]}}],"collection":[{"href":"https:\/\/agora.xtec.cat\/insllicamunt2\/wp-json\/wp\/v2\/pages"}],"about":[{"href":"https:\/\/agora.xtec.cat\/insllicamunt2\/wp-json\/wp\/v2\/types\/page"}],"author":[{"embeddable":true,"href":"https:\/\/agora.xtec.cat\/insllicamunt2\/wp-json\/wp\/v2\/users\/1"}],"replies":[{"embeddable":true,"href":"https:\/\/agora.xtec.cat\/insllicamunt2\/wp-json\/wp\/v2\/comments?post=2788"}],"version-history":[{"count":3,"href":"https:\/\/agora.xtec.cat\/insllicamunt2\/wp-json\/wp\/v2\/pages\/2788\/revisions"}],"predecessor-version":[{"id":10075,"href":"https:\/\/agora.xtec.cat\/insllicamunt2\/wp-json\/wp\/v2\/pages\/2788\/revisions\/10075"}],"up":[{"embeddable":true,"href":"https:\/\/agora.xtec.cat\/insllicamunt2\/wp-json\/wp\/v2\/pages\/10464"}],"wp:attachment":[{"href":"https:\/\/agora.xtec.cat\/insllicamunt2\/wp-json\/wp\/v2\/media?parent=2788"}],"curies":[{"name":"wp","href":"https:\/\/api.w.org\/{rel}","templated":true}]}}