{"id":2775,"date":"2016-05-04T12:20:04","date_gmt":"2016-05-04T11:20:04","guid":{"rendered":"http:\/\/agora.xtec.cat\/insllicamunt2\/intraweb\/projecte-plurilingue\/"},"modified":"2016-05-06T13:33:17","modified_gmt":"2016-05-06T12:33:17","slug":"projecte-plurilingue","status":"publish","type":"page","link":"https:\/\/agora.xtec.cat\/insllicamunt2\/institut-hipatia-dalexandria\/projecte-plurilingue\/","title":{"rendered":"Projecte Pluriling\u00fce"},"content":{"rendered":"<p>&nbsp;<\/p>\n<div align=\"center\">\n<p style=\"text-align: justify;\"><em><span style=\"font-size: medium;\"><span style=\"font-family: arial,helvetica,sans-serif;\"><span style=\"color: #165878;\"><strong>Descripci\u00f3<\/strong><\/span><\/span><\/span><\/em><\/p>\n<p style=\"text-align: justify;\"><span style=\"font-size: medium;\"><span style=\"font-family: arial,helvetica,sans-serif;\">Un dels pilars fonamentals per esdevenir ciutadans del m\u00f3n cr\u00edtics amb all\u00f2 que ens envolta i les circumst\u00e0ncies que ens afecten en una realitat ja tan globalitzada \u00e9s, sens dubte, recon\u00e8ixer-nos com a membres de la nostra realitat m\u00e9s propera i prendre consci\u00e8ncia reflexiva de la pertinen\u00e7a a una realitat molt m\u00e9s \u00e0mplia. Com a \u00e9ssers humans hem de desenvolupar la capacitat de conviure en un m\u00f3n ple de difer\u00e8ncies entre iguals i ple de similituds tot i semblar diferents.<\/span><\/span><\/p>\n<p style=\"text-align: justify;\"><span style=\"font-size: medium;\"><span style=\"font-family: arial,helvetica,sans-serif;\">\u00c9s, per tant, objectiu principal d\u2019aquest projecte de s\u00edntesi contribuir a adquirir els valors i actituds necessaris que ens han de permetre esdevenir individus capa\u00e7os de comprendre, reflexionar, criticar i conviure amb la i les realitats que dibuixen el nostre petit i gran univers.<\/span><\/span><\/p>\n<p style=\"text-align: justify;\"><span style=\"font-size: medium;\"><span style=\"font-family: arial,helvetica,sans-serif;\">L\u2019estructura del projecte es divideix, doncs, en diferents blocs i per\u00edodes del curs. Un primer bloc que es duu a terme durant tot l\u2019any correspon a aquells aspectes relatius a la nostra realitat m\u00e9s propera. Con\u00e8ixer en profunditat les arrels que ens expliquen com a persones \u00e9s fonamental per poder identificar-nos com a membres d\u2019una comunitat amb tradicions, lleng\u00fces, espais i manifestacions culturals comunes. Aquest primer bloc, doncs, se centra en l\u2019estudi del municipi i la regi\u00f3 en qu\u00e8 vivim, tot atenent el m\u00e0xim nombre d\u2019aspectes que puguin ser d\u2019inter\u00e8s i rellev\u00e0ncia per a la recerca. Paral\u00b7lelament, aquest estudi t\u00e9 voluntat de ser compartit i dif\u00f3s amb altres institucions i s\u2019utilitzen diferents entorns visuals com s\u00f3n els blocs.<\/span><\/span><\/p>\n<p style=\"text-align: justify;\"><span style=\"font-size: medium;\"><span style=\"font-family: arial,helvetica,sans-serif;\"> El projecte s\u2019amplia amb la visita a una capital europea, una activitat enfocada a poder obrir una finestra al m\u00f3n. Per una banda, aprofundim en una de les ciutats referent del nostre entorn, Barcelona. Sens dubte, una ciutat propera i patrimoni de la nostra cultura, per\u00f2 de vegades ben desconeguda i poc descoberta, una ciutat ben propera per\u00f2 alhora pot resultar llunyana per a la nostra comunitat. Per una altra banda, proposem la visita a una ciutat estrangera, Dubl\u00edn. La visita ens ha de permetre con\u00e8ixer indrets fora de la nostra quotidianitat que viuen en una realitat ling\u00fc\u00edstica, social i pol\u00edtica semblant a la nostra. Durant aquestes visites, hem de posar en pr\u00e0ctica una s\u00e8rie de tasques recollides en el quadern de treball aleshores ja preparat i treballat amb anterioritat i consolidar i experimentar in situ molts dels continguts i coneixements discutits pr\u00e8viament.<\/span><\/span><\/p>\n<p style=\"text-align: justify;\"><span style=\"font-size: medium;\"><span style=\"font-family: arial,helvetica,sans-serif;\">Un cop acabada la setmana dedicada a visitar aquestes capitals europees, dediquem temps a l\u2019aula per enllestir tasques que han de reflectir la feina duta a terme al llarg del curs i durant els dies de visita d\u2019estudi, tot incidint en aspectes m\u00e9s reflexius i de caire cr\u00edtic respecte a l\u2019objectiu central d\u2019aquest projecte. <\/span><\/span><span style=\"font-size: medium;\"><span style=\"font-family: arial,helvetica,sans-serif;\"><br \/>\n<\/span><\/span><\/p>\n<p style=\"text-align: justify;\"><em><span style=\"font-size: medium;\"><span style=\"font-family: arial,helvetica,sans-serif;\"><span style=\"color: #165878;\"><strong>Objectius<\/strong><\/span><\/span><\/span><\/em><\/p>\n<ul style=\"list-style-type: circle;\">\n<li style=\"text-align: justify;\"><span style=\"font-size: medium;\"><span style=\"font-family: arial,helvetica,sans-serif;\">Fer \u00fas pragm\u00e0tic de les lleng\u00fces en conviv\u00e8ncia a Catalunya.<\/span><\/span><\/li>\n<li style=\"text-align: justify;\"><span style=\"font-size: medium;\"><span style=\"font-family: arial,helvetica,sans-serif;\">Con\u00e8ixer la realitat ling\u00fc\u00edstica pr\u00f2pia, de Barcelona ciutat i d\u2019una capital europea.<\/span><\/span><\/li>\n<li style=\"text-align: justify;\"><span style=\"font-size: medium;\"><span style=\"font-family: arial,helvetica,sans-serif;\">Comparar la realitat ling\u00fc\u00edstica de l\u2019entorn m\u00e9s proper amb la situaci\u00f3 m\u00e9s global.<\/span><\/span><\/li>\n<li style=\"text-align: justify;\"><span style=\"font-size: medium;\"><span style=\"font-family: arial,helvetica,sans-serif;\">Treballar l\u2019\u00e0mbit cultural del seu entorn des de la perspectiva de la globalitat.<\/span><\/span><\/li>\n<li style=\"text-align: justify;\"><span style=\"font-size: medium;\"><span style=\"font-family: arial,helvetica,sans-serif;\">Fer \u00fas de les TAC com a mitj\u00e0 de treball habitual.<\/span><\/span><\/li>\n<li style=\"text-align: justify;\"><span style=\"font-size: medium;\"><span style=\"font-family: arial,helvetica,sans-serif;\">Con\u00e8ixer i produir textos escrits i audiovisuals de caire period\u00edstic.<\/span><\/span><\/li>\n<li style=\"text-align: justify;\"><span style=\"font-size: medium;\"><span style=\"font-family: arial,helvetica,sans-serif;\">Millorar l\u2019\u00fas de les lleng\u00fces en contacte.<\/span><\/span><\/li>\n<li style=\"text-align: justify;\"><span style=\"font-size: medium;\"><span style=\"font-family: arial,helvetica,sans-serif;\">Con\u00e8ixer realitats ling\u00fc\u00edstiques d\u2019altres pa\u00efsos.<\/span><\/span><\/li>\n<li style=\"text-align: justify;\"><span style=\"font-size: medium;\"><span style=\"font-family: arial,helvetica,sans-serif;\">Descobrir la riquesa geogr\u00e0fica i hist\u00f2rica de dues regions distants entre elles.<\/span><\/span><\/li>\n<li style=\"text-align: justify;\"><span style=\"font-size: medium;\"><span style=\"font-family: arial,helvetica,sans-serif;\">Con\u00e8ixer la gran ciutat des de diferents punts de vista: tur\u00edstic, art\u00edstic, cultural, de comunicaci\u00f3,&#8230;<\/span><\/span><\/li>\n<li style=\"text-align: justify;\"><span style=\"font-size: medium;\"><span style=\"font-family: arial,helvetica,sans-serif;\">Con\u00e8ixer la nostra realitat m\u00e9s propera, Lli\u00e7\u00e0 d\u2019Amunt.<\/span><\/span><\/li>\n<li style=\"text-align: justify;\"><span style=\"font-size: medium;\"><span style=\"font-family: arial,helvetica,sans-serif;\">Con\u00e8ixer Barcelona, com a capital de prov\u00edncia.<\/span><\/span><\/li>\n<li style=\"text-align: justify;\"><span style=\"font-size: medium;\"><span style=\"font-family: arial,helvetica,sans-serif;\">Con\u00e8ixer Dubl\u00edn, com a capital europea.<\/span><\/span><\/li>\n<li style=\"text-align: justify;\"><span style=\"font-size: medium;\"><span style=\"font-family: arial,helvetica,sans-serif;\">Interferir coincid\u00e8ncies ling\u00fc\u00edstiques, socials i culturals entre les diferents ciutats. <\/span><\/span><span style=\"font-size: medium;\"><span style=\"font-family: arial,helvetica,sans-serif;\"><br \/>\n<\/span><\/span><\/li>\n<\/ul>\n<p style=\"text-align: justify;\"><em><span style=\"font-size: medium;\"><span style=\"font-family: arial,helvetica,sans-serif;\"><span style=\"color: #165878;\"><strong>Temporitzaci\u00f3<\/strong><\/span><\/span><\/span><\/em><\/p>\n<p style=\"text-align: justify;\"><span style=\"font-size: medium;\"><span style=\"font-family: arial,helvetica,sans-serif;\">La seq\u00fc\u00e8ncia temporal del projecte \u00e9s:<br \/>\n<\/span><\/span><\/p>\n<p align=\"center\"><img loading=\"lazy\" decoding=\"async\" src=\"http:\/\/agora.xtec.cat\/insllicamunt2\/wp-content\/uploads\/usu1100\/2016\/05\/taulaprojpluriling.jpg\" alt=\"Entrada de l'Institut\" width=\"600\" height=\"356\" \/><\/p>\n<p style=\"text-align: justify;\"><em><span style=\"font-size: medium;\"><span style=\"font-family: arial,helvetica,sans-serif;\"><span style=\"color: #165878;\"><strong>Cursos destinataris<br \/>\n<\/strong><\/span><\/span><\/span><\/em><\/p>\n<p style=\"text-align: justify;\"><span style=\"font-size: medium;\"><span style=\"font-family: arial,helvetica,sans-serif;\">3r d&#8217;ESO<br \/>\n<\/span><\/span><\/p>\n<\/div>\n<table style=\"width: 100%; border: 0px solid #ffffff; border-collapse: collapse;\" cellpadding=\"5\" align=\"absmiddle\">\n<tbody>\n<tr>\n<td style=\"border: 0px solid #ffffff;\" align=\"center\"><img loading=\"lazy\" decoding=\"async\" src=\"http:\/\/agora.xtec.cat\/insllicamunt2\/wp-content\/uploads\/usu1100\/2016\/05\/ProjPluri1.jpg\" alt=\"\" width=\"252\" height=\"189\" \/><\/td>\n<td style=\"border: 0px solid #ffffff;\" align=\"center\"><img loading=\"lazy\" decoding=\"async\" src=\"http:\/\/agora.xtec.cat\/insllicamunt2\/wp-content\/uploads\/usu1100\/2016\/05\/ProjPluri2.jpg\" alt=\"\" width=\"252\" height=\"189\" \/><\/td>\n<td style=\"border: 0px solid #ffffff;\" align=\"center\"><img loading=\"lazy\" decoding=\"async\" src=\"http:\/\/agora.xtec.cat\/insllicamunt2\/wp-content\/uploads\/usu1100\/2016\/05\/ProjPluri3.jpg\" alt=\"\" width=\"252\" height=\"189\" \/><\/td>\n<\/tr>\n<\/tbody>\n<\/table>\n<p align=\"justify\">\n<p>&nbsp;<\/p>\n","protected":false},"excerpt":{"rendered":"<p>&nbsp;<\/p>\n<p>Descripci\u00f3<br \/>\nUn dels pilars fonamentals per esdevenir ciutadans del m\u00f3n cr\u00edtics amb all\u00f2 que ens envolta i les circumst\u00e0ncies que ens afecten en una realitat ja tan globalitzada \u00e9s, sens dubte, recon\u00e8ixer-nos com a membres de la nostra realitat m\u00e9s propera i prendre consci\u00e8ncia reflexiva de&hellip;  <a href=\"https:\/\/agora.xtec.cat\/insllicamunt2\/institut-hipatia-dalexandria\/projecte-plurilingue\/\" title=\"Read Projecte Pluriling\u00fce\">Llegeix m\u00e9s\u00bb<\/a><\/p>\n","protected":false},"author":1,"featured_media":0,"parent":2697,"menu_order":14,"comment_status":"closed","ping_status":"closed","template":"page-templates\/side-menu.php","meta":{"_bbp_topic_count":0,"_bbp_reply_count":0,"_bbp_total_topic_count":0,"_bbp_total_reply_count":0,"_bbp_voice_count":0,"_bbp_anonymous_reply_count":0,"_bbp_topic_count_hidden":0,"_bbp_reply_count_hidden":0,"_bbp_forum_subforum_count":0,"footnotes":""},"class_list":["post-2775","page","type-page","status-publish","hentry"],"post_mailing_queue_ids":[],"_links":{"self":[{"href":"https:\/\/agora.xtec.cat\/insllicamunt2\/wp-json\/wp\/v2\/pages\/2775","targetHints":{"allow":["GET"]}}],"collection":[{"href":"https:\/\/agora.xtec.cat\/insllicamunt2\/wp-json\/wp\/v2\/pages"}],"about":[{"href":"https:\/\/agora.xtec.cat\/insllicamunt2\/wp-json\/wp\/v2\/types\/page"}],"author":[{"embeddable":true,"href":"https:\/\/agora.xtec.cat\/insllicamunt2\/wp-json\/wp\/v2\/users\/1"}],"replies":[{"embeddable":true,"href":"https:\/\/agora.xtec.cat\/insllicamunt2\/wp-json\/wp\/v2\/comments?post=2775"}],"version-history":[{"count":2,"href":"https:\/\/agora.xtec.cat\/insllicamunt2\/wp-json\/wp\/v2\/pages\/2775\/revisions"}],"predecessor-version":[{"id":3176,"href":"https:\/\/agora.xtec.cat\/insllicamunt2\/wp-json\/wp\/v2\/pages\/2775\/revisions\/3176"}],"up":[{"embeddable":true,"href":"https:\/\/agora.xtec.cat\/insllicamunt2\/wp-json\/wp\/v2\/pages\/2697"}],"wp:attachment":[{"href":"https:\/\/agora.xtec.cat\/insllicamunt2\/wp-json\/wp\/v2\/media?parent=2775"}],"curies":[{"name":"wp","href":"https:\/\/api.w.org\/{rel}","templated":true}]}}

Projecte Plurilingüe

<p>&nbsp;</p>
<div align="center">
<p style="text-align: justify;"><em><span style="font-size: medium;"><span style="font-family: arial,helvetica,sans-serif;"><span style="color: #165878;"><strong>Descripció</strong></span></span></span></em></p>
<p style="text-align: justify;"><span style="font-size: medium;"><span style="font-family: arial,helvetica,sans-serif;">Un dels pilars fonamentals per esdevenir ciutadans del món crítics amb allò que ens envolta i les circumstàncies que ens afecten en una realitat ja tan globalitzada és, sens dubte, reconèixer-nos com a membres de la nostra realitat més propera i prendre consciència reflexiva de la pertinença a una realitat molt més àmplia. Com a éssers humans hem de desenvolupar la capacitat de conviure en un món ple de diferències entre iguals i ple de similituds tot i semblar diferents.</span></span></p>
<p style="text-align: justify;"><span style="font-size: medium;"><span style="font-family: arial,helvetica,sans-serif;">És, per tant, objectiu principal d’aquest projecte de síntesi contribuir a adquirir els valors i actituds necessaris que ens han de permetre esdevenir individus capaços de comprendre, reflexionar, criticar i conviure amb la i les realitats que dibuixen el nostre petit i gran univers.</span></span></p>
<p style="text-align: justify;"><span style="font-size: medium;"><span style="font-family: arial,helvetica,sans-serif;">L’estructura del projecte es divideix, doncs, en diferents blocs i períodes del curs. Un primer bloc que es duu a terme durant tot l’any correspon a aquells aspectes relatius a la nostra realitat més propera. Conèixer en profunditat les arrels que ens expliquen com a persones és fonamental per poder identificar-nos com a membres d’una comunitat amb tradicions, llengües, espais i manifestacions culturals comunes. Aquest primer bloc, doncs, se centra en l’estudi del municipi i la regió en què vivim, tot atenent el màxim nombre d’aspectes que puguin ser d’interès i rellevància per a la recerca. Paral·lelament, aquest estudi té voluntat de ser compartit i difós amb altres institucions i s’utilitzen diferents entorns visuals com són els blocs.</span></span></p>
<p style="text-align: justify;"><span style="font-size: medium;"><span style="font-family: arial,helvetica,sans-serif;"> El projecte s’amplia amb la visita a una capital europea, una activitat enfocada a poder obrir una finestra al món. Per una banda, aprofundim en una de les ciutats referent del nostre entorn, Barcelona. Sens dubte, una ciutat propera i patrimoni de la nostra cultura, però de vegades ben desconeguda i poc descoberta, una ciutat ben propera però alhora pot resultar llunyana per a la nostra comunitat. Per una altra banda, proposem la visita a una ciutat estrangera, Dublín. La visita ens ha de permetre conèixer indrets fora de la nostra quotidianitat que viuen en una realitat lingüística, social i política semblant a la nostra. Durant aquestes visites, hem de posar en pràctica una sèrie de tasques recollides en el quadern de treball aleshores ja preparat i treballat amb anterioritat i consolidar i experimentar in situ molts dels continguts i coneixements discutits prèviament.</span></span></p>
<p style="text-align: justify;"><span style="font-size: medium;"><span style="font-family: arial,helvetica,sans-serif;">Un cop acabada la setmana dedicada a visitar aquestes capitals europees, dediquem temps a l’aula per enllestir tasques que han de reflectir la feina duta a terme al llarg del curs i durant els dies de visita d’estudi, tot incidint en aspectes més reflexius i de caire crític respecte a l’objectiu central d’aquest projecte. </span></span><span style="font-size: medium;"><span style="font-family: arial,helvetica,sans-serif;"><br />
</span></span></p>
<p style="text-align: justify;"><em><span style="font-size: medium;"><span style="font-family: arial,helvetica,sans-serif;"><span style="color: #165878;"><strong>Objectius</strong></span></span></span></em></p>
<ul style="list-style-type: circle;">
<li style="text-align: justify;"><span style="font-size: medium;"><span style="font-family: arial,helvetica,sans-serif;">Fer ús pragmàtic de les llengües en convivència a Catalunya.</span></span></li>
<li style="text-align: justify;"><span style="font-size: medium;"><span style="font-family: arial,helvetica,sans-serif;">Conèixer la realitat lingüística pròpia, de Barcelona ciutat i d’una capital europea.</span></span></li>
<li style="text-align: justify;"><span style="font-size: medium;"><span style="font-family: arial,helvetica,sans-serif;">Comparar la realitat lingüística de l’entorn més proper amb la situació més global.</span></span></li>
<li style="text-align: justify;"><span style="font-size: medium;"><span style="font-family: arial,helvetica,sans-serif;">Treballar l’àmbit cultural del seu entorn des de la perspectiva de la globalitat.</span></span></li>
<li style="text-align: justify;"><span style="font-size: medium;"><span style="font-family: arial,helvetica,sans-serif;">Fer ús de les TAC com a mitjà de treball habitual.</span></span></li>
<li style="text-align: justify;"><span style="font-size: medium;"><span style="font-family: arial,helvetica,sans-serif;">Conèixer i produir textos escrits i audiovisuals de caire periodístic.</span></span></li>
<li style="text-align: justify;"><span style="font-size: medium;"><span style="font-family: arial,helvetica,sans-serif;">Millorar l’ús de les llengües en contacte.</span></span></li>
<li style="text-align: justify;"><span style="font-size: medium;"><span style="font-family: arial,helvetica,sans-serif;">Conèixer realitats lingüístiques d’altres països.</span></span></li>
<li style="text-align: justify;"><span style="font-size: medium;"><span style="font-family: arial,helvetica,sans-serif;">Descobrir la riquesa geogràfica i històrica de dues regions distants entre elles.</span></span></li>
<li style="text-align: justify;"><span style="font-size: medium;"><span style="font-family: arial,helvetica,sans-serif;">Conèixer la gran ciutat des de diferents punts de vista: turístic, artístic, cultural, de comunicació,&#8230;</span></span></li>
<li style="text-align: justify;"><span style="font-size: medium;"><span style="font-family: arial,helvetica,sans-serif;">Conèixer la nostra realitat més propera, Lliçà d’Amunt.</span></span></li>
<li style="text-align: justify;"><span style="font-size: medium;"><span style="font-family: arial,helvetica,sans-serif;">Conèixer Barcelona, com a capital de província.</span></span></li>
<li style="text-align: justify;"><span style="font-size: medium;"><span style="font-family: arial,helvetica,sans-serif;">Conèixer Dublín, com a capital europea.</span></span></li>
<li style="text-align: justify;"><span style="font-size: medium;"><span style="font-family: arial,helvetica,sans-serif;">Interferir coincidències lingüístiques, socials i culturals entre les diferents ciutats. </span></span><span style="font-size: medium;"><span style="font-family: arial,helvetica,sans-serif;"><br />
</span></span></li>
</ul>
<p style="text-align: justify;"><em><span style="font-size: medium;"><span style="font-family: arial,helvetica,sans-serif;"><span style="color: #165878;"><strong>Temporització</strong></span></span></span></em></p>
<p style="text-align: justify;"><span style="font-size: medium;"><span style="font-family: arial,helvetica,sans-serif;">La seqüència temporal del projecte és:<br />
</span></span></p>
<p align="center"><img loading="lazy" decoding="async" src="http://agora.xtec.cat/insllicamunt2/wp-content/uploads/usu1100/2016/05/taulaprojpluriling.jpg" alt="Entrada de l'Institut" width="600" height="356" /></p>
<p style="text-align: justify;"><em><span style="font-size: medium;"><span style="font-family: arial,helvetica,sans-serif;"><span style="color: #165878;"><strong>Cursos destinataris<br />
</strong></span></span></span></em></p>
<p style="text-align: justify;"><span style="font-size: medium;"><span style="font-family: arial,helvetica,sans-serif;">3r d&#8217;ESO<br />
</span></span></p>
</div>
<table style="width: 100%; border: 0px solid #ffffff; border-collapse: collapse;" cellpadding="5" align="absmiddle">
<tbody>
<tr>
<td style="border: 0px solid #ffffff;" align="center"><img loading="lazy" decoding="async" src="http://agora.xtec.cat/insllicamunt2/wp-content/uploads/usu1100/2016/05/ProjPluri1.jpg" alt="" width="252" height="189" /></td>
<td style="border: 0px solid #ffffff;" align="center"><img loading="lazy" decoding="async" src="http://agora.xtec.cat/insllicamunt2/wp-content/uploads/usu1100/2016/05/ProjPluri2.jpg" alt="" width="252" height="189" /></td>
<td style="border: 0px solid #ffffff;" align="center"><img loading="lazy" decoding="async" src="http://agora.xtec.cat/insllicamunt2/wp-content/uploads/usu1100/2016/05/ProjPluri3.jpg" alt="" width="252" height="189" /></td>
</tr>
</tbody>
</table>
<p align="justify">
<p>&nbsp;</p>

<p>&nbsp;</p>
<p>Descripció<br />
Un dels pilars fonamentals per esdevenir ciutadans del món crítics amb allò que ens envolta i les circumstàncies que ens afecten en una realitat ja tan globalitzada és, sens dubte, reconèixer-nos com a membres de la nostra realitat més propera i prendre consciència reflexiva de&hellip;  <a href="https://agora.xtec.cat/insllicamunt2/institut-hipatia-dalexandria/projecte-plurilingue/" title="Read Projecte Plurilingüe">Llegeix més»</a></p>
