{"id":2770,"date":"2016-05-04T12:20:04","date_gmt":"2016-05-04T11:20:04","guid":{"rendered":"http:\/\/agora.xtec.cat\/insllicamunt2\/intraweb\/mar-i-cel\/"},"modified":"2018-02-13T17:59:27","modified_gmt":"2018-02-13T16:59:27","slug":"mar-i-cel","status":"publish","type":"page","link":"https:\/\/agora.xtec.cat\/insllicamunt2\/institut-hipatia-dalexandria\/mar-i-cel\/","title":{"rendered":"Musicals"},"content":{"rendered":"<p>La m\u00fasica \u00e9s un dels pilars de l&#8217;Hip\u00e0tia, per aix\u00f2 el projecte del musical es va iniciar amb\u00a0<em>Grease <\/em>amb un petit grup d&#8217;alumnes voluntaris i vam millorar-ho amb <em>Mar i Cel.\u00a0<\/em>\u00a0El curs 2016-17 encara ho vam millorar m\u00e9s, i paral\u00b7lelament als alumnes de M\u00fasica de 3r i de la mat\u00e8ria de modalitat de 4t d&#8217;ESO, es involucrar en el projecte a tot l&#8217;alumnat de l&#8217;institut al voltant de <em>El petit pr\u00edncep<\/em>.<\/p>\n<p>Enguany, que \u00e9s l&#8217;any Bernstein, s&#8217;est\u00e0 preparant <em>West Side Story<\/em> i es representar\u00e0 al voltant de Sant Jordi.<\/p>\n<div align=\"center\">\n<p style=\"text-align: justify;\"><em><span style=\"font-size: medium;\"><span style=\"font-family: arial,helvetica,sans-serif;\"><span style=\"color: #165878;\"><strong>Descripci\u00f3<\/strong><\/span><\/span><\/span><\/em><\/p>\n<p style=\"text-align: justify;\"><span style=\"font-size: medium;\"><span style=\"font-family: arial,helvetica,sans-serif;\">El musical\u00a0\u00e9s un Projecte Singular de Centre aprovat per tot el Claustre de Professors el 8 de setembre de 2014 que pret\u00e9n fer participar l&#8217;alumnat de tot el que envolta un \u201cmusical\u201d, des del vestuari i el maquillatge fins a l&#8217;atrezzo, per\u00f2 sobretot insistint en la interpretaci\u00f3 instrumental i vocal.<\/span><\/span><span style=\"font-size: medium;\"><span style=\"font-family: arial,helvetica,sans-serif;\"><br \/>\n<\/span><\/span><\/p>\n<p style=\"text-align: justify;\"><em><span style=\"font-size: medium;\"><span style=\"font-family: arial,helvetica,sans-serif;\"><span style=\"color: #165878;\"><strong>Objectius<\/strong><\/span><\/span><\/span><\/em><\/p>\n<p style=\"padding-left: 90px; text-align: justify;\" align=\"justify\"><span style=\"font-size: medium;\"><span style=\"font-family: arial,helvetica,sans-serif;\">&#8211; Interpretar vocalment i instrumentalment davant p\u00fablic.<\/span><\/span><\/p>\n<p style=\"padding-left: 90px; text-align: justify;\" align=\"justify\"><span style=\"font-size: medium;\"><span style=\"font-family: arial,helvetica,sans-serif;\">&#8211; Valorar el treball realitzat per altri donant import\u00e0ncia al resultat final de l\u00b4activitat.<\/span><\/span><\/p>\n<p style=\"padding-left: 90px; text-align: justify;\" align=\"justify\"><span style=\"font-size: medium;\"><span style=\"font-family: arial,helvetica,sans-serif;\">&#8211; Despertar la sensibilitat durant la realitzaci\u00f3 del fet art\u00edstic.<\/span><\/span><\/p>\n<p style=\"padding-left: 90px; text-align: justify;\" align=\"justify\"><span style=\"font-size: medium;\"><span style=\"font-family: arial,helvetica,sans-serif;\">&#8211; Millorar l&#8217;expressi\u00f3 oral i gestual.<\/span><\/span><\/p>\n<p style=\"padding-left: 90px; text-align: justify;\" align=\"justify\"><span style=\"font-size: medium;\"><span style=\"font-family: arial,helvetica,sans-serif;\">&#8211; Treballar de forma transversal.<\/span><\/span><span style=\"font-size: medium;\"><span style=\"font-family: arial,helvetica,sans-serif;\"><br \/>\n<\/span><\/span><\/p>\n<p style=\"text-align: justify;\">\n<\/div>\n<div align=\"center\">\n<p style=\"text-align: justify;\"><em><span style=\"font-size: medium;\"><span style=\"font-family: arial,helvetica,sans-serif;\"><span style=\"color: #165878;\"><strong>Cursos destinataris<br \/>\n<\/strong><\/span><\/span><\/span><\/em><\/p>\n<p style=\"text-align: justify;\"><span style=\"font-size: medium;\"><span style=\"font-family: arial,helvetica,sans-serif;\">Alumnat de 3r d&#8217;ESO, ampliable el curs seg\u00fcent 2015\/16 dins la modalitat especifica de 4t d\u00b4ESO escollida per l&#8217;alumnat amb una clara intenci\u00f3 de desenvolupar i consolidar el projecte per tal que sigui un segell d\u00b4identitat del centre i del municipi.<\/span><\/span><\/p>\n<\/div>\n<table style=\"width: 100%; border: 0px solid #ffffff; border-collapse: collapse;\" cellpadding=\"5\" align=\"absmiddle\">\n<tbody>\n<tr>\n<td style=\"border: 0px solid #ffffff;\" align=\"center\"><img loading=\"lazy\" decoding=\"async\" src=\"http:\/\/agora.xtec.cat\/insllicamunt2\/wp-content\/uploads\/usu1100\/2016\/05\/maricel1.jpg\" alt=\"\" width=\"250\" height=\"188\" \/><\/td>\n<td style=\"border: 0px solid #ffffff;\" align=\"center\"><\/td>\n<td style=\"border: 0px solid #ffffff;\" align=\"center\"><\/td>\n<\/tr>\n<\/tbody>\n<\/table>\n","protected":false},"excerpt":{"rendered":"<p>La m\u00fasica \u00e9s un dels pilars de l&#8217;Hip\u00e0tia, per aix\u00f2 el projecte del musical es va iniciar amb\u00a0Grease amb un petit grup d&#8217;alumnes voluntaris i vam millorar-ho amb Mar i Cel.\u00a0\u00a0El curs 2016-17 encara ho vam millorar m\u00e9s, i paral\u00b7lelament als alumnes de M\u00fasica de&hellip;  <a href=\"https:\/\/agora.xtec.cat\/insllicamunt2\/institut-hipatia-dalexandria\/mar-i-cel\/\" title=\"Read Musicals\">Llegeix m\u00e9s\u00bb<\/a><\/p>\n","protected":false},"author":1,"featured_media":0,"parent":2697,"menu_order":13,"comment_status":"closed","ping_status":"closed","template":"page-templates\/side-menu.php","meta":{"_bbp_topic_count":0,"_bbp_reply_count":0,"_bbp_total_topic_count":0,"_bbp_total_reply_count":0,"_bbp_voice_count":0,"_bbp_anonymous_reply_count":0,"_bbp_topic_count_hidden":0,"_bbp_reply_count_hidden":0,"_bbp_forum_subforum_count":0,"footnotes":""},"class_list":["post-2770","page","type-page","status-publish","hentry"],"post_mailing_queue_ids":[],"_links":{"self":[{"href":"https:\/\/agora.xtec.cat\/insllicamunt2\/wp-json\/wp\/v2\/pages\/2770","targetHints":{"allow":["GET"]}}],"collection":[{"href":"https:\/\/agora.xtec.cat\/insllicamunt2\/wp-json\/wp\/v2\/pages"}],"about":[{"href":"https:\/\/agora.xtec.cat\/insllicamunt2\/wp-json\/wp\/v2\/types\/page"}],"author":[{"embeddable":true,"href":"https:\/\/agora.xtec.cat\/insllicamunt2\/wp-json\/wp\/v2\/users\/1"}],"replies":[{"embeddable":true,"href":"https:\/\/agora.xtec.cat\/insllicamunt2\/wp-json\/wp\/v2\/comments?post=2770"}],"version-history":[{"count":3,"href":"https:\/\/agora.xtec.cat\/insllicamunt2\/wp-json\/wp\/v2\/pages\/2770\/revisions"}],"predecessor-version":[{"id":9448,"href":"https:\/\/agora.xtec.cat\/insllicamunt2\/wp-json\/wp\/v2\/pages\/2770\/revisions\/9448"}],"up":[{"embeddable":true,"href":"https:\/\/agora.xtec.cat\/insllicamunt2\/wp-json\/wp\/v2\/pages\/2697"}],"wp:attachment":[{"href":"https:\/\/agora.xtec.cat\/insllicamunt2\/wp-json\/wp\/v2\/media?parent=2770"}],"curies":[{"name":"wp","href":"https:\/\/api.w.org\/{rel}","templated":true}]}}

<p>La música és un dels pilars de l&#8217;Hipàtia, per això el projecte del musical es va iniciar amb <em>Grease </em>amb un petit grup d&#8217;alumnes voluntaris i vam millorar-ho amb <em>Mar i Cel. </em> El curs 2016-17 encara ho vam millorar més, i paral·lelament als alumnes de Música de 3r i de la matèria de modalitat de 4t d&#8217;ESO, es involucrar en el projecte a tot l&#8217;alumnat de l&#8217;institut al voltant de <em>El petit príncep</em>.</p>
<p>Enguany, que és l&#8217;any Bernstein, s&#8217;està preparant <em>West Side Story</em> i es representarà al voltant de Sant Jordi.</p>
<div align="center">
<p style="text-align: justify;"><em><span style="font-size: medium;"><span style="font-family: arial,helvetica,sans-serif;"><span style="color: #165878;"><strong>Descripció</strong></span></span></span></em></p>
<p style="text-align: justify;"><span style="font-size: medium;"><span style="font-family: arial,helvetica,sans-serif;">El musical és un Projecte Singular de Centre aprovat per tot el Claustre de Professors el 8 de setembre de 2014 que pretén fer participar l&#8217;alumnat de tot el que envolta un “musical”, des del vestuari i el maquillatge fins a l&#8217;atrezzo, però sobretot insistint en la interpretació instrumental i vocal.</span></span><span style="font-size: medium;"><span style="font-family: arial,helvetica,sans-serif;"><br />
</span></span></p>
<p style="text-align: justify;"><em><span style="font-size: medium;"><span style="font-family: arial,helvetica,sans-serif;"><span style="color: #165878;"><strong>Objectius</strong></span></span></span></em></p>
<p style="padding-left: 90px; text-align: justify;" align="justify"><span style="font-size: medium;"><span style="font-family: arial,helvetica,sans-serif;">&#8211; Interpretar vocalment i instrumentalment davant públic.</span></span></p>
<p style="padding-left: 90px; text-align: justify;" align="justify"><span style="font-size: medium;"><span style="font-family: arial,helvetica,sans-serif;">&#8211; Valorar el treball realitzat per altri donant importància al resultat final de l´activitat.</span></span></p>
<p style="padding-left: 90px; text-align: justify;" align="justify"><span style="font-size: medium;"><span style="font-family: arial,helvetica,sans-serif;">&#8211; Despertar la sensibilitat durant la realització del fet artístic.</span></span></p>
<p style="padding-left: 90px; text-align: justify;" align="justify"><span style="font-size: medium;"><span style="font-family: arial,helvetica,sans-serif;">&#8211; Millorar l&#8217;expressió oral i gestual.</span></span></p>
<p style="padding-left: 90px; text-align: justify;" align="justify"><span style="font-size: medium;"><span style="font-family: arial,helvetica,sans-serif;">&#8211; Treballar de forma transversal.</span></span><span style="font-size: medium;"><span style="font-family: arial,helvetica,sans-serif;"><br />
</span></span></p>
<p style="text-align: justify;">
</div>
<div align="center">
<p style="text-align: justify;"><em><span style="font-size: medium;"><span style="font-family: arial,helvetica,sans-serif;"><span style="color: #165878;"><strong>Cursos destinataris<br />
</strong></span></span></span></em></p>
<p style="text-align: justify;"><span style="font-size: medium;"><span style="font-family: arial,helvetica,sans-serif;">Alumnat de 3r d&#8217;ESO, ampliable el curs següent 2015/16 dins la modalitat especifica de 4t d´ESO escollida per l&#8217;alumnat amb una clara intenció de desenvolupar i consolidar el projecte per tal que sigui un segell d´identitat del centre i del municipi.</span></span></p>
</div>
<table style="width: 100%; border: 0px solid #ffffff; border-collapse: collapse;" cellpadding="5" align="absmiddle">
<tbody>
<tr>
<td style="border: 0px solid #ffffff;" align="center"><img loading="lazy" decoding="async" src="http://agora.xtec.cat/insllicamunt2/wp-content/uploads/usu1100/2016/05/maricel1.jpg" alt="" width="250" height="188" /></td>
<td style="border: 0px solid #ffffff;" align="center"></td>
<td style="border: 0px solid #ffffff;" align="center"></td>
</tr>
</tbody>
</table>

<p>La música és un dels pilars de l&#8217;Hipàtia, per això el projecte del musical es va iniciar amb Grease amb un petit grup d&#8217;alumnes voluntaris i vam millorar-ho amb Mar i Cel.  El curs 2016-17 encara ho vam millorar més, i paral·lelament als alumnes de Música de&hellip;  <a href="https://agora.xtec.cat/insllicamunt2/institut-hipatia-dalexandria/mar-i-cel/" title="Read Musicals">Llegeix més»</a></p>
