{"id":2750,"date":"2016-05-04T12:20:00","date_gmt":"2016-05-04T11:20:00","guid":{"rendered":"http:\/\/agora.xtec.cat\/insllicamunt2\/intraweb\/oferta-formativa\/"},"modified":"2021-09-10T12:28:24","modified_gmt":"2021-09-10T10:28:24","slug":"oferta-formativa","status":"publish","type":"page","link":"https:\/\/agora.xtec.cat\/insllicamunt2\/linstitut\/oferta-formativa\/","title":{"rendered":"Oferta formativa"},"content":{"rendered":"<div align=\"center\">\n<p style=\"text-align: justify;\"><span style=\"font-size: medium;\"><span style=\"font-family: arial,helvetica,sans-serif;\">L&#8217;Institut Hip\u00e0tia d&#8217;Alexandria ofereix actualment els quatre cursos de l&#8217;ESO, tot i que \u00e9s un objectiu del centre poder ofertar els cursos de Batxillerat a mig termini.<br \/>\n<\/span><\/span><\/p>\n<p style=\"text-align: justify;\"><span style=\"font-size: medium;\"><span style=\"font-family: arial,helvetica,sans-serif;\">El marc horari general \u00e9s de 8.10 a 14.40 tot i que pel context de pand\u00e8mia, hi ha entrades i sortides esglaonades segons els cursos.\u00a0<\/span><\/span><\/p>\n<p style=\"text-align: justify;\"><span style=\"font-family: arial, helvetica, sans-serif; font-size: medium;\">Aquest mateix fet, junt amb les dimensions del centre, determina que hi hagi dos marcs horaris i torns de pati i descans.\u00a0<\/span><\/p>\n<p style=\"text-align: justify;\"><span style=\"font-size: medium;\"><span style=\"font-family: arial,helvetica,sans-serif;\">A partir del curs 2015 &#8211; 2016 els alumnes poden optar fer llengua alemanya a partir de primer d&#8217;ESO com a segona llengua estrangera, ja que la primera \u00e9s l&#8217;angl\u00e8s.<\/span><\/span><\/p>\n<p style=\"text-align: justify;\"><span style=\"font-size: medium;\"><span style=\"font-family: arial,helvetica,sans-serif;\">A primer d&#8217;ESO el grup classe t\u00e9 dos tutors per acompanyar-los d&#8217;una manera m\u00e9s acurada en l&#8217;adaptaci\u00f3 a l&#8217;ESO.\u00a0<\/span><\/span><\/p>\n<p><img loading=\"lazy\" decoding=\"async\" src=\"http:\/\/agora.xtec.cat\/insllicamunt2\/wp-content\/uploads\/usu1100\/2016\/05\/oferta_formativa.jpg\" alt=\"\" width=\"744\" height=\"485\" border=\"0\" \/><\/p>\n<p>&nbsp;<\/p>\n<\/div>\n","protected":false},"excerpt":{"rendered":"<p>L&#8217;Institut Hip\u00e0tia d&#8217;Alexandria ofereix actualment els quatre cursos de l&#8217;ESO, tot i que \u00e9s un objectiu del centre poder ofertar els cursos de Batxillerat a mig termini.<\/p>\n<p>El marc horari general \u00e9s de 8.10 a 14.40 tot i que pel context de pand\u00e8mia, hi ha entrades&hellip;  <a href=\"https:\/\/agora.xtec.cat\/insllicamunt2\/linstitut\/oferta-formativa\/\" title=\"Read Oferta formativa\">Llegeix m\u00e9s\u00bb<\/a><\/p>\n","protected":false},"author":1,"featured_media":0,"parent":10464,"menu_order":3,"comment_status":"closed","ping_status":"closed","template":"page-templates\/side-menu.php","meta":{"_bbp_topic_count":0,"_bbp_reply_count":0,"_bbp_total_topic_count":0,"_bbp_total_reply_count":0,"_bbp_voice_count":0,"_bbp_anonymous_reply_count":0,"_bbp_topic_count_hidden":0,"_bbp_reply_count_hidden":0,"_bbp_forum_subforum_count":0,"footnotes":""},"class_list":["post-2750","page","type-page","status-publish","hentry"],"post_mailing_queue_ids":[],"_links":{"self":[{"href":"https:\/\/agora.xtec.cat\/insllicamunt2\/wp-json\/wp\/v2\/pages\/2750","targetHints":{"allow":["GET"]}}],"collection":[{"href":"https:\/\/agora.xtec.cat\/insllicamunt2\/wp-json\/wp\/v2\/pages"}],"about":[{"href":"https:\/\/agora.xtec.cat\/insllicamunt2\/wp-json\/wp\/v2\/types\/page"}],"author":[{"embeddable":true,"href":"https:\/\/agora.xtec.cat\/insllicamunt2\/wp-json\/wp\/v2\/users\/1"}],"replies":[{"embeddable":true,"href":"https:\/\/agora.xtec.cat\/insllicamunt2\/wp-json\/wp\/v2\/comments?post=2750"}],"version-history":[{"count":4,"href":"https:\/\/agora.xtec.cat\/insllicamunt2\/wp-json\/wp\/v2\/pages\/2750\/revisions"}],"predecessor-version":[{"id":12451,"href":"https:\/\/agora.xtec.cat\/insllicamunt2\/wp-json\/wp\/v2\/pages\/2750\/revisions\/12451"}],"up":[{"embeddable":true,"href":"https:\/\/agora.xtec.cat\/insllicamunt2\/wp-json\/wp\/v2\/pages\/10464"}],"wp:attachment":[{"href":"https:\/\/agora.xtec.cat\/insllicamunt2\/wp-json\/wp\/v2\/media?parent=2750"}],"curies":[{"name":"wp","href":"https:\/\/api.w.org\/{rel}","templated":true}]}}

<div align="center">
<p style="text-align: justify;"><span style="font-size: medium;"><span style="font-family: arial,helvetica,sans-serif;">L&#8217;Institut Hipàtia d&#8217;Alexandria ofereix actualment els quatre cursos de l&#8217;ESO, tot i que és un objectiu del centre poder ofertar els cursos de Batxillerat a mig termini.<br />
</span></span></p>
<p style="text-align: justify;"><span style="font-size: medium;"><span style="font-family: arial,helvetica,sans-serif;">El marc horari general és de 8.10 a 14.40 tot i que pel context de pandèmia, hi ha entrades i sortides esglaonades segons els cursos. </span></span></p>
<p style="text-align: justify;"><span style="font-family: arial, helvetica, sans-serif; font-size: medium;">Aquest mateix fet, junt amb les dimensions del centre, determina que hi hagi dos marcs horaris i torns de pati i descans. </span></p>
<p style="text-align: justify;"><span style="font-size: medium;"><span style="font-family: arial,helvetica,sans-serif;">A partir del curs 2015 &#8211; 2016 els alumnes poden optar fer llengua alemanya a partir de primer d&#8217;ESO com a segona llengua estrangera, ja que la primera és l&#8217;anglès.</span></span></p>
<p style="text-align: justify;"><span style="font-size: medium;"><span style="font-family: arial,helvetica,sans-serif;">A primer d&#8217;ESO el grup classe té dos tutors per acompanyar-los d&#8217;una manera més acurada en l&#8217;adaptació a l&#8217;ESO. </span></span></p>
<p><img loading="lazy" decoding="async" src="http://agora.xtec.cat/insllicamunt2/wp-content/uploads/usu1100/2016/05/oferta_formativa.jpg" alt="" width="744" height="485" border="0" /></p>
<p>&nbsp;</p>
</div>

<p>L&#8217;Institut Hipàtia d&#8217;Alexandria ofereix actualment els quatre cursos de l&#8217;ESO, tot i que és un objectiu del centre poder ofertar els cursos de Batxillerat a mig termini.</p>
<p>El marc horari general és de 8.10 a 14.40 tot i que pel context de pandèmia, hi ha entrades&hellip;  <a href="https://agora.xtec.cat/insllicamunt2/linstitut/oferta-formativa/" title="Read Oferta formativa">Llegeix més»</a></p>
