{"id":2748,"date":"2016-05-04T12:19:59","date_gmt":"2016-05-04T11:19:59","guid":{"rendered":"http:\/\/agora.xtec.cat\/insllicamunt2\/intraweb\/ideari\/"},"modified":"2021-09-10T12:24:48","modified_gmt":"2021-09-10T10:24:48","slug":"ideari","status":"publish","type":"page","link":"https:\/\/agora.xtec.cat\/insllicamunt2\/linstitut\/ideari\/","title":{"rendered":"Ideari"},"content":{"rendered":"<div align=\"center\">\n<p>&nbsp;<\/p>\n<p style=\"text-align: justify;\"><span style=\"font-size: medium;\"><span style=\"font-family: arial,helvetica,sans-serif;\">L&#8217;Institut Hip\u00e0tia d&#8217;Alexandria \u00e9s un centre p\u00fablic d&#8217;ensenyament secundari que imparteix actualment tots els cursos d&#8217;Educaci\u00f3 Secund\u00e0ria Obligat\u00f2ria. Va n\u00e9ixer el setembre de l&#8217;any 2011 amb dos grups de 1r d&#8217;ESO i ha anat construint un projecte propi amb il\u00b7lusi\u00f3 i ambici\u00f3 a mesura que ha anat creixent la seva comunitat educativa.<br \/>\n<\/span><\/span><\/p>\n<p>&nbsp;<\/p>\n<p><span style=\"font-size: medium;\"><span style=\"font-family: arial,helvetica,sans-serif;\"><img decoding=\"async\" class=\" aligncenter\" src=\"http:\/\/agora.xtec.cat\/insllicamunt2\/wp-content\/uploads\/usu1100\/2016\/05\/idearibanner1.jpg\" alt=\"\" border=\"0\" \/><\/span><\/span><\/p>\n<p>&nbsp;<\/p>\n<p style=\"text-align: justify;\"><em><span style=\"font-size: medium;\"><span style=\"font-family: arial,helvetica,sans-serif;\"><span style=\"color: #165878;\"><strong>Missi\u00f3<\/strong><\/span><\/span><\/span><\/em><\/p>\n<p style=\"text-align: justify;\"><span style=\"font-size: medium;\"><span style=\"font-family: arial,helvetica,sans-serif;\">Com a centre d&#8217;ensenyament p\u00fablic, entenem que la nostra missi\u00f3 \u00e9s participar de forma activa i directa en l&#8217;educaci\u00f3 integral de l&#8217;alumnat, tant en el pla de l&#8217;adquisici\u00f3 de coneixements com en el de la formaci\u00f3 en valors, que tinguin com a resultat obrir-los expectatives de continu\u00eftat formativa i laboral, aix\u00ed com l&#8217;assoliment de les compet\u00e8ncies socials fonamentals per al seu desenvolupament personal i de relaci\u00f3 amb els altres. En aquest sentit, entenem la tutoria com a eix vertebrador en l&#8217;acompanyament individual i grupal del nostre alumnat.<\/span><\/span><span style=\"font-size: medium;\"><span style=\"font-family: arial,helvetica,sans-serif;\"><br \/>\n<\/span><\/span><\/p>\n<p>&nbsp;<\/p>\n<p><span style=\"font-size: medium;\"><span style=\"font-family: arial,helvetica,sans-serif;\"><img decoding=\"async\" class=\" aligncenter\" src=\"http:\/\/agora.xtec.cat\/insllicamunt2\/wp-content\/uploads\/usu1100\/2016\/05\/idearibanner2.jpg\" alt=\"\" border=\"0\" \/><\/span><\/span><\/p>\n<p>&nbsp;<\/p>\n<p style=\"text-align: justify;\"><em><span style=\"font-size: medium;\"><span style=\"font-family: arial,helvetica,sans-serif;\"><span style=\"color: #165878;\"><strong>Visi\u00f3<\/strong><\/span><\/span><\/span><\/em><\/p>\n<p style=\"text-align: justify;\"><span style=\"font-size: medium;\"><span style=\"font-family: arial,helvetica,sans-serif;\">La nostra assumpci\u00f3 del car\u00e0cter de centre p\u00fablic obeeix la voluntat de crear un centre obert, integrador i inclusiu, identificat amb els valors propis de l&#8217;ensenyament p\u00fablic al nostre pa\u00eds: equitat, la\u00efcitat i catalanitat.<\/span><\/span><\/p>\n<p style=\"text-align: justify;\"><span style=\"font-size: medium;\"><span style=\"font-family: arial,helvetica,sans-serif;\">En aquesta l\u00ednia, el centre adquireix el comprom\u00eds d&#8217;invertir els esfor\u00e7os en aportar als alumnes els recursos i oportunitats suficients per tal d&#8217;obtenir la m\u00e0xima qualitat educativa, tant des del punt de la formaci\u00f3 acad\u00e8mica com en els \u00e0mbits de coneixement de la pr\u00f2pia identitat i de les altres com a font de riquesa de cultura personal i professional. Per aix\u00f2, la construcci\u00f3 del projecte \u00e9s un repte diari basat en el respecte a les persones i l&#8217;entorn per tal d&#8217;obtenir un context de conviv\u00e8ncia pac\u00edfica que faciliti l&#8217;assoliment de les compet\u00e8ncies personals, acad\u00e8miques i socials que el centre proposa.<\/span><\/span><span style=\"font-size: medium;\"><span style=\"font-family: arial,helvetica,sans-serif;\"><br \/>\n<\/span><\/span><\/p>\n<p>&nbsp;<\/p>\n<p><span style=\"font-size: medium;\"><span style=\"font-family: arial,helvetica,sans-serif;\"><img decoding=\"async\" class=\" aligncenter\" src=\"http:\/\/agora.xtec.cat\/insllicamunt2\/wp-content\/uploads\/usu1100\/2016\/05\/idearibanner3.jpg\" alt=\"\" border=\"0\" \/><\/span><\/span><\/p>\n<p>&nbsp;<\/p>\n<p style=\"text-align: justify;\"><em><span style=\"font-size: medium;\"><span style=\"font-family: arial,helvetica,sans-serif;\"><span style=\"color: #165878;\"><strong>Valors<\/strong><\/span><\/span><\/span><\/em><\/p>\n<p style=\"text-align: justify;\"><span style=\"font-size: medium;\"><span style=\"font-family: arial,helvetica,sans-serif;\">L&#8217;institut Hip\u00e0tia d&#8217;Alexandria considera imprescindible una pr\u00e0ctica educativa basada en l&#8217;acceptaci\u00f3 per part de tota la comunitat dels valors dels quals aquest objectiu \u00e9s inseparable:<\/span><\/span><\/p>\n<div align=\"justify\">\n<p><span style=\"font-size: medium;\"><span style=\"font-family: arial,helvetica,sans-serif;\"><span style=\"color: #165878;\"><strong>Respecte.<\/strong><\/span> No es pot entendre un centre educatiu que no vinculi l&#8217;entorn m\u00e9s proper a la base del respecte personal com a principi b\u00e0sic de les relacions humanes.<\/span><\/span><\/p>\n<p><span style=\"font-size: medium;\"><span style=\"font-family: arial,helvetica,sans-serif;\"><span style=\"color: #165878;\"><strong>Catalanitat.<\/strong><\/span> Perqu\u00e8 pensem que des de l&#8217;assumpci\u00f3 plena de la pr\u00f2pia identitat \u00e9s possible l&#8217;acceptaci\u00f3 de les identitats i de la cultura dels altres.<\/span><\/span><\/p>\n<p><span style=\"font-size: medium;\"><span style=\"font-family: arial,helvetica,sans-serif;\"><span style=\"color: #165878;\"><strong>Multiculturalitat.<\/strong><\/span> Des de la identitat pr\u00f2pia podem enriquir dia a dia el coneixement personal, a partir del respecte a les opinions i les proced\u00e8ncies, tot donant impuls a les iniciatives que permetin el coneixement profund de la societat i les persones d&#8217;arreu.<\/span><\/span><\/p>\n<p><span style=\"font-size: medium;\"><span style=\"font-family: arial,helvetica,sans-serif;\"><span style=\"color: #165878;\"><strong>Inter\u00e8s pel m\u00f3n.<\/strong><\/span> Des del respecte, la reflexi\u00f3 sobre la pr\u00f2pia identitat i el foment de la multiculturalitat, s&#8217;obren les expectatives per con\u00e8ixer les diferents realitats a partir de sortides, viatges d&#8217;estudi, treball a l&#8217;aula i activitats de centre que potenci\u00efn la curiositat, l&#8217;aprenentatge actiu i reflexi\u00f3 com a part integrant de l&#8217;individu.<\/span><\/span><\/p>\n<p><span style=\"font-size: medium;\"><span style=\"font-family: arial,helvetica,sans-serif;\"><span style=\"color: #165878;\"><strong>Inclusi\u00f3.<\/strong><\/span> En conseq\u00fc\u00e8ncia, el centre \u00e9s i vol ser una entitat oberta a tothom, que reculli i ofereixi expectatives de formaci\u00f3 a tots els joves de l&#8217;institut.<\/span><\/span><\/p>\n<p><span style=\"font-size: medium;\"><span style=\"font-family: arial,helvetica,sans-serif;\"><strong><span style=\"color: #165878;\">Cooperaci\u00f3.<\/span><\/strong> Perqu\u00e8 entenem que, en la societat contempor\u00e0nia, l&#8217;aprenentatge \u00e9s el fruit de l&#8217;acci\u00f3 concertada de tots els que formen el centre escolar i d&#8217;aquest amb el seu entorn, i que, per tant, ha de fomentar-se en els valors de la col\u00b7laboraci\u00f3 i el respecte mutus i no en els de l&#8217;individualisme i la compet\u00e8ncia.<\/span><\/span><\/p>\n<p><span style=\"font-size: medium;\"><span style=\"font-family: arial,helvetica,sans-serif;\"><span style=\"color: #165878;\"><strong>Di\u00e0leg.<\/strong><\/span> Perqu\u00e8 l&#8217;aparici\u00f3 del conflicte \u00e9s inevitable en un marc de conviv\u00e8ncia activa, \u00e9s necessari destacar el valor del di\u00e0leg com a eina per a evitar-lo i via per a resoldre&#8217;l quan hagi sorgit.<\/span><\/span><\/p>\n<p><span style=\"font-size: medium;\"><span style=\"font-family: arial,helvetica,sans-serif;\"><span style=\"color: #165878;\"><strong>La\u00efcitat.<\/strong><\/span> Entesa com a desvinculaci\u00f3 org\u00e0nica de tota opci\u00f3 confessional, des del respecte profund a les creences particulars de cadasc\u00fa.<\/span><\/span><\/p>\n<p><span style=\"font-size: medium;\"><span style=\"font-family: arial,helvetica,sans-serif;\"><span style=\"color: #165878;\"><strong>Equitat.<\/strong><\/span> Entesa com a adaptaci\u00f3 diferenciada a les necessitats concretes de cada individu per tal de possibilitar la igualtat d&#8217;oportunitats per a tots.<\/span><\/span><\/p>\n<p><span style=\"font-size: medium;\"><span style=\"font-family: arial,helvetica,sans-serif;\"><span style=\"color: #165878;\"><strong>Aven\u00e7.<\/strong><\/span> Perqu\u00e8 entenem que la societat \u00e9s din\u00e0mica, l&#8217;institut s&#8217;adapta al context i les seves expectatives a partir de les noves tecnologies.<br \/>\n<\/span><\/span><\/p>\n<p>&nbsp;<\/p>\n<p style=\"text-align: center;\"><span style=\"font-size: medium;\"><span style=\"font-family: arial,helvetica,sans-serif;\"><img decoding=\"async\" src=\"http:\/\/agora.xtec.cat\/insllicamunt2\/wp-content\/uploads\/usu1100\/2016\/05\/idearibanner4.jpg\" alt=\"\" border=\"0\" \/><\/span><\/span><\/p>\n<\/div>\n<\/div>\n<p>El document que ens defineix \u00e9s el <a href=\"https:\/\/drive.google.com\/file\/d\/0B4fsMFZ3y2BkWWdwb0JydlhwVmhibXB0SkRJY0lUcU85R2hN\/view?usp=sharing\" target=\"_blank\" rel=\"noopener noreferrer\">Projecte de Direcci\u00f3 (Projecte Educatiu)<\/a>.<\/p>\n","protected":false},"excerpt":{"rendered":"<p>&nbsp;<br \/>\nL&#8217;Institut Hip\u00e0tia d&#8217;Alexandria \u00e9s un centre p\u00fablic d&#8217;ensenyament secundari que imparteix actualment tots els cursos d&#8217;Educaci\u00f3 Secund\u00e0ria Obligat\u00f2ria. Va n\u00e9ixer el setembre de l&#8217;any 2011 amb dos grups de 1r d&#8217;ESO i ha anat construint un projecte propi amb il\u00b7lusi\u00f3 i ambici\u00f3 a mesura que&hellip;  <a href=\"https:\/\/agora.xtec.cat\/insllicamunt2\/linstitut\/ideari\/\" title=\"Read Ideari\">Llegeix m\u00e9s\u00bb<\/a><\/p>\n","protected":false},"author":1,"featured_media":0,"parent":10464,"menu_order":2,"comment_status":"closed","ping_status":"closed","template":"page-templates\/side-menu.php","meta":{"_bbp_topic_count":0,"_bbp_reply_count":0,"_bbp_total_topic_count":0,"_bbp_total_reply_count":0,"_bbp_voice_count":0,"_bbp_anonymous_reply_count":0,"_bbp_topic_count_hidden":0,"_bbp_reply_count_hidden":0,"_bbp_forum_subforum_count":0,"footnotes":""},"class_list":["post-2748","page","type-page","status-publish","hentry"],"post_mailing_queue_ids":[],"_links":{"self":[{"href":"https:\/\/agora.xtec.cat\/insllicamunt2\/wp-json\/wp\/v2\/pages\/2748","targetHints":{"allow":["GET"]}}],"collection":[{"href":"https:\/\/agora.xtec.cat\/insllicamunt2\/wp-json\/wp\/v2\/pages"}],"about":[{"href":"https:\/\/agora.xtec.cat\/insllicamunt2\/wp-json\/wp\/v2\/types\/page"}],"author":[{"embeddable":true,"href":"https:\/\/agora.xtec.cat\/insllicamunt2\/wp-json\/wp\/v2\/users\/1"}],"replies":[{"embeddable":true,"href":"https:\/\/agora.xtec.cat\/insllicamunt2\/wp-json\/wp\/v2\/comments?post=2748"}],"version-history":[{"count":3,"href":"https:\/\/agora.xtec.cat\/insllicamunt2\/wp-json\/wp\/v2\/pages\/2748\/revisions"}],"predecessor-version":[{"id":12450,"href":"https:\/\/agora.xtec.cat\/insllicamunt2\/wp-json\/wp\/v2\/pages\/2748\/revisions\/12450"}],"up":[{"embeddable":true,"href":"https:\/\/agora.xtec.cat\/insllicamunt2\/wp-json\/wp\/v2\/pages\/10464"}],"wp:attachment":[{"href":"https:\/\/agora.xtec.cat\/insllicamunt2\/wp-json\/wp\/v2\/media?parent=2748"}],"curies":[{"name":"wp","href":"https:\/\/api.w.org\/{rel}","templated":true}]}}

<div align="center">
<p>&nbsp;</p>
<p style="text-align: justify;"><span style="font-size: medium;"><span style="font-family: arial,helvetica,sans-serif;">L&#8217;Institut Hipàtia d&#8217;Alexandria és un centre públic d&#8217;ensenyament secundari que imparteix actualment tots els cursos d&#8217;Educació Secundària Obligatòria. Va néixer el setembre de l&#8217;any 2011 amb dos grups de 1r d&#8217;ESO i ha anat construint un projecte propi amb il·lusió i ambició a mesura que ha anat creixent la seva comunitat educativa.<br />
</span></span></p>
<p>&nbsp;</p>
<p><span style="font-size: medium;"><span style="font-family: arial,helvetica,sans-serif;"><img decoding="async" class=" aligncenter" src="http://agora.xtec.cat/insllicamunt2/wp-content/uploads/usu1100/2016/05/idearibanner1.jpg" alt="" border="0" /></span></span></p>
<p>&nbsp;</p>
<p style="text-align: justify;"><em><span style="font-size: medium;"><span style="font-family: arial,helvetica,sans-serif;"><span style="color: #165878;"><strong>Missió</strong></span></span></span></em></p>
<p style="text-align: justify;"><span style="font-size: medium;"><span style="font-family: arial,helvetica,sans-serif;">Com a centre d&#8217;ensenyament públic, entenem que la nostra missió és participar de forma activa i directa en l&#8217;educació integral de l&#8217;alumnat, tant en el pla de l&#8217;adquisició de coneixements com en el de la formació en valors, que tinguin com a resultat obrir-los expectatives de continuïtat formativa i laboral, així com l&#8217;assoliment de les competències socials fonamentals per al seu desenvolupament personal i de relació amb els altres. En aquest sentit, entenem la tutoria com a eix vertebrador en l&#8217;acompanyament individual i grupal del nostre alumnat.</span></span><span style="font-size: medium;"><span style="font-family: arial,helvetica,sans-serif;"><br />
</span></span></p>
<p>&nbsp;</p>
<p><span style="font-size: medium;"><span style="font-family: arial,helvetica,sans-serif;"><img decoding="async" class=" aligncenter" src="http://agora.xtec.cat/insllicamunt2/wp-content/uploads/usu1100/2016/05/idearibanner2.jpg" alt="" border="0" /></span></span></p>
<p>&nbsp;</p>
<p style="text-align: justify;"><em><span style="font-size: medium;"><span style="font-family: arial,helvetica,sans-serif;"><span style="color: #165878;"><strong>Visió</strong></span></span></span></em></p>
<p style="text-align: justify;"><span style="font-size: medium;"><span style="font-family: arial,helvetica,sans-serif;">La nostra assumpció del caràcter de centre públic obeeix la voluntat de crear un centre obert, integrador i inclusiu, identificat amb els valors propis de l&#8217;ensenyament públic al nostre país: equitat, laïcitat i catalanitat.</span></span></p>
<p style="text-align: justify;"><span style="font-size: medium;"><span style="font-family: arial,helvetica,sans-serif;">En aquesta línia, el centre adquireix el compromís d&#8217;invertir els esforços en aportar als alumnes els recursos i oportunitats suficients per tal d&#8217;obtenir la màxima qualitat educativa, tant des del punt de la formació acadèmica com en els àmbits de coneixement de la pròpia identitat i de les altres com a font de riquesa de cultura personal i professional. Per això, la construcció del projecte és un repte diari basat en el respecte a les persones i l&#8217;entorn per tal d&#8217;obtenir un context de convivència pacífica que faciliti l&#8217;assoliment de les competències personals, acadèmiques i socials que el centre proposa.</span></span><span style="font-size: medium;"><span style="font-family: arial,helvetica,sans-serif;"><br />
</span></span></p>
<p>&nbsp;</p>
<p><span style="font-size: medium;"><span style="font-family: arial,helvetica,sans-serif;"><img decoding="async" class=" aligncenter" src="http://agora.xtec.cat/insllicamunt2/wp-content/uploads/usu1100/2016/05/idearibanner3.jpg" alt="" border="0" /></span></span></p>
<p>&nbsp;</p>
<p style="text-align: justify;"><em><span style="font-size: medium;"><span style="font-family: arial,helvetica,sans-serif;"><span style="color: #165878;"><strong>Valors</strong></span></span></span></em></p>
<p style="text-align: justify;"><span style="font-size: medium;"><span style="font-family: arial,helvetica,sans-serif;">L&#8217;institut Hipàtia d&#8217;Alexandria considera imprescindible una pràctica educativa basada en l&#8217;acceptació per part de tota la comunitat dels valors dels quals aquest objectiu és inseparable:</span></span></p>
<div align="justify">
<p><span style="font-size: medium;"><span style="font-family: arial,helvetica,sans-serif;"><span style="color: #165878;"><strong>Respecte.</strong></span> No es pot entendre un centre educatiu que no vinculi l&#8217;entorn més proper a la base del respecte personal com a principi bàsic de les relacions humanes.</span></span></p>
<p><span style="font-size: medium;"><span style="font-family: arial,helvetica,sans-serif;"><span style="color: #165878;"><strong>Catalanitat.</strong></span> Perquè pensem que des de l&#8217;assumpció plena de la pròpia identitat és possible l&#8217;acceptació de les identitats i de la cultura dels altres.</span></span></p>
<p><span style="font-size: medium;"><span style="font-family: arial,helvetica,sans-serif;"><span style="color: #165878;"><strong>Multiculturalitat.</strong></span> Des de la identitat pròpia podem enriquir dia a dia el coneixement personal, a partir del respecte a les opinions i les procedències, tot donant impuls a les iniciatives que permetin el coneixement profund de la societat i les persones d&#8217;arreu.</span></span></p>
<p><span style="font-size: medium;"><span style="font-family: arial,helvetica,sans-serif;"><span style="color: #165878;"><strong>Interès pel món.</strong></span> Des del respecte, la reflexió sobre la pròpia identitat i el foment de la multiculturalitat, s&#8217;obren les expectatives per conèixer les diferents realitats a partir de sortides, viatges d&#8217;estudi, treball a l&#8217;aula i activitats de centre que potenciïn la curiositat, l&#8217;aprenentatge actiu i reflexió com a part integrant de l&#8217;individu.</span></span></p>
<p><span style="font-size: medium;"><span style="font-family: arial,helvetica,sans-serif;"><span style="color: #165878;"><strong>Inclusió.</strong></span> En conseqüència, el centre és i vol ser una entitat oberta a tothom, que reculli i ofereixi expectatives de formació a tots els joves de l&#8217;institut.</span></span></p>
<p><span style="font-size: medium;"><span style="font-family: arial,helvetica,sans-serif;"><strong><span style="color: #165878;">Cooperació.</span></strong> Perquè entenem que, en la societat contemporània, l&#8217;aprenentatge és el fruit de l&#8217;acció concertada de tots els que formen el centre escolar i d&#8217;aquest amb el seu entorn, i que, per tant, ha de fomentar-se en els valors de la col·laboració i el respecte mutus i no en els de l&#8217;individualisme i la competència.</span></span></p>
<p><span style="font-size: medium;"><span style="font-family: arial,helvetica,sans-serif;"><span style="color: #165878;"><strong>Diàleg.</strong></span> Perquè l&#8217;aparició del conflicte és inevitable en un marc de convivència activa, és necessari destacar el valor del diàleg com a eina per a evitar-lo i via per a resoldre&#8217;l quan hagi sorgit.</span></span></p>
<p><span style="font-size: medium;"><span style="font-family: arial,helvetica,sans-serif;"><span style="color: #165878;"><strong>Laïcitat.</strong></span> Entesa com a desvinculació orgànica de tota opció confessional, des del respecte profund a les creences particulars de cadascú.</span></span></p>
<p><span style="font-size: medium;"><span style="font-family: arial,helvetica,sans-serif;"><span style="color: #165878;"><strong>Equitat.</strong></span> Entesa com a adaptació diferenciada a les necessitats concretes de cada individu per tal de possibilitar la igualtat d&#8217;oportunitats per a tots.</span></span></p>
<p><span style="font-size: medium;"><span style="font-family: arial,helvetica,sans-serif;"><span style="color: #165878;"><strong>Avenç.</strong></span> Perquè entenem que la societat és dinàmica, l&#8217;institut s&#8217;adapta al context i les seves expectatives a partir de les noves tecnologies.<br />
</span></span></p>
<p>&nbsp;</p>
<p style="text-align: center;"><span style="font-size: medium;"><span style="font-family: arial,helvetica,sans-serif;"><img decoding="async" src="http://agora.xtec.cat/insllicamunt2/wp-content/uploads/usu1100/2016/05/idearibanner4.jpg" alt="" border="0" /></span></span></p>
</div>
</div>
<p>El document que ens defineix és el <a href="https://drive.google.com/file/d/0B4fsMFZ3y2BkWWdwb0JydlhwVmhibXB0SkRJY0lUcU85R2hN/view?usp=sharing" target="_blank" rel="noopener noreferrer">Projecte de Direcció (Projecte Educatiu)</a>.</p>

<p>&nbsp;<br />
L&#8217;Institut Hipàtia d&#8217;Alexandria és un centre públic d&#8217;ensenyament secundari que imparteix actualment tots els cursos d&#8217;Educació Secundària Obligatòria. Va néixer el setembre de l&#8217;any 2011 amb dos grups de 1r d&#8217;ESO i ha anat construint un projecte propi amb il·lusió i ambició a mesura que&hellip;  <a href="https://agora.xtec.cat/insllicamunt2/linstitut/ideari/" title="Read Ideari">Llegeix més»</a></p>
