{"id":2740,"date":"2016-05-04T12:19:59","date_gmt":"2016-05-04T11:19:59","guid":{"rendered":"http:\/\/agora.xtec.cat\/insllicamunt2\/intraweb\/benvinguda\/"},"modified":"2019-11-06T14:13:00","modified_gmt":"2019-11-06T13:13:00","slug":"benvinguda-3","status":"publish","type":"page","link":"https:\/\/agora.xtec.cat\/insllicamunt2\/linstitut\/benvinguda-3\/","title":{"rendered":"Benvinguda"},"content":{"rendered":"<div align=\"center\">\n<p style=\"text-align: justify;\"><span style=\"font-family: arial,helvetica,sans-serif; font-size: medium;\">El nostre nom identifica perfectament l&#8217;esperit del nostre centre. Tenint en compte els nostres cl\u00e0ssics volem aprofundir en la ci\u00e8ncia i les humanitats des del profund esperit cr\u00edtic, passant pel rigor dels aprenentatges adquirits per formar als nostres alumnes en el vessant hum\u00e0 m\u00e9s competent. Ajudem a formar persones.<\/span><\/p>\n<p style=\"text-align: justify;\"><span style=\"font-family: arial,helvetica,sans-serif; font-size: medium;\">L&#8217;ensenyament de qualitat \u00e9s una realitat, de la mateixa manera que l&#8217;acci\u00f3 tutorial no recau exclusivament en la figura del tutor, sin\u00f3 que convertim el PAT en una eina compartida del professorat que, des de la proximitat, acompanyem l&#8217;alumnat en el seu cam\u00ed des dels nivells d&#8217;adaptaci\u00f3 que pugui presentar per les dificultats, fins donar eines d&#8217;aprofundiment a aquells que necessiten desenvolupar la seva formaci\u00f3 amb m\u00e9s profunditat.<\/span><\/p>\n<p style=\"text-align: justify;\"><span style=\"font-family: arial,helvetica,sans-serif; font-size: medium;\">Aquest proc\u00e9s educatiu s&#8217;acompanya d&#8217;experimentaci\u00f3 real tant als \u00e0mbits cient\u00edfico-tecnol\u00f2gics com a les activitats human\u00edstiques, ra\u00f3 per la qual les sortides dins l&#8217;horari lectiu s\u00f3n nombroses i din\u00e0miques, at\u00e8s que entenem que l&#8217;educaci\u00f3 ha de relacionar-se amb el m\u00f3n extern d&#8217;una manera directa. Per altra banda, les instal\u00b7lacions del centre, aules d&#8217;inform\u00e0tica, laboratori, taller de tecnologia, biblioteca, entre d&#8217;altres, aporten els recursos necessaris per la formaci\u00f3 de l&#8217;alumnat.<\/span><\/p>\n<p style=\"text-align: justify;\"><span style=\"font-family: arial,helvetica,sans-serif; font-size: medium;\">Les lleng\u00fces estrangeres estan presents a bona part del curr\u00edculum, l&#8217;angl\u00e8s i l&#8217;alemany com a formaci\u00f3 continuada i, en conseq\u00fc\u00e8ncia, els alumnes participen de viatges d&#8217;estudi que desenvolupen en la seva llengua i en les que no s\u00f3n del seu \u00fas habitual els aprenentatges del curr\u00edculum.<\/span><\/p>\n<p style=\"text-align: justify;\"><span style=\"font-family: arial,helvetica,sans-serif; font-size: medium;\">Us convidem a passar una estona amb nosaltres, a trav\u00e9s de la web o formant part de la vida de l&#8217;institut.<\/span><\/p>\n<p>&nbsp;<\/p>\n<p style=\"text-align: center;\"><span style=\"font-family: arial,helvetica,sans-serif; font-size: medium;\">Benvinguts i benvingudes a l&#8217;Institut Hip\u00e0tia d&#8217;Alexandria<\/span><\/p>\n<p><img loading=\"lazy\" decoding=\"async\" src=\"http:\/\/agora.xtec.cat\/insllicamunt2\/wp-content\/uploads\/usu1100\/2016\/05\/benvinguda.jpg\" alt=\"\" width=\"737\" height=\"458\" border=\"0\" \/><\/p>\n<div><\/div>\n<p><em>&#8220;Defensa el teu dret a pensar perqu\u00e8 fins i tot pensar de manera err\u00f2nia \u00e9s millor que no pensar.&#8221; <\/em><\/p>\n<\/div>\n","protected":false},"excerpt":{"rendered":"<p>El nostre nom identifica perfectament l&#8217;esperit del nostre centre. Tenint en compte els nostres cl\u00e0ssics volem aprofundir en la ci\u00e8ncia i les humanitats des del profund esperit cr\u00edtic, passant pel rigor dels aprenentatges adquirits per formar als nostres alumnes en el vessant hum\u00e0 m\u00e9s competent.&hellip;  <a href=\"https:\/\/agora.xtec.cat\/insllicamunt2\/linstitut\/benvinguda-3\/\" title=\"Read Benvinguda\">Llegeix m\u00e9s\u00bb<\/a><\/p>\n","protected":false},"author":1,"featured_media":0,"parent":10464,"menu_order":1,"comment_status":"closed","ping_status":"closed","template":"page-templates\/side-menu.php","meta":{"_bbp_topic_count":0,"_bbp_reply_count":0,"_bbp_total_topic_count":0,"_bbp_total_reply_count":0,"_bbp_voice_count":0,"_bbp_anonymous_reply_count":0,"_bbp_topic_count_hidden":0,"_bbp_reply_count_hidden":0,"_bbp_forum_subforum_count":0,"footnotes":""},"class_list":["post-2740","page","type-page","status-publish","hentry"],"post_mailing_queue_ids":[],"_links":{"self":[{"href":"https:\/\/agora.xtec.cat\/insllicamunt2\/wp-json\/wp\/v2\/pages\/2740","targetHints":{"allow":["GET"]}}],"collection":[{"href":"https:\/\/agora.xtec.cat\/insllicamunt2\/wp-json\/wp\/v2\/pages"}],"about":[{"href":"https:\/\/agora.xtec.cat\/insllicamunt2\/wp-json\/wp\/v2\/types\/page"}],"author":[{"embeddable":true,"href":"https:\/\/agora.xtec.cat\/insllicamunt2\/wp-json\/wp\/v2\/users\/1"}],"replies":[{"embeddable":true,"href":"https:\/\/agora.xtec.cat\/insllicamunt2\/wp-json\/wp\/v2\/comments?post=2740"}],"version-history":[{"count":3,"href":"https:\/\/agora.xtec.cat\/insllicamunt2\/wp-json\/wp\/v2\/pages\/2740\/revisions"}],"predecessor-version":[{"id":10625,"href":"https:\/\/agora.xtec.cat\/insllicamunt2\/wp-json\/wp\/v2\/pages\/2740\/revisions\/10625"}],"up":[{"embeddable":true,"href":"https:\/\/agora.xtec.cat\/insllicamunt2\/wp-json\/wp\/v2\/pages\/10464"}],"wp:attachment":[{"href":"https:\/\/agora.xtec.cat\/insllicamunt2\/wp-json\/wp\/v2\/media?parent=2740"}],"curies":[{"name":"wp","href":"https:\/\/api.w.org\/{rel}","templated":true}]}}