{"id":2738,"date":"2016-05-04T12:19:59","date_gmt":"2016-05-04T11:19:59","guid":{"rendered":"http:\/\/agora.xtec.cat\/insllicamunt2\/intraweb\/ampa\/"},"modified":"2021-01-17T22:20:16","modified_gmt":"2021-01-17T21:20:16","slug":"ampa","status":"publish","type":"page","link":"https:\/\/agora.xtec.cat\/insllicamunt2\/linstitut\/ampa\/","title":{"rendered":"AMPA"},"content":{"rendered":"<p>&nbsp;<\/p>\n<div align=\"center\">\n<p style=\"text-align: justify;\"><span style=\"font-size: medium;\"><span style=\"font-family: arial,helvetica,sans-serif;\">Us donem la benvinguda en nom de l\u2019equip de l\u2019AMPA i us agra\u00efm la vostra confian\u00e7a i col\u00b7laboraci\u00f3.<\/span><\/span><\/p>\n<p style=\"text-align: justify;\"><span style=\"font-size: medium;\"><span style=\"font-family: arial,helvetica,sans-serif;\"><br \/>\nL\u2019Associaci\u00f3 de Pares i Mares d\u2019Alumnes de l\u2019Institut Hip\u00e0tia d\u2019Alexandria \u00e9s una associaci\u00f3 sense \u00e0nim de lucre que col\u00b7labora en diversos serveis i activitats de l\u2019Institut: participaci\u00f3 en el Consell Escolar del centre, petici\u00f3 de subvencions al Departament d\u2019Educaci\u00f3, col\u00b7laboraci\u00f3 en algunes festes de l\u2019escola, reunions peri\u00f2diques amb la direcci\u00f3 del centre, organitzaci\u00f3 del comiat dels alumnes de quart, <strong>dotaci\u00f3 econ\u00f2mica per material d\u2019educaci\u00f3 f\u00edsica, dotaci\u00f3 d\u2019ordinadors per l\u2019aula d\u2019inform\u00e0tica, projectors per a diverses aules, microscopis pel laboratori, carpeta i agenda cada curs<\/strong>&#8230;<\/span><\/span><\/p>\n<p style=\"text-align: justify;\"><span style=\"font-size: medium;\"><span style=\"font-family: arial,helvetica,sans-serif;\"><br \/>\nAquestes activitats i dotacions de material es poden dur a terme gr\u00e0cies a la gesti\u00f3 i el finan\u00e7ament dels pares i mares, \u00e9s per aix\u00f3 molt important que totes les fam\u00edlies hi col\u00b7laborem.<\/span><\/span><\/p>\n<p style=\"text-align: justify;\"><span style=\"font-size: medium;\"><span style=\"font-family: arial,helvetica,sans-serif;\">La junta de l\u2019AMPA es reuneix a l\u2019Institut aproximada ment un cop al mes, per\u00f2 la periodicitat de les trobades pot variar en funci\u00f3 de le necessitat i urg\u00e8ncia dels temes a tractar. Normalment les reunions se celebren els divendres a les 19:30h i un cop l\u2019any es convoca l\u2019assemblea general ordin\u00e0ria.<\/span><\/span><\/p>\n<p><img decoding=\"async\" src=\"http:\/\/agora.xtec.cat\/insllicamunt2\/wp-content\/uploads\/usu1100\/2016\/05\/AMPA.jpg\" alt=\"\" border=\"0\" \/><\/p>\n<p><em><span style=\"font-size: medium;\"><span style=\"font-family: arial,helvetica,sans-serif;\"><span style=\"color: #165878;\"><strong>C\u00e0rrecs de representaci\u00f3<br \/>\n<\/strong><\/span><\/span><\/span><\/em><\/p>\n<p style=\"text-align: center;\" align=\"justify\"><span style=\"font-size: medium;\"><span style=\"font-family: arial,helvetica,sans-serif;\"><em>Presid\u00e8ncia<\/em><\/span><\/span><\/p>\n<p style=\"text-align: center;\" align=\"justify\"><span style=\"font-size: medium;\"><span style=\"font-family: arial,helvetica,sans-serif;\">Sara Caballero<br \/>\n<\/span><\/span><\/p>\n<p style=\"text-align: center;\" align=\"justify\"><span style=\"font-size: medium;\"><span style=\"font-family: arial,helvetica,sans-serif;\"><em>Secret\u00e0ria i responsable xarxes socials<\/em><\/span><\/span><\/p>\n<p style=\"text-align: center;\" align=\"justify\"><span style=\"font-size: medium;\"><span style=\"font-family: arial,helvetica,sans-serif;\">\u00a0M. Carme Mas<\/span><\/span><\/p>\n<p style=\"text-align: center;\" align=\"justify\"><span style=\"font-size: medium;\"><span style=\"font-family: arial,helvetica,sans-serif;\"><em>Tresoreria i responsable extraescolars<\/em><\/span><\/span><\/p>\n<p style=\"text-align: center;\" align=\"justify\"><span style=\"font-size: medium;\"><span style=\"font-family: arial,helvetica,sans-serif;\">Olga Riquelme<\/span><\/span><\/p>\n<p style=\"text-align: center;\" align=\"justify\"><em>Representant al Consell Escolar i responsable de transport<\/em><\/p>\n<p style=\"text-align: center;\" align=\"justify\">Gemma Gonz\u00e1lez<\/p>\n<p style=\"text-align: center;\" align=\"justify\"><em>Vocals<\/em><\/p>\n<p style=\"text-align: center;\" align=\"justify\">Minerva D\u00edaz<\/p>\n<p style=\"text-align: center;\" align=\"justify\">Juan Antonio Mart\u00ednez<\/p>\n<p style=\"text-align: center;\" align=\"justify\"><span style=\"font-size: medium;\"><span style=\"font-family: arial,helvetica,sans-serif;\">\u00a0<\/span><\/span><\/p>\n<p>&nbsp;<\/p>\n<\/div>\n<div align=\"center\"><span style=\"font-family: arial,helvetica,sans-serif; font-size: 12pt;\"><br \/>\n<\/span><em><span style=\"font-size: medium;\"><span style=\"font-family: arial,helvetica,sans-serif;\"><span style=\"color: #165878;\"><strong>Correu electr\u00f2nic i Facebook<br \/>\n<\/strong><\/span><\/span><\/span><\/em><\/div>\n<div align=\"center\"><\/div>\n<p style=\"text-align: center;\"><a href=\"mailto:ampa@inshipatia.cat\" target=\"_blank\" rel=\"noopener noreferrer\">ampa@inshipatia.cat<\/a>.<\/p>\n<p style=\"text-align: center;\"><span style=\"font-size: medium;\"><span style=\"font-family: arial,helvetica,sans-serif;\"><a title=\"Facebook\" href=\"http:\/\/www.facebook.com\/groups\/217358041653987\/%20\" target=\"_blank\" rel=\"noopener noreferrer\">Grup al Facebook<\/a><br \/>\n<\/span><\/span><\/p>\n<p style=\"text-align: center;\"><span style=\"font-size: 12pt;\"><span style=\"font-family: arial,helvetica,sans-serif;\">L&#8217;AMPA a<\/span><\/span><\/p>\n<p><a href=\"..\/categoria\/ampa\/\" target=\"_blank\" rel=\"noopener noreferrer\"><span style=\"font-size: medium;\"><span style=\"font-family: arial,helvetica,sans-serif;\"><img loading=\"lazy\" decoding=\"async\" class=\"aligncenter\" src=\"http:\/\/agora.xtec.cat\/insllicamunt2\/wp-content\/uploads\/usu1100\/2016\/05\/elfardhipatia-e1462459426365.jpg\" alt=\"\" width=\"143\" height=\"143\" border=\"0\" \/><\/span><\/span><\/a><\/p>\n<p>&nbsp;<\/p>\n<p><span style=\"font-family: arial,helvetica,sans-serif; font-size: 12pt;\">Ens agradaria que qualsevol suggeriment o dubte ens el f\u00e9ssiu arribar a la nostra adre\u00e7a electr\u00f2nica.<\/span><\/p>\n","protected":false},"excerpt":{"rendered":"<p>&nbsp;<\/p>\n<p>Us donem la benvinguda en nom de l\u2019equip de l\u2019AMPA i us agra\u00efm la vostra confian\u00e7a i col\u00b7laboraci\u00f3.<\/p>\n<p>L\u2019Associaci\u00f3 de Pares i Mares d\u2019Alumnes de l\u2019Institut Hip\u00e0tia d\u2019Alexandria \u00e9s una associaci\u00f3 sense \u00e0nim de lucre que col\u00b7labora en diversos serveis i activitats de l\u2019Institut: participaci\u00f3 en&hellip;  <a href=\"https:\/\/agora.xtec.cat\/insllicamunt2\/linstitut\/ampa\/\" title=\"Read AMPA\">Llegeix m\u00e9s\u00bb<\/a><\/p>\n","protected":false},"author":1,"featured_media":0,"parent":10464,"menu_order":8,"comment_status":"closed","ping_status":"closed","template":"page-templates\/side-menu.php","meta":{"_bbp_topic_count":0,"_bbp_reply_count":0,"_bbp_total_topic_count":0,"_bbp_total_reply_count":0,"_bbp_voice_count":0,"_bbp_anonymous_reply_count":0,"_bbp_topic_count_hidden":0,"_bbp_reply_count_hidden":0,"_bbp_forum_subforum_count":0,"footnotes":""},"class_list":["post-2738","page","type-page","status-publish","hentry"],"post_mailing_queue_ids":[],"_links":{"self":[{"href":"https:\/\/agora.xtec.cat\/insllicamunt2\/wp-json\/wp\/v2\/pages\/2738","targetHints":{"allow":["GET"]}}],"collection":[{"href":"https:\/\/agora.xtec.cat\/insllicamunt2\/wp-json\/wp\/v2\/pages"}],"about":[{"href":"https:\/\/agora.xtec.cat\/insllicamunt2\/wp-json\/wp\/v2\/types\/page"}],"author":[{"embeddable":true,"href":"https:\/\/agora.xtec.cat\/insllicamunt2\/wp-json\/wp\/v2\/users\/1"}],"replies":[{"embeddable":true,"href":"https:\/\/agora.xtec.cat\/insllicamunt2\/wp-json\/wp\/v2\/comments?post=2738"}],"version-history":[{"count":3,"href":"https:\/\/agora.xtec.cat\/insllicamunt2\/wp-json\/wp\/v2\/pages\/2738\/revisions"}],"predecessor-version":[{"id":11808,"href":"https:\/\/agora.xtec.cat\/insllicamunt2\/wp-json\/wp\/v2\/pages\/2738\/revisions\/11808"}],"up":[{"embeddable":true,"href":"https:\/\/agora.xtec.cat\/insllicamunt2\/wp-json\/wp\/v2\/pages\/10464"}],"wp:attachment":[{"href":"https:\/\/agora.xtec.cat\/insllicamunt2\/wp-json\/wp\/v2\/media?parent=2738"}],"curies":[{"name":"wp","href":"https:\/\/api.w.org\/{rel}","templated":true}]}}

<p>&nbsp;</p>
<div align="center">
<p style="text-align: justify;"><span style="font-size: medium;"><span style="font-family: arial,helvetica,sans-serif;">Us donem la benvinguda en nom de l’equip de l’AMPA i us agraïm la vostra confiança i col·laboració.</span></span></p>
<p style="text-align: justify;"><span style="font-size: medium;"><span style="font-family: arial,helvetica,sans-serif;"><br />
L’Associació de Pares i Mares d’Alumnes de l’Institut Hipàtia d’Alexandria és una associació sense ànim de lucre que col·labora en diversos serveis i activitats de l’Institut: participació en el Consell Escolar del centre, petició de subvencions al Departament d’Educació, col·laboració en algunes festes de l’escola, reunions periòdiques amb la direcció del centre, organització del comiat dels alumnes de quart, <strong>dotació econòmica per material d’educació física, dotació d’ordinadors per l’aula d’informàtica, projectors per a diverses aules, microscopis pel laboratori, carpeta i agenda cada curs</strong>&#8230;</span></span></p>
<p style="text-align: justify;"><span style="font-size: medium;"><span style="font-family: arial,helvetica,sans-serif;"><br />
Aquestes activitats i dotacions de material es poden dur a terme gràcies a la gestió i el finançament dels pares i mares, és per aixó molt important que totes les famílies hi col·laborem.</span></span></p>
<p style="text-align: justify;"><span style="font-size: medium;"><span style="font-family: arial,helvetica,sans-serif;">La junta de l’AMPA es reuneix a l’Institut aproximada ment un cop al mes, però la periodicitat de les trobades pot variar en funció de le necessitat i urgència dels temes a tractar. Normalment les reunions se celebren els divendres a les 19:30h i un cop l’any es convoca l’assemblea general ordinària.</span></span></p>
<p><img decoding="async" src="http://agora.xtec.cat/insllicamunt2/wp-content/uploads/usu1100/2016/05/AMPA.jpg" alt="" border="0" /></p>
<p><em><span style="font-size: medium;"><span style="font-family: arial,helvetica,sans-serif;"><span style="color: #165878;"><strong>Càrrecs de representació<br />
</strong></span></span></span></em></p>
<p style="text-align: center;" align="justify"><span style="font-size: medium;"><span style="font-family: arial,helvetica,sans-serif;"><em>Presidència</em></span></span></p>
<p style="text-align: center;" align="justify"><span style="font-size: medium;"><span style="font-family: arial,helvetica,sans-serif;">Sara Caballero<br />
</span></span></p>
<p style="text-align: center;" align="justify"><span style="font-size: medium;"><span style="font-family: arial,helvetica,sans-serif;"><em>Secretària i responsable xarxes socials</em></span></span></p>
<p style="text-align: center;" align="justify"><span style="font-size: medium;"><span style="font-family: arial,helvetica,sans-serif;"> M. Carme Mas</span></span></p>
<p style="text-align: center;" align="justify"><span style="font-size: medium;"><span style="font-family: arial,helvetica,sans-serif;"><em>Tresoreria i responsable extraescolars</em></span></span></p>
<p style="text-align: center;" align="justify"><span style="font-size: medium;"><span style="font-family: arial,helvetica,sans-serif;">Olga Riquelme</span></span></p>
<p style="text-align: center;" align="justify"><em>Representant al Consell Escolar i responsable de transport</em></p>
<p style="text-align: center;" align="justify">Gemma González</p>
<p style="text-align: center;" align="justify"><em>Vocals</em></p>
<p style="text-align: center;" align="justify">Minerva Díaz</p>
<p style="text-align: center;" align="justify">Juan Antonio Martínez</p>
<p style="text-align: center;" align="justify"><span style="font-size: medium;"><span style="font-family: arial,helvetica,sans-serif;"> </span></span></p>
<p>&nbsp;</p>
</div>
<div align="center"><span style="font-family: arial,helvetica,sans-serif; font-size: 12pt;"><br />
</span><em><span style="font-size: medium;"><span style="font-family: arial,helvetica,sans-serif;"><span style="color: #165878;"><strong>Correu electrònic i Facebook<br />
</strong></span></span></span></em></div>
<div align="center"></div>
<p style="text-align: center;"><a href="mailto:ampa@inshipatia.cat" target="_blank" rel="noopener noreferrer">ampa@inshipatia.cat</a>.</p>
<p style="text-align: center;"><span style="font-size: medium;"><span style="font-family: arial,helvetica,sans-serif;"><a title="Facebook" href="http://www.facebook.com/groups/217358041653987/%20" target="_blank" rel="noopener noreferrer">Grup al Facebook</a><br />
</span></span></p>
<p style="text-align: center;"><span style="font-size: 12pt;"><span style="font-family: arial,helvetica,sans-serif;">L&#8217;AMPA a</span></span></p>
<p><a href="../categoria/ampa/" target="_blank" rel="noopener noreferrer"><span style="font-size: medium;"><span style="font-family: arial,helvetica,sans-serif;"><img loading="lazy" decoding="async" class="aligncenter" src="http://agora.xtec.cat/insllicamunt2/wp-content/uploads/usu1100/2016/05/elfardhipatia-e1462459426365.jpg" alt="" width="143" height="143" border="0" /></span></span></a></p>
<p>&nbsp;</p>
<p><span style="font-family: arial,helvetica,sans-serif; font-size: 12pt;">Ens agradaria que qualsevol suggeriment o dubte ens el féssiu arribar a la nostra adreça electrònica.</span></p>

<p>&nbsp;</p>
<p>Us donem la benvinguda en nom de l’equip de l’AMPA i us agraïm la vostra confiança i col·laboració.</p>
<p>L’Associació de Pares i Mares d’Alumnes de l’Institut Hipàtia d’Alexandria és una associació sense ànim de lucre que col·labora en diversos serveis i activitats de l’Institut: participació en&hellip;  <a href="https://agora.xtec.cat/insllicamunt2/linstitut/ampa/" title="Read AMPA">Llegeix més»</a></p>
