{"id":10392,"date":"2019-10-30T10:24:05","date_gmt":"2019-10-30T09:24:05","guid":{"rendered":"http:\/\/agora.xtec.cat\/insllicamunt2\/?page_id=10392"},"modified":"2023-02-08T13:22:08","modified_gmt":"2023-02-08T12:22:08","slug":"certificat-catala","status":"publish","type":"page","link":"https:\/\/agora.xtec.cat\/insllicamunt2\/secretaria\/certificat-catala\/","title":{"rendered":"Certificat catal\u00e0"},"content":{"rendered":"<p><span style=\"color: #008080;\"><a style=\"color: #008080;\" href=\"http:\/\/llengua.gencat.cat\/ca\/serveis\/acreditacio_coneixements\/certificats_de_catala\/equivalencies_i_acreditacio_de_coneixements_de_catala\" target=\"_blank\" rel=\"noopener noreferrer\"><img loading=\"lazy\" decoding=\"async\" class=\"alignleft wp-image-10604\" src=\"https:\/\/agora.xtec.cat\/insllicamunt2\/wp-content\/uploads\/usu1100\/2019\/11\/ilustracion-redes-sociales_24877-52393.jpg\" alt=\"\" width=\"334\" height=\"334\" srcset=\"https:\/\/agora.xtec.cat\/insllicamunt2\/wp-content\/uploads\/usu1100\/2019\/11\/ilustracion-redes-sociales_24877-52393.jpg 626w, https:\/\/agora.xtec.cat\/insllicamunt2\/wp-content\/uploads\/usu1100\/2019\/11\/ilustracion-redes-sociales_24877-52393-150x150.jpg 150w, https:\/\/agora.xtec.cat\/insllicamunt2\/wp-content\/uploads\/usu1100\/2019\/11\/ilustracion-redes-sociales_24877-52393-300x300.jpg 300w\" sizes=\"auto, (max-width: 334px) 100vw, 334px\" \/><\/a><\/span><\/p>\n<p><strong><span style=\"color: #ff9900;\">Enlla\u00e7 al Gencat:\u00a0<\/span><\/strong><a style=\"font-family: inherit; font-size: 1em; color: #008080;\" href=\"http:\/\/llengua.gencat.cat\/ca\/serveis\/acreditacio_coneixements\/certificats_de_catala\/equivalencies_i_acreditacio_de_coneixements_de_catala\" target=\"_blank\" rel=\"noopener noreferrer\">Equival\u00e8ncies i acreditaci\u00f3 de coneixement de catal\u00e0<\/a><\/p>\n<p><strong><span style=\"color: #ff9900;\">Descarrega&#8217;t la sol\u00b7licitud: <\/span><\/strong><span style=\"color: #008080;\"><a href=\"https:\/\/agora.xtec.cat\/insllicamunt2\/wp-content\/uploads\/usu1100\/2019\/11\/Sol\u00b7licitud-certificat-catal\u00e0.pdf\" target=\"_blank\" rel=\"noopener noreferrer\">Sol\u00b7licitud certificat catal\u00e0<\/a><\/span><\/p>\n<p><span style=\"color: #008080;\"><strong>Certificat de nivell intermedi de catal\u00e0 (B2), que es correspon amb el nivell B2 del Marc\u00a0europeu com\u00fa de refer\u00e8ncia per a les lleng\u00fces (MECR). T\u00edtols, diplomes i certificats que es\u00a0consideren equivalents<\/strong><\/span><\/p>\n<p><span style=\"color: #000000;\"><em><strong>T\u00edtols de l\u2019ensenyament reglat no universitari<\/strong><\/em><\/span><\/p>\n<p>\u2013 T\u00edtol de graduaci\u00f3 escolar (EGB), sempre que s\u2019hagi cursat tota l\u2019EGB a Catalunya i s\u2019hagi cursat la mat\u00e8ria de llengua catalana en la totalitat dels estudis esmentats a partir del curs 1978-1979.<\/p>\n<p><em>Per acreditar les condicions acad\u00e8miques esmentades, cal aportar un certificat expedit, a sol\u00b7licitud de la persona interessada, per qualsevol institut d\u2019educaci\u00f3 secund\u00e0ria p\u00fablic de la manera que determina la Direcci\u00f3 General d\u2019Innovaci\u00f3.<\/em><\/p>\n<p>\u2013 T\u00edtol de t\u00e8cnic\/a auxiliar (FP1), sempre que s\u2019hagi cursat tota l\u2019EGB i l\u2019FP1 a Catalunya i s\u2019hagi cursat la mat\u00e8ria de llengua catalana en la totalitat dels estudis esmentats a partir del curs 1 978-1979. Per acreditar les condicions acad\u00e8miques indicades, cal aportar un certificat expedit, a sol\u00b7licitud de la persona interessada, per qualsevol institut d\u2019educaci\u00f3 secund\u00e0ria p\u00fablic de la manera que determina la Direcci\u00f3 General d\u2019Innovaci\u00f3 Direcci\u00f3 General de Pol\u00edtica Ling\u00fc\u00edstica<\/p>\n<p>\u2013 T\u00edtol de graduaci\u00f3 en educaci\u00f3 secund\u00e0ria (ESO), sempre que s\u2019hagi cursat i aprovat l\u2019assignatura de llengua catalana durant la totalitat de l\u2019educaci\u00f3 secund\u00e0ria obligat\u00f2ria i, com a m\u00ednim, quatre cursos de l\u2019educaci\u00f3 prim\u00e0ria a centres de l\u2019Arag\u00f3. Per acreditar les condicions acad\u00e8miques esmentades, cal aportar un certificat expedit amb aquesta finalitat, a sol\u00b7licitud de la persona interessada, per l\u2019\u00f2rgan competent que determini el govern d\u2019Arag\u00f3.<\/p>\n<p>&nbsp;<\/p>\n<p><span style=\"color: #008080;\"><strong>Certificat de nivell de sufici\u00e8ncia de catal\u00e0 (C1), que es correspon amb el nivell C1 del Marc\u00a0europeu com\u00fa de refer\u00e8ncia per a les lleng\u00fces (MECR). T\u00edtols, diplomes i certificats que es\u00a0consideren equivalents<\/strong><\/span><\/p>\n<p><em><strong>T\u00edtols de l\u2019ensenyament reglat no universitari<\/strong><\/em><\/p>\n<p>\u2013 T\u00edtol de graduaci\u00f3 en educaci\u00f3 secund\u00e0ria (ESO) sempre que s\u2019hagin cursat a Catalunya almenys tres cursos qualsevol de prim\u00e0ria i tota l\u2019ESO, i s\u2019hagi cursat i aprovat la mat\u00e8ria de llengua catalana en la totalitat dels estudis m\u00ednims esmentats. El requi sit d\u2019acreditaci\u00f3 d\u2019haver aprovat la mat\u00e8ria de llengua catalana \u00e9s d\u2019aplicaci\u00f3 als t\u00edtols de graduaci\u00f3 en educaci\u00f3 secund\u00e0ria obtinguts a partir del curs 2007-2008. Per acreditar les condicions acad\u00e8miques esmentades, cal aportar un certificat expedit, a sol\u00b7licitud de la persona interessada, per qualsevol institut d\u2019educaci\u00f3 secund\u00e0ria p\u00fablic de la manera que determina la Direcci\u00f3 General d\u2019Innovaci\u00f3.<\/p>\n<p>\u2013 T\u00edtol de graduaci\u00f3 en educaci\u00f3 secund\u00e0ria obtingut a centres i aules de formaci\u00f3 de persones adultes, sempre que s\u2019hagin cursat a Catalunya almenys vuit cursos qualsevol entre la prim\u00e0ria i l\u2019ESO, i que s\u2019hagi cursat i aprovat l\u2019\u00e0rea de llengua catalana als centres i aules de formaci\u00f3 de persones adultes.<\/p>\n<p>Per acreditar les condicions acad\u00e8miques esmentades, cal aportar un certificat expedit, a sol\u00b7licitud de la persona interessada, per una escola de persones adultes autoritzada de la manera que determina la Direcci\u00f3 General d\u2019Ensenyaments Professionals, Art\u00edstics i Especialitzats.<\/p>\n<p>\u2013 T\u00edtol de batxillerat (LOGSE) sempre que s\u2019hagin cursat a Catalunya tres cursos qualsevol de prim\u00e0ria i cinc cursos qualsevol entre l\u2019ESO i e l batxillerat i s\u2019hagi cursat la mat\u00e8ria de llengua catalana en la totalitat dels estudis m\u00ednims esmentats. Per acreditar les condicions acad\u00e8miques esmentades, cal aportar un certificat expedit, a sol\u00b7licitud de la persona interessada, pe r qualsevol institut d\u2019educaci\u00f3 secund\u00e0ria p\u00fablic de la manera que determina la Direcci\u00f3 General d\u2019Innovaci\u00f3.<\/p>\n<p>\u2013 T\u00edtol de batxillerat (BUP), sempre que s\u2019hagi cursat tota l\u2019EGB i el BUP a Catalunya i s\u2019hagi cursat de manera oficial la mat\u00e8ria de llengua catalana en la totalitat dels estudis esmentats a partir del curs 1978-1979. Per acreditar les condicions acad\u00e8miques esmentades, cal aportar un certificat expedit, a sol\u00b7licitud de la persona interessada, per qualsevol institut d\u2019educaci\u00f3 secund\u00e0ria p\u00fablic de la manera que determina la Direcci\u00f3 General d\u2019Innovaci\u00f3.<\/p>\n<p>\u2013 T\u00edtol de t\u00e8cnic\/a especialista (FP2) sempre que s\u2019hagi cursat tota l\u2019EGB, l\u2019FP1 i l\u2019FP2 a Catalunya i s\u2019hagi cursat de manera oficial la mat\u00e8ria de llengua catalana en l a totalitat dels estudis esmentats a partir del curs 1 978-1979. Per acreditar les condicions acad\u00e8miques esmentades, cal aportar un certificat expedit, a sol\u00b7licitud de la persona interessada, per qualsevol institut d\u2019educaci\u00f3 secund\u00e0ria p\u00fablic de la manera que determina la Direcci\u00f3 General d\u2019Innovaci\u00f3.<\/p>\n","protected":false},"excerpt":{"rendered":"<p><a style=\"color: #008080;\" href=\"http:\/\/llengua.gencat.cat\/ca\/serveis\/acreditacio_coneixements\/certificats_de_catala\/equivalencies_i_acreditacio_de_coneixements_de_catala\" target=\"_blank\" rel=\"noopener noreferrer\"><\/a><br \/>\nEnlla\u00e7 al Gencat:\u00a0<a style=\"font-family: inherit; font-size: 1em; color: #008080;\" href=\"http:\/\/llengua.gencat.cat\/ca\/serveis\/acreditacio_coneixements\/certificats_de_catala\/equivalencies_i_acreditacio_de_coneixements_de_catala\" target=\"_blank\" rel=\"noopener noreferrer\">Equival\u00e8ncies i acreditaci\u00f3 de coneixement de catal\u00e0<\/a><br \/>\nDescarrega&#8217;t la sol\u00b7licitud: <a href=\"https:\/\/agora.xtec.cat\/insllicamunt2\/wp-content\/uploads\/usu1100\/2019\/11\/Sol\u00b7licitud-certificat-catal\u00e0.pdf\" target=\"_blank\" rel=\"noopener noreferrer\">Sol\u00b7licitud certificat catal\u00e0<\/a><br \/>\nCertificat de nivell intermedi de catal\u00e0 (B2), que es correspon amb el&hellip;  <a href=\"https:\/\/agora.xtec.cat\/insllicamunt2\/secretaria\/certificat-catala\/\" title=\"Read Certificat catal\u00e0\">Llegeix m\u00e9s\u00bb<\/a><\/p>\n","protected":false},"author":1,"featured_media":0,"parent":10380,"menu_order":0,"comment_status":"closed","ping_status":"closed","template":"page-templates\/side-menu.php","meta":{"_bbp_topic_count":0,"_bbp_reply_count":0,"_bbp_total_topic_count":0,"_bbp_total_reply_count":0,"_bbp_voice_count":0,"_bbp_anonymous_reply_count":0,"_bbp_topic_count_hidden":0,"_bbp_reply_count_hidden":0,"_bbp_forum_subforum_count":0,"footnotes":""},"class_list":["post-10392","page","type-page","status-publish","hentry"],"post_mailing_queue_ids":[],"_links":{"self":[{"href":"https:\/\/agora.xtec.cat\/insllicamunt2\/wp-json\/wp\/v2\/pages\/10392","targetHints":{"allow":["GET"]}}],"collection":[{"href":"https:\/\/agora.xtec.cat\/insllicamunt2\/wp-json\/wp\/v2\/pages"}],"about":[{"href":"https:\/\/agora.xtec.cat\/insllicamunt2\/wp-json\/wp\/v2\/types\/page"}],"author":[{"embeddable":true,"href":"https:\/\/agora.xtec.cat\/insllicamunt2\/wp-json\/wp\/v2\/users\/1"}],"replies":[{"embeddable":true,"href":"https:\/\/agora.xtec.cat\/insllicamunt2\/wp-json\/wp\/v2\/comments?post=10392"}],"version-history":[{"count":3,"href":"https:\/\/agora.xtec.cat\/insllicamunt2\/wp-json\/wp\/v2\/pages\/10392\/revisions"}],"predecessor-version":[{"id":13209,"href":"https:\/\/agora.xtec.cat\/insllicamunt2\/wp-json\/wp\/v2\/pages\/10392\/revisions\/13209"}],"up":[{"embeddable":true,"href":"https:\/\/agora.xtec.cat\/insllicamunt2\/wp-json\/wp\/v2\/pages\/10380"}],"wp:attachment":[{"href":"https:\/\/agora.xtec.cat\/insllicamunt2\/wp-json\/wp\/v2\/media?parent=10392"}],"curies":[{"name":"wp","href":"https:\/\/api.w.org\/{rel}","templated":true}]}}

Certificat català

<p><span style="color: #008080;"><a style="color: #008080;" href="http://llengua.gencat.cat/ca/serveis/acreditacio_coneixements/certificats_de_catala/equivalencies_i_acreditacio_de_coneixements_de_catala" target="_blank" rel="noopener noreferrer"><img loading="lazy" decoding="async" class="alignleft wp-image-10604" src="https://agora.xtec.cat/insllicamunt2/wp-content/uploads/usu1100/2019/11/ilustracion-redes-sociales_24877-52393.jpg" alt="" width="334" height="334" srcset="https://agora.xtec.cat/insllicamunt2/wp-content/uploads/usu1100/2019/11/ilustracion-redes-sociales_24877-52393.jpg 626w, https://agora.xtec.cat/insllicamunt2/wp-content/uploads/usu1100/2019/11/ilustracion-redes-sociales_24877-52393-150x150.jpg 150w, https://agora.xtec.cat/insllicamunt2/wp-content/uploads/usu1100/2019/11/ilustracion-redes-sociales_24877-52393-300x300.jpg 300w" sizes="auto, (max-width: 334px) 100vw, 334px" /></a></span></p>
<p><strong><span style="color: #ff9900;">Enllaç al Gencat: </span></strong><a style="font-family: inherit; font-size: 1em; color: #008080;" href="http://llengua.gencat.cat/ca/serveis/acreditacio_coneixements/certificats_de_catala/equivalencies_i_acreditacio_de_coneixements_de_catala" target="_blank" rel="noopener noreferrer">Equivalències i acreditació de coneixement de català</a></p>
<p><strong><span style="color: #ff9900;">Descarrega&#8217;t la sol·licitud: </span></strong><span style="color: #008080;"><a href="https://agora.xtec.cat/insllicamunt2/wp-content/uploads/usu1100/2019/11/Sol·licitud-certificat-català.pdf" target="_blank" rel="noopener noreferrer">Sol·licitud certificat català</a></span></p>
<p><span style="color: #008080;"><strong>Certificat de nivell intermedi de català (B2), que es correspon amb el nivell B2 del Marc europeu comú de referència per a les llengües (MECR). Títols, diplomes i certificats que es consideren equivalents</strong></span></p>
<p><span style="color: #000000;"><em><strong>Títols de l’ensenyament reglat no universitari</strong></em></span></p>
<p>– Títol de graduació escolar (EGB), sempre que s’hagi cursat tota l’EGB a Catalunya i s’hagi cursat la matèria de llengua catalana en la totalitat dels estudis esmentats a partir del curs 1978-1979.</p>
<p><em>Per acreditar les condicions acadèmiques esmentades, cal aportar un certificat expedit, a sol·licitud de la persona interessada, per qualsevol institut d’educació secundària públic de la manera que determina la Direcció General d’Innovació.</em></p>
<p>– Títol de tècnic/a auxiliar (FP1), sempre que s’hagi cursat tota l’EGB i l’FP1 a Catalunya i s’hagi cursat la matèria de llengua catalana en la totalitat dels estudis esmentats a partir del curs 1 978-1979. Per acreditar les condicions acadèmiques indicades, cal aportar un certificat expedit, a sol·licitud de la persona interessada, per qualsevol institut d’educació secundària públic de la manera que determina la Direcció General d’Innovació Direcció General de Política Lingüística</p>
<p>– Títol de graduació en educació secundària (ESO), sempre que s’hagi cursat i aprovat l’assignatura de llengua catalana durant la totalitat de l’educació secundària obligatòria i, com a mínim, quatre cursos de l’educació primària a centres de l’Aragó. Per acreditar les condicions acadèmiques esmentades, cal aportar un certificat expedit amb aquesta finalitat, a sol·licitud de la persona interessada, per l’òrgan competent que determini el govern d’Aragó.</p>
<p>&nbsp;</p>
<p><span style="color: #008080;"><strong>Certificat de nivell de suficiència de català (C1), que es correspon amb el nivell C1 del Marc europeu comú de referència per a les llengües (MECR). Títols, diplomes i certificats que es consideren equivalents</strong></span></p>
<p><em><strong>Títols de l’ensenyament reglat no universitari</strong></em></p>
<p>– Títol de graduació en educació secundària (ESO) sempre que s’hagin cursat a Catalunya almenys tres cursos qualsevol de primària i tota l’ESO, i s’hagi cursat i aprovat la matèria de llengua catalana en la totalitat dels estudis mínims esmentats. El requi sit d’acreditació d’haver aprovat la matèria de llengua catalana és d’aplicació als títols de graduació en educació secundària obtinguts a partir del curs 2007-2008. Per acreditar les condicions acadèmiques esmentades, cal aportar un certificat expedit, a sol·licitud de la persona interessada, per qualsevol institut d’educació secundària públic de la manera que determina la Direcció General d’Innovació.</p>
<p>– Títol de graduació en educació secundària obtingut a centres i aules de formació de persones adultes, sempre que s’hagin cursat a Catalunya almenys vuit cursos qualsevol entre la primària i l’ESO, i que s’hagi cursat i aprovat l’àrea de llengua catalana als centres i aules de formació de persones adultes.</p>
<p>Per acreditar les condicions acadèmiques esmentades, cal aportar un certificat expedit, a sol·licitud de la persona interessada, per una escola de persones adultes autoritzada de la manera que determina la Direcció General d’Ensenyaments Professionals, Artístics i Especialitzats.</p>
<p>– Títol de batxillerat (LOGSE) sempre que s’hagin cursat a Catalunya tres cursos qualsevol de primària i cinc cursos qualsevol entre l’ESO i e l batxillerat i s’hagi cursat la matèria de llengua catalana en la totalitat dels estudis mínims esmentats. Per acreditar les condicions acadèmiques esmentades, cal aportar un certificat expedit, a sol·licitud de la persona interessada, pe r qualsevol institut d’educació secundària públic de la manera que determina la Direcció General d’Innovació.</p>
<p>– Títol de batxillerat (BUP), sempre que s’hagi cursat tota l’EGB i el BUP a Catalunya i s’hagi cursat de manera oficial la matèria de llengua catalana en la totalitat dels estudis esmentats a partir del curs 1978-1979. Per acreditar les condicions acadèmiques esmentades, cal aportar un certificat expedit, a sol·licitud de la persona interessada, per qualsevol institut d’educació secundària públic de la manera que determina la Direcció General d’Innovació.</p>
<p>– Títol de tècnic/a especialista (FP2) sempre que s’hagi cursat tota l’EGB, l’FP1 i l’FP2 a Catalunya i s’hagi cursat de manera oficial la matèria de llengua catalana en l a totalitat dels estudis esmentats a partir del curs 1 978-1979. Per acreditar les condicions acadèmiques esmentades, cal aportar un certificat expedit, a sol·licitud de la persona interessada, per qualsevol institut d’educació secundària públic de la manera que determina la Direcció General d’Innovació.</p>

<p><a style="color: #008080;" href="http://llengua.gencat.cat/ca/serveis/acreditacio_coneixements/certificats_de_catala/equivalencies_i_acreditacio_de_coneixements_de_catala" target="_blank" rel="noopener noreferrer"></a><br />
Enllaç al Gencat: <a style="font-family: inherit; font-size: 1em; color: #008080;" href="http://llengua.gencat.cat/ca/serveis/acreditacio_coneixements/certificats_de_catala/equivalencies_i_acreditacio_de_coneixements_de_catala" target="_blank" rel="noopener noreferrer">Equivalències i acreditació de coneixement de català</a><br />
Descarrega&#8217;t la sol·licitud: <a href="https://agora.xtec.cat/insllicamunt2/wp-content/uploads/usu1100/2019/11/Sol·licitud-certificat-català.pdf" target="_blank" rel="noopener noreferrer">Sol·licitud certificat català</a><br />
Certificat de nivell intermedi de català (B2), que es correspon amb el&hellip;  <a href="https://agora.xtec.cat/insllicamunt2/secretaria/certificat-catala/" title="Read Certificat català">Llegeix més»</a></p>
