{"id":4626,"date":"2018-10-17T14:18:54","date_gmt":"2018-10-17T12:18:54","guid":{"rendered":"http:\/\/agora.xtec.cat\/insllanca\/?page_id=4626"},"modified":"2026-03-01T14:41:57","modified_gmt":"2026-03-01T13:41:57","slug":"orientacio-eso","status":"publish","type":"page","link":"https:\/\/agora.xtec.cat\/insllanca\/linstitut\/orientacio-eso\/","title":{"rendered":"Orientaci\u00f3"},"content":{"rendered":"<h6><a href=\"https:\/\/agora.xtec.cat\/insllanca\/wp-content\/uploads\/usu1388\/2018\/10\/Curriculum_eso.pdf\"><strong>CURR\u00cdCULUM ESO<\/strong><\/a><\/h6>\n<h6><\/h6>\n<h6><strong><b>INFORMACI\u00d3 ORIENTACI\u00d3 3r ESO<\/b><\/strong><\/h6>\n<ul>\n<li style=\"list-style-type: none;\">\n<ul>\n<li>\n<h6><a href=\"https:\/\/prezi.com\/view\/hYjAtCQUBkPuSoQyI4vk\/\">TRIA OPTATIVES 4t ESO<\/a><\/h6>\n<\/li>\n<\/ul>\n<\/li>\n<\/ul>\n<h6><\/h6>\n<h6><strong><b>INFORMACI\u00d3 ORIENTACI\u00d3 4t ESO<\/b><\/strong><\/h6>\n<ul>\n<li style=\"list-style-type: none;\">\n<ul>\n<li>\n<h6><a href=\"https:\/\/prezi.com\/view\/dEzhX9xGnnEYwKtaH21a\/\">ACABAT 4t ESO, QU\u00c8 TOCA?<\/a><\/h6>\n<\/li>\n<li>\n<h6>BATXILLERAT<\/h6>\n<ul>\n<li>\n<h6>TRIA OPTATIVES BATXILLERAT<\/h6>\n<\/li>\n<li>\n<h6>BATXIBAC<\/h6>\n<\/li>\n<\/ul>\n<\/li>\n<\/ul>\n<\/li>\n<\/ul>\n<ul>\n<li style=\"list-style-type: none;\">\n<ul>\n<li>\n<h6><a href=\"http:\/\/queestudiar.gencat.cat\/ca\/estudis\/fp\/\">FORMACI\u00d3 PROFESSIONAL<\/a><\/h6>\n<\/li>\n<li>\n<h6><a href=\"https:\/\/www.olisdolivaivins.cat\/\"><strong>CICLE FORMATIU DE GRAU MITJ\u00c0 VINS I OLIS<\/strong><\/a><\/h6>\n<\/li>\n<li>\n<h6><a href=\"http:\/\/ensenyament.gencat.cat\/ca\/serveis-tramits\/proves\/proves-acces\/gm-fp\/\">ACC\u00c9S ALS CICLES FORMATIUS DE GRAU MITJ\u00c0<\/a><\/h6>\n<ul>\n<li>\n<h6><a href=\"https:\/\/drive.google.com\/open?id=1SyIepwLMT9p_D39U9SwbZ3SuZumzcnZ7\">Proves d&#8217;acc\u00e9s a CFGM agrupades per mat\u00e8ries<\/a><\/h6>\n<\/li>\n<li>\n<h6><a href=\"http:\/\/queestudiar.gencat.cat\/ca\/estudis\/acces-cicles\/gm\/\">Curs espec\u00edfic per a l&#8217;acc\u00e9s als cicles formatius de grau mitj\u00e0 (CAM)<\/a><\/h6>\n<\/li>\n<\/ul>\n<\/li>\n<\/ul>\n<\/li>\n<\/ul>\n<h6><a href=\"https:\/\/sites.google.com\/xtec.cat\/cfgm-alt-emporda\/inici\">ELS CICLES FORMATIUS DE GRAU MITJ\u00c0 DE L&#8217;ALT EMPORD\u00c0<\/a><\/h6>\n<h6><\/h6>\n<h6><strong><b>INFORMACI\u00d3 ORIENTACI\u00d3 BATXILLERAT<\/b><\/strong><\/h6>\n<ul>\n<li>\n<h6><a href=\"http:\/\/universitats.gencat.cat\/ca\/cercador\/\">Cerca informativa de GRAUS i MASTERS<\/a><\/h6>\n<\/li>\n<li>\n<h6><a href=\"http:\/\/universitats.gencat.cat\/web\/.content\/01_acces_i_admissio\/preinscripcio\/documentacio\/Ponderacions-2021.pdf\">Quadre de ponderacions de mat\u00e8ries de modalitat<\/a><\/h6>\n<\/li>\n<li>\n<h6><a href=\"http:\/\/universitats.gencat.cat\/web\/.content\/01_acces_i_admissio\/preinscripcio\/documentacio\/Notes_i_places\/Notes_tall_1a_assignacio_06-08-20_JUNY_2020.pdf\">Quadre de les notes de tall de l&#8217;\u00faltim any<\/a><\/h6>\n<\/li>\n<li>\n<h6><a href=\"http:\/\/universitats.gencat.cat\/ca\/pau\/que_heu_saber\/estructura_qualificacio\/\">Estructura de les PAU<\/a><\/h6>\n<\/li>\n<li>\n<h6><a href=\"http:\/\/unportal.cat\/\">Web de l&#8217;educaci\u00f3 superior de Catalunya<\/a><\/h6>\n<\/li>\n<\/ul>\n<h6><\/h6>\n","protected":false},"excerpt":{"rendered":"<p><a href=\"https:\/\/agora.xtec.cat\/insllanca\/wp-content\/uploads\/usu1388\/2018\/10\/Curriculum_eso.pdf\">CURR\u00cdCULUM ESO<\/a><\/p>\n<p>INFORMACI\u00d3 ORIENTACI\u00d3 3r ESO<\/p>\n<ul>\n<li style=\"list-style-type: none;\">\n<ul>\n<li>\n<a href=\"https:\/\/prezi.com\/view\/hYjAtCQUBkPuSoQyI4vk\/\">TRIA OPTATIVES 4t ESO<\/a>\n<\/li>\n<\/ul>\n<\/li>\n<\/ul>\n<p>INFORMACI\u00d3 ORIENTACI\u00d3 4t ESO<\/p>\n<ul>\n<li style=\"list-style-type: none;\">\n<ul>\n<li>\n<a href=\"https:\/\/prezi.com\/view\/dEzhX9xGnnEYwKtaH21a\/\">ACABAT 4t ESO, QU\u00c8 TOCA?<\/a>\n<\/li>\n<li>\nBATXILLERAT<\/p>\n<ul>\n<li>\nTRIA OPTATIVES BATXILLERAT\n<\/li>\n<li>\nBATXIBAC\n<\/li>\n<\/ul>\n<\/li>\n<\/ul>\n<\/li>\n<\/ul>\n<ul>\n<li style=\"list-style-type: none;\">\n<ul>\n<li>\n<a href=\"http:\/\/queestudiar.gencat.cat\/ca\/estudis\/fp\/\">FORMACI\u00d3 PROFESSIONAL<\/a>\n<\/li>\n<li>\n<a href=\"https:\/\/www.olisdolivaivins.cat\/\">CICLE FORMATIU DE GRAU MITJ\u00c0 VINS I OLIS<\/a>\n<\/li>\n<li>\n<a href=\"http:\/\/ensenyament.gencat.cat\/ca\/serveis-tramits\/proves\/proves-acces\/gm-fp\/\">ACC\u00c9S ALS CICLES FORMATIUS DE GRAU MITJ\u00c0<\/a><\/p>\n<ul>\n<li>\n<a href=\"https:\/\/drive.google.com\/open?id=1SyIepwLMT9p_D39U9SwbZ3SuZumzcnZ7\">Proves d&#8217;acc\u00e9s&hellip;  <a href=\"https:\/\/agora.xtec.cat\/insllanca\/linstitut\/orientacio-eso\/\" title=\"Read Orientaci\u00f3\">Llegeix m\u00e9s\u00bb<\/a><\/p>\n","protected":false},"author":1,"featured_media":0,"parent":19,"menu_order":50,"comment_status":"closed","ping_status":"closed","template":"page-templates\/side-menu.php","meta":{"_bbp_topic_count":0,"_bbp_reply_count":0,"_bbp_total_topic_count":0,"_bbp_total_reply_count":0,"_bbp_voice_count":0,"_bbp_anonymous_reply_count":0,"_bbp_topic_count_hidden":0,"_bbp_reply_count_hidden":0,"_bbp_forum_subforum_count":0,"footnotes":""},"class_list":["post-4626","page","type-page","status-publish","hentry"],"post_mailing_queue_ids":[],"_links":{"self":[{"href":"https:\/\/agora.xtec.cat\/insllanca\/wp-json\/wp\/v2\/pages\/4626","targetHints":{"allow":["GET"]}}],"collection":[{"href":"https:\/\/agora.xtec.cat\/insllanca\/wp-json\/wp\/v2\/pages"}],"about":[{"href":"https:\/\/agora.xtec.cat\/insllanca\/wp-json\/wp\/v2\/types\/page"}],"author":[{"embeddable":true,"href":"https:\/\/agora.xtec.cat\/insllanca\/wp-json\/wp\/v2\/users\/1"}],"replies":[{"embeddable":true,"href":"https:\/\/agora.xtec.cat\/insllanca\/wp-json\/wp\/v2\/comments?post=4626"}],"version-history":[{"count":6,"href":"https:\/\/agora.xtec.cat\/insllanca\/wp-json\/wp\/v2\/pages\/4626\/revisions"}],"predecessor-version":[{"id":14099,"href":"https:\/\/agora.xtec.cat\/insllanca\/wp-json\/wp\/v2\/pages\/4626\/revisions\/14099"}],"up":[{"embeddable":true,"href":"https:\/\/agora.xtec.cat\/insllanca\/wp-json\/wp\/v2\/pages\/19"}],"wp:attachment":[{"href":"https:\/\/agora.xtec.cat\/insllanca\/wp-json\/wp\/v2\/media?parent=4626"}],"curies":[{"name":"wp","href":"https:\/\/api.w.org\/{rel}","templated":true}]}}