{"id":4599,"date":"2018-10-17T12:32:02","date_gmt":"2018-10-17T10:32:02","guid":{"rendered":"http:\/\/agora.xtec.cat\/insllanca\/?page_id=4599"},"modified":"2022-11-25T21:41:25","modified_gmt":"2022-11-25T20:41:25","slug":"la-marato-de-tv3","status":"publish","type":"page","link":"https:\/\/agora.xtec.cat\/insllanca\/projectes\/la-marato-de-tv3\/","title":{"rendered":"La Marat\u00f3 de TV3"},"content":{"rendered":"<p>Un dels objectius de La Marat\u00f3 de TV3 i Catalunya R\u00e0dio \u00e9s conscienciar els joves sobre les malalties tractades en el programa. Per aconseguir-ho, la Fundaci\u00f3 desplega una intensa campanya de divulgaci\u00f3 i sensibilitzaci\u00f3 adre\u00e7ada als centres educatius que arriba a m\u00e9s de 200.000 joves. Un col\u00b7lectiu format per m\u00e9s de 400 professionals de la salut s&#8217;encarrega d&#8217;impartir al voltant de 5.300 sessions divulgatives en cada nova edici\u00f3.<a href=\"https:\/\/agora.xtec.cat\/insllanca\/wp-content\/uploads\/usu1388\/2018\/12\/Marat\u00f3-TV3-777x373.jpg\"><img loading=\"lazy\" decoding=\"async\" class=\"alignnone size-full wp-image-4875\" src=\"https:\/\/agora.xtec.cat\/insllanca\/wp-content\/uploads\/usu1388\/2018\/12\/Marat\u00f3-TV3-777x373.jpg\" alt=\"\" width=\"777\" height=\"373\" srcset=\"https:\/\/agora.xtec.cat\/insllanca\/wp-content\/uploads\/usu1388\/2018\/12\/Marat\u00f3-TV3-777x373.jpg 777w, https:\/\/agora.xtec.cat\/insllanca\/wp-content\/uploads\/usu1388\/2018\/12\/Marat\u00f3-TV3-777x373-300x144.jpg 300w, https:\/\/agora.xtec.cat\/insllanca\/wp-content\/uploads\/usu1388\/2018\/12\/Marat\u00f3-TV3-777x373-768x369.jpg 768w\" sizes=\"auto, (max-width: 777px) 100vw, 777px\" \/><\/a><\/p>\n","protected":false},"excerpt":{"rendered":"<p>Un dels objectius de La Marat\u00f3 de TV3 i Catalunya R\u00e0dio \u00e9s conscienciar els joves sobre les malalties tractades en el programa. Per aconseguir-ho, la Fundaci\u00f3 desplega una intensa campanya de divulgaci\u00f3 i sensibilitzaci\u00f3 adre\u00e7ada als centres educatius que arriba a m\u00e9s de 200.000 joves.&hellip;  <a href=\"https:\/\/agora.xtec.cat\/insllanca\/projectes\/la-marato-de-tv3\/\" title=\"Read La Marat\u00f3 de TV3\">Llegeix m\u00e9s\u00bb<\/a><\/p>\n","protected":false},"author":1,"featured_media":0,"parent":676,"menu_order":7,"comment_status":"closed","ping_status":"closed","template":"","meta":{"_bbp_topic_count":0,"_bbp_reply_count":0,"_bbp_total_topic_count":0,"_bbp_total_reply_count":0,"_bbp_voice_count":0,"_bbp_anonymous_reply_count":0,"_bbp_topic_count_hidden":0,"_bbp_reply_count_hidden":0,"_bbp_forum_subforum_count":0,"footnotes":""},"class_list":["post-4599","page","type-page","status-publish","hentry"],"post_mailing_queue_ids":[],"_links":{"self":[{"href":"https:\/\/agora.xtec.cat\/insllanca\/wp-json\/wp\/v2\/pages\/4599","targetHints":{"allow":["GET"]}}],"collection":[{"href":"https:\/\/agora.xtec.cat\/insllanca\/wp-json\/wp\/v2\/pages"}],"about":[{"href":"https:\/\/agora.xtec.cat\/insllanca\/wp-json\/wp\/v2\/types\/page"}],"author":[{"embeddable":true,"href":"https:\/\/agora.xtec.cat\/insllanca\/wp-json\/wp\/v2\/users\/1"}],"replies":[{"embeddable":true,"href":"https:\/\/agora.xtec.cat\/insllanca\/wp-json\/wp\/v2\/comments?post=4599"}],"version-history":[{"count":2,"href":"https:\/\/agora.xtec.cat\/insllanca\/wp-json\/wp\/v2\/pages\/4599\/revisions"}],"predecessor-version":[{"id":4876,"href":"https:\/\/agora.xtec.cat\/insllanca\/wp-json\/wp\/v2\/pages\/4599\/revisions\/4876"}],"up":[{"embeddable":true,"href":"https:\/\/agora.xtec.cat\/insllanca\/wp-json\/wp\/v2\/pages\/676"}],"wp:attachment":[{"href":"https:\/\/agora.xtec.cat\/insllanca\/wp-json\/wp\/v2\/media?parent=4599"}],"curies":[{"name":"wp","href":"https:\/\/api.w.org\/{rel}","templated":true}]}}