{"id":27,"date":"2014-09-17T16:24:03","date_gmt":"2014-09-17T16:24:03","guid":{"rendered":"http:\/\/agora.xtec.cat\/insllanca\/?page_id=27"},"modified":"2016-08-09T12:43:10","modified_gmt":"2016-08-09T11:43:10","slug":"historia","status":"publish","type":"page","link":"https:\/\/agora.xtec.cat\/insllanca\/linstitut\/historia\/","title":{"rendered":"Hist\u00f2ria"},"content":{"rendered":"<div id=\"fila_30\" class=\"fila\">\n<div id=\"celda_51\" class=\"celda anchoCelda8\">\n<p style=\"text-align: left;\">L\u2019institut de Llan\u00e7\u00e0 existeix des de la posada en funcionament, el setembre de 1996, de l\u2019Educaci\u00f3 Secund\u00e0ria Obligat\u00f2ria. El curs 2016-2017, per tant, celebrem el vint\u00e8 aniversari de la seva creaci\u00f3. \u00c9s l\u2019\u00fanic centre de secund\u00e0ria de la zona escolar obligat\u00f2ria que compr\u00e8n les poblacions de Llan\u00e7\u00e0, Colera, Portbou, Port de la Selva, La Selva de Mar, Gariguella i Vilaju\u00efga.<\/p>\n<p style=\"text-align: left;\">Som un centre que tendeix a les tres l\u00ednies d\u2019ESO i una de batxillerat i, des del curs 2013-2014, s&#8217;imparteix el CFGM de vins i olis.<\/p>\n<p style=\"text-align: left;\">Ens caracteritzem principalment, doncs,\u00a0 per ser un centre de dimensions prou redu\u00efdes, la qual cosa propicia que tots els membres de la comunitat educativa puguin mantenir-se en contacte permanentment i les relacions entre les diferents administracions de les localitats esmentades siguin \u00e0gils.<\/p>\n<p style=\"text-align: left;\">Hem anat construint un model educatiu basat en un projecte d\u2019atenci\u00f3 a la diversitat complet i divers, que potencia l\u2019educaci\u00f3 en valors com la solidaritat, el di\u00e0leg i la conviv\u00e8ncia i que aposta per oferir un model sostenible d\u2019actuaci\u00f3 directa en el medi que ens envolta.<\/p>\n<p style=\"text-align: left;\">El comprom\u00eds amb aquest model educatiu s\u2019ha anat construint impulsant la participaci\u00f3 del professorat en projectes d\u2019innovaci\u00f3 que potenci\u00efn els valors esmentats. Entre d\u2019altres, el centre ha aplicat un pla estrat\u00e8gic, el pla experimental de lleng\u00fces estrangeres, el programa de biblioteca escolar puntedu, el programa de mediaci\u00f3 escolar i resoluci\u00f3 de conflictes, el Pla catal\u00e0 de l\u2019esport a l\u2019escola, el Pla d\u2019Autonomia de Centre del 2006 al 2011 i el projecte 1&#215;1.<\/p>\n<p style=\"text-align: left;\">Aix\u00ed mateix, actualment estan funcionant tres projectes d\u2019atenci\u00f3 a la diversitat simult\u00e0niament: un basat en projectes d\u2019intervenci\u00f3 en el medi desenvolupat per l\u2019alumnat d\u2019aula oberta, un Projecte Singular d\u2019iniciaci\u00f3 al m\u00f3n laboral i el projecte Hypos d\u2019equinoter\u00e0pia per a l\u2019alumnat amb necessitats educatives especials.<\/p>\n<p style=\"text-align: left;\">La llengua catalana \u00e9s la pr\u00f2pia del centre i \u00e9s emprada com a llengua vehicular de comunicaci\u00f3 en tots els \u00e0mbits i situacions. Paral\u00b7lelament, el centre t\u00e9 una oferta de lleng\u00fces estrangeres\u00a0 que contempla la introducci\u00f3 del franc\u00e8s a partir de 2n d\u2018ESO, que es complementa amb estades, viatges i intercanvis amb pa\u00efsos franc\u00f2fons i angl\u00f2fons i que culminar\u00e0 el proper curs amb la posada en funcionament del Batxibac, una opci\u00f3 que permet l\u2019obtenci\u00f3 de la doble titulaci\u00f3 de batxillerat i de baccalaur\u00e9at.<\/p>\n<p style=\"text-align: left;\">Tenint en compte les caracter\u00edstiques que ens defineixen, volem esdevenir un centre que:<\/p>\n<ul style=\"text-align: left;\">\n<li>Sigui el punt de refer\u00e8ncia principal per als joves de la zona, convertint-nos en el principal nucli de cohesi\u00f3 i conviv\u00e8ncia, fomentant relacions positives entre els alumnes de les diferents localitats d\u2019origen.<\/li>\n<li>Millori els resultats acad\u00e8mics dels alumnes que presenten dificultats d\u2019aprenentatge i que incentivi la millora de les qualificacions dels alumnes que ja presenten un rendiment\u00a0 satisfactori.<\/li>\n<li>Fomenti el gust per estudiar en un entorn agradable, net i ordenat.<\/li>\n<li>Potenci\u00ef una actitud de respecte i millora del nostre entorn, tot fent un \u00fas responsable i sostenible dels recursos que ens calen per a la nostra tasca di\u00e0ria.<\/li>\n<li>Impliqui progressivament i activa tot el professorat del centre en actuacions i projectes de millora i d\u2019innovaci\u00f3.<\/li>\n<li>Posi a l\u2019abast de tota la comunitat educativa les eines TIC i en generalitzi l\u2019\u00fas.<\/li>\n<\/ul>\n<p style=\"text-align: left;\">Tots els que treballem a l\u2019institut de Llan\u00e7\u00e0 valorem especialment tot all\u00f2 que permet no nom\u00e9s trasmetre coneixements sin\u00f3 educar els nois i noies.Us convidem a con\u00e8ixer el nostre centre.<br \/>\nSEREU BENVINGUTS!<\/p>\n<\/div>\n<\/div>\n","protected":false},"excerpt":{"rendered":"<p>L\u2019institut de Llan\u00e7\u00e0 existeix des de la posada en funcionament, el setembre de 1996, de l\u2019Educaci\u00f3 Secund\u00e0ria Obligat\u00f2ria. El curs 2016-2017, per tant, celebrem el vint\u00e8 aniversari de la seva creaci\u00f3. \u00c9s l\u2019\u00fanic centre de secund\u00e0ria de la zona escolar obligat\u00f2ria que compr\u00e8n les poblacions&hellip;  <a href=\"https:\/\/agora.xtec.cat\/insllanca\/linstitut\/historia\/\" title=\"Read Hist\u00f2ria\">Llegeix m\u00e9s\u00bb<\/a><\/p>\n","protected":false},"author":1,"featured_media":0,"parent":19,"menu_order":20,"comment_status":"closed","ping_status":"closed","template":"page-templates\/side-menu.php","meta":{"_bbp_topic_count":0,"_bbp_reply_count":0,"_bbp_total_topic_count":0,"_bbp_total_reply_count":0,"_bbp_voice_count":0,"_bbp_anonymous_reply_count":0,"_bbp_topic_count_hidden":0,"_bbp_reply_count_hidden":0,"_bbp_forum_subforum_count":0,"footnotes":""},"class_list":["post-27","page","type-page","status-publish","hentry"],"post_mailing_queue_ids":[],"_links":{"self":[{"href":"https:\/\/agora.xtec.cat\/insllanca\/wp-json\/wp\/v2\/pages\/27","targetHints":{"allow":["GET"]}}],"collection":[{"href":"https:\/\/agora.xtec.cat\/insllanca\/wp-json\/wp\/v2\/pages"}],"about":[{"href":"https:\/\/agora.xtec.cat\/insllanca\/wp-json\/wp\/v2\/types\/page"}],"author":[{"embeddable":true,"href":"https:\/\/agora.xtec.cat\/insllanca\/wp-json\/wp\/v2\/users\/1"}],"replies":[{"embeddable":true,"href":"https:\/\/agora.xtec.cat\/insllanca\/wp-json\/wp\/v2\/comments?post=27"}],"version-history":[{"count":4,"href":"https:\/\/agora.xtec.cat\/insllanca\/wp-json\/wp\/v2\/pages\/27\/revisions"}],"predecessor-version":[{"id":524,"href":"https:\/\/agora.xtec.cat\/insllanca\/wp-json\/wp\/v2\/pages\/27\/revisions\/524"}],"up":[{"embeddable":true,"href":"https:\/\/agora.xtec.cat\/insllanca\/wp-json\/wp\/v2\/pages\/19"}],"wp:attachment":[{"href":"https:\/\/agora.xtec.cat\/insllanca\/wp-json\/wp\/v2\/media?parent=27"}],"curies":[{"name":"wp","href":"https:\/\/api.w.org\/{rel}","templated":true}]}}