{"id":13025,"date":"2024-05-22T21:08:17","date_gmt":"2024-05-22T19:08:17","guid":{"rendered":"https:\/\/agora.xtec.cat\/insllanca\/?page_id=13025"},"modified":"2024-05-22T22:56:17","modified_gmt":"2024-05-22T20:56:17","slug":"treballs-de-recerca","status":"publish","type":"page","link":"https:\/\/agora.xtec.cat\/insllanca\/estudis-2\/batxillerat\/treballs-de-recerca\/","title":{"rendered":"Treballs de recerca"},"content":{"rendered":"<p>El treball de recerca \u00e9s un conjunt d&#8217;activitats estructurades i orientades a la investigaci\u00f3 que realitza tot l&#8217;alumnat de batxillerat amb l&#8217;orientaci\u00f3 i seguiment del professorat, per tal de consolidar la compet\u00e8ncia en recerca. Aquesta investigaci\u00f3 l&#8217;ha de fer tot l&#8217;alumnat de batxillerat. S&#8217;ha d&#8217;iniciar preferentment durant el primer curs i presentar obligat\u00f2riament durant el segon curs.<\/p>\n<p>Podeu consultar alguns dels millors treballs de recerca realitzats pel nostre alumnat, clicant el seg\u00fcent <a href=\"https:\/\/drive.google.com\/drive\/folders\/1VSvJvjMWFEJyWWNVvG1D6uibT1KveDND?usp=drive_link\">enlla\u00e7<\/a>.<\/p>\n<p><a href=\"https:\/\/agora.xtec.cat\/insllanca\/wp-content\/uploads\/usu1388\/2024\/05\/Treballs-de-Recerca.jpg\"><img loading=\"lazy\" decoding=\"async\" class=\"size-full wp-image-13034 aligncenter\" src=\"https:\/\/agora.xtec.cat\/insllanca\/wp-content\/uploads\/usu1388\/2024\/05\/Treballs-de-Recerca.jpg\" alt=\"\" width=\"705\" height=\"190\" srcset=\"https:\/\/agora.xtec.cat\/insllanca\/wp-content\/uploads\/usu1388\/2024\/05\/Treballs-de-Recerca.jpg 705w, https:\/\/agora.xtec.cat\/insllanca\/wp-content\/uploads\/usu1388\/2024\/05\/Treballs-de-Recerca-300x81.jpg 300w\" sizes=\"auto, (max-width: 705px) 100vw, 705px\" \/><\/a><\/p>\n<p>&nbsp;<\/p>\n","protected":false},"excerpt":{"rendered":"<p>El treball de recerca \u00e9s un conjunt d&#8217;activitats estructurades i orientades a la investigaci\u00f3 que realitza tot l&#8217;alumnat de batxillerat amb l&#8217;orientaci\u00f3 i seguiment del professorat, per tal de consolidar la compet\u00e8ncia en recerca. Aquesta investigaci\u00f3 l&#8217;ha de fer tot l&#8217;alumnat de batxillerat. S&#8217;ha d&#8217;iniciar&hellip;  <a href=\"https:\/\/agora.xtec.cat\/insllanca\/estudis-2\/batxillerat\/treballs-de-recerca\/\" title=\"Read Treballs de recerca\">Llegeix m\u00e9s\u00bb<\/a><\/p>\n","protected":false},"author":66,"featured_media":0,"parent":12980,"menu_order":0,"comment_status":"closed","ping_status":"closed","template":"page-templates\/side-menu.php","meta":{"_bbp_topic_count":0,"_bbp_reply_count":0,"_bbp_total_topic_count":0,"_bbp_total_reply_count":0,"_bbp_voice_count":0,"_bbp_anonymous_reply_count":0,"_bbp_topic_count_hidden":0,"_bbp_reply_count_hidden":0,"_bbp_forum_subforum_count":0,"footnotes":""},"class_list":["post-13025","page","type-page","status-publish","hentry"],"post_mailing_queue_ids":[],"_links":{"self":[{"href":"https:\/\/agora.xtec.cat\/insllanca\/wp-json\/wp\/v2\/pages\/13025","targetHints":{"allow":["GET"]}}],"collection":[{"href":"https:\/\/agora.xtec.cat\/insllanca\/wp-json\/wp\/v2\/pages"}],"about":[{"href":"https:\/\/agora.xtec.cat\/insllanca\/wp-json\/wp\/v2\/types\/page"}],"author":[{"embeddable":true,"href":"https:\/\/agora.xtec.cat\/insllanca\/wp-json\/wp\/v2\/users\/66"}],"replies":[{"embeddable":true,"href":"https:\/\/agora.xtec.cat\/insllanca\/wp-json\/wp\/v2\/comments?post=13025"}],"version-history":[{"count":6,"href":"https:\/\/agora.xtec.cat\/insllanca\/wp-json\/wp\/v2\/pages\/13025\/revisions"}],"predecessor-version":[{"id":13039,"href":"https:\/\/agora.xtec.cat\/insllanca\/wp-json\/wp\/v2\/pages\/13025\/revisions\/13039"}],"up":[{"embeddable":true,"href":"https:\/\/agora.xtec.cat\/insllanca\/wp-json\/wp\/v2\/pages\/12980"}],"wp:attachment":[{"href":"https:\/\/agora.xtec.cat\/insllanca\/wp-json\/wp\/v2\/media?parent=13025"}],"curies":[{"name":"wp","href":"https:\/\/api.w.org\/{rel}","templated":true}]}}