{"id":81,"date":"2014-09-18T10:38:05","date_gmt":"2014-09-18T10:38:05","guid":{"rendered":"http:\/\/agora.xtec.cat\/inslesvinyescubelles\/?page_id=81"},"modified":"2022-09-28T21:34:16","modified_gmt":"2022-09-28T19:34:16","slug":"secretaria","status":"publish","type":"page","link":"https:\/\/agora.xtec.cat\/inslesvinyescubelles\/linstitut\/secretaria\/","title":{"rendered":"Secretaria"},"content":{"rendered":"<table style=\"height: 253px; border-color: #55d5f2; width: 395px; border-style: double;\" width=\"672\">\n<tbody>\n<tr style=\"height: 54px;\">\n<td style=\"width: 68.8px; border-style: double; border-color: #55d5f2; height: 110px;\">\n<h6 style=\"text-align: justify;\"><img loading=\"lazy\" decoding=\"async\" class=\"wp-image-11743 aligncenter\" src=\"https:\/\/agora.xtec.cat\/inslesvinyescubelles\/wp-content\/uploads\/usu375\/2020\/11\/Secretaria-horaris.png\" alt=\"\" width=\"59\" height=\"59\" srcset=\"https:\/\/agora.xtec.cat\/inslesvinyescubelles\/wp-content\/uploads\/usu375\/2020\/11\/Secretaria-horaris.png 225w, https:\/\/agora.xtec.cat\/inslesvinyescubelles\/wp-content\/uploads\/usu375\/2020\/11\/Secretaria-horaris-150x150.png 150w\" sizes=\"auto, (max-width: 59px) 100vw, 59px\" \/><\/h6>\n<\/td>\n<td style=\"width: 319.2px; height: 110px; border-style: double; border-color: #55d5f2;\">\n<h6 style=\"text-align: justify;\"><strong><span style=\"color: #33cccc;\">SERVEI D&#8217;ADMINISTRACI\u00d3<\/span> <\/strong><\/h6>\n<p>Horari: de dilluns a divendres<br \/>\nde 8:15 a 14:45h.<br \/>\n<a href=\"mailto:secretaria@inslesvinyescubelles.com\" target=\"_blank\" rel=\"noopener noreferrer\">secretaria@inslesvinyescubelles.com<\/a><\/td>\n<\/tr>\n<tr style=\"height: 45px;\">\n<td style=\"width: 68.8px; border-style: double; border-color: #55d5f2; height: 91px;\">\n<h6 style=\"text-align: justify;\"><span style=\"color: #33cccc;\"><strong><a style=\"color: #33cccc;\" href=\"https:\/\/agora.xtec.cat\/inslesvinyescubelles\/wp-content\/uploads\/usu375\/2020\/11\/Secretaria-documents.png\"><img loading=\"lazy\" decoding=\"async\" class=\"wp-image-11737 alignleft\" src=\"https:\/\/agora.xtec.cat\/inslesvinyescubelles\/wp-content\/uploads\/usu375\/2020\/11\/Secretaria-documents.png\" alt=\"\" width=\"63\" height=\"57\" \/><\/a><\/strong><\/span><\/h6>\n<h6 style=\"text-align: justify;\"><\/h6>\n<\/td>\n<td style=\"width: 319.2px; height: 91px; border-style: double; border-color: #55d5f2;\">\n<h6 style=\"text-align: justify;\"><span style=\"color: #33cccc;\"><strong>DOCUMENTS ADMINISTRATIUS<\/strong><\/span><\/h6>\n<pre><a href=\"https:\/\/agora.xtec.cat\/inslesvinyescubelles\/wp-content\/uploads\/usu375\/2020\/11\/Secretaria-autoritzacio-sortida-alumnat-en-horari-lectiu.pdf\" target=\"_blank\" rel=\"noopener noreferrer\">Full autorizaci\u00f3 sortida de l'alumnat\r\nen horari lectiu <\/a>\r\n<\/pre>\n<\/td>\n<\/tr>\n<tr>\n<td style=\"width: 68.8px; border-style: double; border-color: #55d5f2;\">\n<h6 style=\"text-align: justify;\"><span style=\"color: #33cccc;\"><strong> <a href=\"https:\/\/agora.xtec.cat\/inslesvinyescubelles\/wp-content\/uploads\/usu375\/2020\/12\/aseguranca_escolar.png\"><img loading=\"lazy\" decoding=\"async\" class=\"alignleft size-thumbnail wp-image-11906\" src=\"https:\/\/agora.xtec.cat\/inslesvinyescubelles\/wp-content\/uploads\/usu375\/2020\/12\/aseguranca_escolar-150x150.png\" alt=\"\" width=\"150\" height=\"150\" \/><\/a><\/strong><\/span><\/h6>\n<\/td>\n<td style=\"width: 319.2px; border-style: double; border-color: #55d5f2;\">\n<h6 style=\"text-align: justify;\"><span style=\"color: #33cccc;\"><strong>ASSEGURAN\u00c7A ESCOLAR<\/strong><\/span><\/h6>\n<p><a href=\"http:\/\/www.seg-social.es\/wps\/portal\/wss\/internet\/Trabajadores?1dmy&amp;urile=wcm%3apath%3a%2FPOIN_Contenidos_ca%2FInternet%2F4983%2F10935%2F28622%2F\" target=\"_blank\" rel=\"noopener noreferrer\">Clica aqu\u00ed per a m\u00e9s informaci\u00f3<\/a><\/td>\n<\/tr>\n<\/tbody>\n<\/table>\n<p>&nbsp;<\/p>\n","protected":false},"excerpt":{"rendered":"<p>SERVEI D&#8217;ADMINISTRACI\u00d3<br \/>\nHorari: de dilluns a divendres<br \/>\nde 8:15 a 14:45h.<br \/>\n<a href=\"mailto:secretaria@inslesvinyescubelles.com\" target=\"_blank\" rel=\"noopener noreferrer\">secretaria@inslesvinyescubelles.com<\/a><\/p>\n<p><a style=\"color: #33cccc;\" href=\"https:\/\/agora.xtec.cat\/inslesvinyescubelles\/wp-content\/uploads\/usu375\/2020\/11\/Secretaria-documents.png\"><\/a><\/p>\n<p>DOCUMENTS ADMINISTRATIUS<br \/>\n<a href=\"https:\/\/agora.xtec.cat\/inslesvinyescubelles\/wp-content\/uploads\/usu375\/2020\/11\/Secretaria-autoritzacio-sortida-alumnat-en-horari-lectiu.pdf\" target=\"_blank\" rel=\"noopener noreferrer\">Full autorizaci\u00f3 sortida de l&#8217;alumnat<br \/>\nen horari lectiu <\/a><\/p>\n<p> <a href=\"https:\/\/agora.xtec.cat\/inslesvinyescubelles\/wp-content\/uploads\/usu375\/2020\/12\/aseguranca_escolar.png\"><\/a><\/p>\n<p>ASSEGURAN\u00c7A ESCOLAR<br \/>\n<a href=\"http:\/\/www.seg-social.es\/wps\/portal\/wss\/internet\/Trabajadores?1dmy&amp;urile=wcm%3apath%3a%2FPOIN_Contenidos_ca%2FInternet%2F4983%2F10935%2F28622%2F\" target=\"_blank\" rel=\"noopener noreferrer\">Clica aqu\u00ed per a m\u00e9s informaci\u00f3<\/a><\/p>\n<p>&nbsp;<\/p>\n","protected":false},"author":1,"featured_media":0,"parent":19,"menu_order":6,"comment_status":"closed","ping_status":"closed","template":"page-templates\/side-menu.php","meta":{"_bbp_topic_count":0,"_bbp_reply_count":0,"_bbp_total_topic_count":0,"_bbp_total_reply_count":0,"_bbp_voice_count":0,"_bbp_anonymous_reply_count":0,"_bbp_topic_count_hidden":0,"_bbp_reply_count_hidden":0,"_bbp_forum_subforum_count":0,"footnotes":""},"class_list":["post-81","page","type-page","status-publish","hentry"],"post_mailing_queue_ids":[],"_links":{"self":[{"href":"https:\/\/agora.xtec.cat\/inslesvinyescubelles\/wp-json\/wp\/v2\/pages\/81","targetHints":{"allow":["GET"]}}],"collection":[{"href":"https:\/\/agora.xtec.cat\/inslesvinyescubelles\/wp-json\/wp\/v2\/pages"}],"about":[{"href":"https:\/\/agora.xtec.cat\/inslesvinyescubelles\/wp-json\/wp\/v2\/types\/page"}],"author":[{"embeddable":true,"href":"https:\/\/agora.xtec.cat\/inslesvinyescubelles\/wp-json\/wp\/v2\/users\/1"}],"replies":[{"embeddable":true,"href":"https:\/\/agora.xtec.cat\/inslesvinyescubelles\/wp-json\/wp\/v2\/comments?post=81"}],"version-history":[{"count":4,"href":"https:\/\/agora.xtec.cat\/inslesvinyescubelles\/wp-json\/wp\/v2\/pages\/81\/revisions"}],"predecessor-version":[{"id":14213,"href":"https:\/\/agora.xtec.cat\/inslesvinyescubelles\/wp-json\/wp\/v2\/pages\/81\/revisions\/14213"}],"up":[{"embeddable":true,"href":"https:\/\/agora.xtec.cat\/inslesvinyescubelles\/wp-json\/wp\/v2\/pages\/19"}],"wp:attachment":[{"href":"https:\/\/agora.xtec.cat\/inslesvinyescubelles\/wp-json\/wp\/v2\/media?parent=81"}],"curies":[{"name":"wp","href":"https:\/\/api.w.org\/{rel}","templated":true}]}}