{"id":1096,"date":"2023-06-23T10:10:10","date_gmt":"2023-06-23T08:10:10","guid":{"rendered":"https:\/\/agora.xtec.cat\/inslescincsenies\/?page_id=1096"},"modified":"2023-06-23T10:11:56","modified_gmt":"2023-06-23T08:11:56","slug":"avaluacio-i-millora","status":"publish","type":"page","link":"https:\/\/agora.xtec.cat\/inslescincsenies\/estrategia-digital-de-centre\/part-estrategica\/avaluacio-i-millora\/","title":{"rendered":"Avaluaci\u00f3 i millora"},"content":{"rendered":"<p><span style=\"font-weight: 400;\">Aquestes actuacions i activitats s\u2019avaluaran trimestralment, tal com indiquen les graelles d\u2019actuacions de cada objectiu,\u00a0 amb el suport dels agents implicats per tal de poder seguir fent el proc\u00e9s de millora del centre i millorar la compet\u00e8ncia digital de l\u2019alumnat.<\/span><\/p>\n<p><span style=\"font-weight: 400;\">En finalitzar cadascuna de les actuacions es revisaran els indicadors i els criteris d\u2019assoliment per garantir que la tasca est\u00e0 assolida. En cas contrari es buscaran estrat\u00e8gies per tal d\u2019assolir-la i modificar si s\u2019escau la temporitzaci\u00f3.<\/span><\/p>\n<p><span style=\"font-weight: 400;\">A final de curs es far\u00e0 una revisi\u00f3 global de l\u2019assoliment dels objectius on s\u2019informar\u00e0 el claustre dels resultats aconseguits i en l&#8217;\u00e0mbit de cicle es reflexionar\u00e0 sobre les noves necessitats i propostes de millora.<\/span><\/p>\n<p><span style=\"font-weight: 400;\">Un cop finalitzats els tres cursos programats per l\u2019EDC es far\u00e0 una valoraci\u00f3 final i si s\u2019escau es dur\u00e0 a terme una nova diagnosi per proposar nous objectius.<\/span><\/p>\n","protected":false},"excerpt":{"rendered":"<p>Aquestes actuacions i activitats s\u2019avaluaran trimestralment, tal com indiquen les graelles d\u2019actuacions de cada objectiu,\u00a0 amb el suport dels agents implicats per tal de poder seguir fent el proc\u00e9s de millora del centre i millorar la compet\u00e8ncia digital de l\u2019alumnat.<br \/>\nEn finalitzar cadascuna de les actuacions&hellip;  <a href=\"https:\/\/agora.xtec.cat\/inslescincsenies\/estrategia-digital-de-centre\/part-estrategica\/avaluacio-i-millora\/\" title=\"Read Avaluaci\u00f3 i millora\">Llegeix m\u00e9s\u00bb<\/a><\/p>\n","protected":false},"author":1,"featured_media":0,"parent":856,"menu_order":4,"comment_status":"closed","ping_status":"closed","template":"","meta":{"_bbp_topic_count":0,"_bbp_reply_count":0,"_bbp_total_topic_count":0,"_bbp_total_reply_count":0,"_bbp_voice_count":0,"_bbp_anonymous_reply_count":0,"_bbp_topic_count_hidden":0,"_bbp_reply_count_hidden":0,"_bbp_forum_subforum_count":0,"footnotes":""},"class_list":["post-1096","page","type-page","status-publish","hentry"],"post_mailing_queue_ids":[],"_links":{"self":[{"href":"https:\/\/agora.xtec.cat\/inslescincsenies\/wp-json\/wp\/v2\/pages\/1096","targetHints":{"allow":["GET"]}}],"collection":[{"href":"https:\/\/agora.xtec.cat\/inslescincsenies\/wp-json\/wp\/v2\/pages"}],"about":[{"href":"https:\/\/agora.xtec.cat\/inslescincsenies\/wp-json\/wp\/v2\/types\/page"}],"author":[{"embeddable":true,"href":"https:\/\/agora.xtec.cat\/inslescincsenies\/wp-json\/wp\/v2\/users\/1"}],"replies":[{"embeddable":true,"href":"https:\/\/agora.xtec.cat\/inslescincsenies\/wp-json\/wp\/v2\/comments?post=1096"}],"version-history":[{"count":3,"href":"https:\/\/agora.xtec.cat\/inslescincsenies\/wp-json\/wp\/v2\/pages\/1096\/revisions"}],"predecessor-version":[{"id":1099,"href":"https:\/\/agora.xtec.cat\/inslescincsenies\/wp-json\/wp\/v2\/pages\/1096\/revisions\/1099"}],"up":[{"embeddable":true,"href":"https:\/\/agora.xtec.cat\/inslescincsenies\/wp-json\/wp\/v2\/pages\/856"}],"wp:attachment":[{"href":"https:\/\/agora.xtec.cat\/inslescincsenies\/wp-json\/wp\/v2\/media?parent=1096"}],"curies":[{"name":"wp","href":"https:\/\/api.w.org\/{rel}","templated":true}]}}