{"id":8000,"date":"2024-05-03T11:36:45","date_gmt":"2024-05-03T09:36:45","guid":{"rendered":"https:\/\/agora.xtec.cat\/insleonardo\/?page_id=8000"},"modified":"2024-05-15T10:19:50","modified_gmt":"2024-05-15T08:19:50","slug":"som-centre-desfake","status":"publish","type":"page","link":"https:\/\/agora.xtec.cat\/insleonardo\/projecte-educatiu\/som-centre-desfake\/","title":{"rendered":"Som Centre Desfake"},"content":{"rendered":"<p>El Leonardo \u00e9s un dels 10 centres pioners a Catalunya en el\u00a0<b>projecte Desfake\u00a0<\/b>a trav\u00e9s de Verificat\u00a0(la primera plataforma de lluita contra la desinformaci\u00f3 a Catalunya) amb l&#8217;objectiu d\u2019impulsar una educaci\u00f3 medi\u00e0tica integral que ens permeti gestionar cr\u00edticament la informaci\u00f3 que consumeixen els i les nostres adolescents<\/p>\n<div>&#8211;\u00a0<a href=\"https:\/\/drive.google.com\/file\/d\/1jWVJQWEPjhhw4rEJPqmpPFFdP1DUpibw\/view?usp=sharing\">Pla Desfake Leonardo<\/a><\/div>\n<div>&#8211; <a href=\"https:\/\/drive.google.com\/file\/d\/1h2mes-OCRXiTQ0K37FP1GoGSBhpV6VJp\/view?usp=sharing\">Leonardo, un dels 10 centres Desfake de Catalunya<\/a><br \/>\n&#8211;\u00a0<a href=\"https:\/\/drive.google.com\/file\/d\/1cQA2t2zmWTIq-zuf1EC6UZ1CHkpX6t3p\/view?usp=sharing\">Infografia Leonardo<\/a><\/div>\n<div>&#8211;\u00a0<a href=\"https:\/\/www.ccma.cat\/tv3\/sx3\/t1xc3-que-no-et-colin-una-fake-new\/video\/6278186\/\" target=\"_blank\" rel=\"noopener\" data-saferedirecturl=\"https:\/\/www.google.com\/url?q=https:\/\/www.ccma.cat\/tv3\/sx3\/t1xc3-que-no-et-colin-una-fake-new\/video\/6278186\/&amp;source=gmail&amp;ust=1715782545778000&amp;usg=AOvVaw25p5i1znWnfEIzhoBcy2pb\">Que no et colin una fake new!<\/a><\/div>\n<p><center>\r\n\t<div class=\"slideshow_container slideshow_container_style-light\" style=\"height: 400px; \" data-slideshow-id=\"8044\" data-style-name=\"style-light\" data-style-version=\"2.3.1\" >\r\n\r\n\t\t\t\t\t<div class=\"slideshow_loading_icon\"><\/div>\r\n\t\t\r\n\t\t<div class=\"slideshow_content\" style=\"display: none;\">\r\n\r\n\t\t\t<div class=\"slideshow_view\">\r\n\t\t\t\t<div class=\"slideshow_slide slideshow_slide_image\">\r\n\t\t\t\t\t\t\t\t\t\t\t<img src=\"https:\/\/agora.xtec.cat\/insleonardo\/wp-content\/uploads\/usu34\/2024\/05\/IMG-20240430-WA0005.jpg\" alt=\"IMG-20240430-WA0005\" width=\"1200\" height=\"1600\" \/>\r\n\t\t\t\t\t\t\t\t\t\t<div class=\"slideshow_description_box slideshow_transparent\">\r\n\t\t\t\t\t\t<div class=\"slideshow_title\">IMG-20240430-WA0005<\/div>\t\t\t\t\t\t\t\t\t\t\t<\/div>\r\n\t\t\t\t<\/div>\r\n\r\n\t\t\t\t\t\t<div style=\"clear: both;\"><\/div><\/div><div class=\"slideshow_view\">\r\n\t\t\t\t<div class=\"slideshow_slide slideshow_slide_image\">\r\n\t\t\t\t\t\t\t\t\t\t\t<img src=\"https:\/\/agora.xtec.cat\/insleonardo\/wp-content\/uploads\/usu34\/2024\/05\/20240430_124747-scaled-e1715335988524.jpg\" alt=\"20240430_124747\" width=\"1920\" height=\"2560\" \/>\r\n\t\t\t\t\t\t\t\t\t\t<div class=\"slideshow_description_box slideshow_transparent\">\r\n\t\t\t\t\t\t<div class=\"slideshow_title\">20240430_124747<\/div>\t\t\t\t\t\t\t\t\t\t\t<\/div>\r\n\t\t\t\t<\/div>\r\n\r\n\t\t\t\t\t\t<div style=\"clear: both;\"><\/div><\/div><div class=\"slideshow_view\">\r\n\t\t\t\t<div class=\"slideshow_slide slideshow_slide_image\">\r\n\t\t\t\t\t\t\t\t\t\t\t<img src=\"https:\/\/agora.xtec.cat\/insleonardo\/wp-content\/uploads\/usu34\/2024\/05\/20240430_132027-scaled.jpg\" alt=\"20240430_132027\" width=\"2560\" height=\"1920\" \/>\r\n\t\t\t\t\t\t\t\t\t\t<div class=\"slideshow_description_box slideshow_transparent\">\r\n\t\t\t\t\t\t<div class=\"slideshow_title\">20240430_132027<\/div>\t\t\t\t\t\t\t\t\t\t\t<\/div>\r\n\t\t\t\t<\/div>\r\n\r\n\t\t\t\t\t\t<div style=\"clear: both;\"><\/div><\/div><div class=\"slideshow_view\">\r\n\t\t\t\t<div class=\"slideshow_slide slideshow_slide_image\">\r\n\t\t\t\t\t\t\t\t\t\t\t<img src=\"https:\/\/agora.xtec.cat\/insleonardo\/wp-content\/uploads\/usu34\/2024\/05\/20240430_124830-scaled.jpg\" alt=\"20240430_124830\" width=\"2560\" height=\"1920\" \/>\r\n\t\t\t\t\t\t\t\t\t\t<div class=\"slideshow_description_box slideshow_transparent\">\r\n\t\t\t\t\t\t<div class=\"slideshow_title\">20240430_124830<\/div>\t\t\t\t\t\t\t\t\t\t\t<\/div>\r\n\t\t\t\t<\/div>\r\n\r\n\t\t\t\t\t\t<div style=\"clear: both;\"><\/div><\/div><div class=\"slideshow_view\">\r\n\t\t\t\t<div class=\"slideshow_slide slideshow_slide_image\">\r\n\t\t\t\t\t\t\t\t\t\t\t<img src=\"https:\/\/agora.xtec.cat\/insleonardo\/wp-content\/uploads\/usu34\/2024\/05\/20240430_123709-scaled.jpg\" alt=\"20240430_123709\" width=\"2560\" height=\"1920\" \/>\r\n\t\t\t\t\t\t\t\t\t\t<div class=\"slideshow_description_box slideshow_transparent\">\r\n\t\t\t\t\t\t<div class=\"slideshow_title\">20240430_123709<\/div>\t\t\t\t\t\t\t\t\t\t\t<\/div>\r\n\t\t\t\t<\/div>\r\n\r\n\t\t\t\t\t\t<div style=\"clear: both;\"><\/div><\/div>\r\n\t\t<\/div>\r\n\r\n\t\t<div class=\"slideshow_controlPanel slideshow_transparent\" style=\"display: none;\"><ul><li class=\"slideshow_togglePlay\" data-play-text=\"Visualitza\" data-pause-text=\"Pausa\"><\/li><\/ul><\/div>\r\n\r\n\t\t<div class=\"slideshow_button slideshow_previous slideshow_transparent\" role=\"button\" data-previous-text=\"Anterior\" style=\"display: none;\"><\/div>\r\n\t\t<div class=\"slideshow_button slideshow_next slideshow_transparent\" role=\"button\" data-next-text=\"Seg\u00fcent\" style=\"display: none;\"><\/div>\r\n\r\n\t\t<div class=\"slideshow_pagination\" style=\"display: none;\" data-go-to-text=\"V\u00e9s a la diapositiva\"><div class=\"slideshow_pagination_center\"><\/div><\/div>\r\n\r\n\t\t<!-- WordPress Slideshow Version 2.3.1 -->\r\n\r\n\t\t\t<\/div>\r\n\r\n<\/center><\/p>\n","protected":false},"excerpt":{"rendered":"<p>El Leonardo \u00e9s un dels 10 centres pioners a Catalunya en el\u00a0projecte Desfake\u00a0a trav\u00e9s de Verificat\u00a0(la primera plataforma de lluita contra la desinformaci\u00f3 a Catalunya) amb l&#8217;objectiu d\u2019impulsar una educaci\u00f3 medi\u00e0tica integral que ens permeti gestionar cr\u00edticament la informaci\u00f3 que consumeixen els i les nostres&hellip;  <a href=\"https:\/\/agora.xtec.cat\/insleonardo\/projecte-educatiu\/som-centre-desfake\/\" title=\"Read Som Centre Desfake\">Llegeix m\u00e9s\u00bb<\/a><\/p>\n","protected":false},"author":12,"featured_media":0,"parent":57,"menu_order":1,"comment_status":"closed","ping_status":"closed","template":"page-templates\/side-menu.php","meta":{"_bbp_topic_count":0,"_bbp_reply_count":0,"_bbp_total_topic_count":0,"_bbp_total_reply_count":0,"_bbp_voice_count":0,"_bbp_anonymous_reply_count":0,"_bbp_topic_count_hidden":0,"_bbp_reply_count_hidden":0,"_bbp_forum_subforum_count":0,"footnotes":""},"class_list":["post-8000","page","type-page","status-publish","hentry"],"post_mailing_queue_ids":[],"_links":{"self":[{"href":"https:\/\/agora.xtec.cat\/insleonardo\/wp-json\/wp\/v2\/pages\/8000","targetHints":{"allow":["GET"]}}],"collection":[{"href":"https:\/\/agora.xtec.cat\/insleonardo\/wp-json\/wp\/v2\/pages"}],"about":[{"href":"https:\/\/agora.xtec.cat\/insleonardo\/wp-json\/wp\/v2\/types\/page"}],"author":[{"embeddable":true,"href":"https:\/\/agora.xtec.cat\/insleonardo\/wp-json\/wp\/v2\/users\/12"}],"replies":[{"embeddable":true,"href":"https:\/\/agora.xtec.cat\/insleonardo\/wp-json\/wp\/v2\/comments?post=8000"}],"version-history":[{"count":6,"href":"https:\/\/agora.xtec.cat\/insleonardo\/wp-json\/wp\/v2\/pages\/8000\/revisions"}],"predecessor-version":[{"id":8086,"href":"https:\/\/agora.xtec.cat\/insleonardo\/wp-json\/wp\/v2\/pages\/8000\/revisions\/8086"}],"up":[{"embeddable":true,"href":"https:\/\/agora.xtec.cat\/insleonardo\/wp-json\/wp\/v2\/pages\/57"}],"wp:attachment":[{"href":"https:\/\/agora.xtec.cat\/insleonardo\/wp-json\/wp\/v2\/media?parent=8000"}],"curies":[{"name":"wp","href":"https:\/\/api.w.org\/{rel}","templated":true}]}}