{"id":2547,"date":"2020-05-08T13:10:14","date_gmt":"2020-05-08T11:10:14","guid":{"rendered":"https:\/\/agora.xtec.cat\/insleonardo\/?page_id=2547"},"modified":"2023-02-27T13:20:48","modified_gmt":"2023-02-27T12:20:48","slug":"pec-eso","status":"publish","type":"page","link":"https:\/\/agora.xtec.cat\/insleonardo\/projecte-educatiu\/pec-eso\/","title":{"rendered":"PEC &#8211; ESO"},"content":{"rendered":"<hr \/>\n<p dir=\"ltr\">El nostre projecte educatiu es basa en els principis humanistes d\u2019obertura al m\u00f3n; est\u00edmul de la creativitat i de l\u2019esperit cr\u00edtic, aix\u00ed com el foment de la curiositat i la descoberta de les inquietuds que fomenten l\u2019aprenentatge competencial. Proposem un sistema que combina la formaci\u00f3 acad\u00e8mica i el treball interdisciplinar de tipus pr\u00e0ctic basat en itineraris de treball globalitzat.<\/p>\n<p dir=\"ltr\">Tenim especial cura en la motivaci\u00f3, l\u2019adquisici\u00f3 de l\u2019h\u00e0bit d\u2019estudi i la capacitat de superaci\u00f3. Estem compromesos amb la cultura i la llengua catalanes. Fomentem la responsabilitat, la solidaritat, la igualtat de g\u00e8nere i la sostenibilitat a trav\u00e9s de propostes on s\u2019apliquen els principis democr\u00e0tics i c\u00edvics per a la formaci\u00f3 d\u2019una ciutadania compromesa. Promovem el di\u00e0leg i la mediaci\u00f3 davant de qualsevol dificultat o conflicte. Potenciem l\u2019autosuperaci\u00f3 i la cultura de l\u2019esfor\u00e7.<\/p>\n<p>Enlla\u00e7: <a href=\"https:\/\/view.genial.ly\/63e14e7a347b78001219a870\" target=\"_blank\" rel=\"noopener\">Presentaci\u00f3 del PEC &#8211; Portes obertes 2023<\/a><\/p>\n","protected":false},"excerpt":{"rendered":"<p>El nostre projecte educatiu es basa en els principis humanistes d\u2019obertura al m\u00f3n; est\u00edmul de la creativitat i de l\u2019esperit cr\u00edtic, aix\u00ed com el foment de la curiositat i la descoberta de les inquietuds que fomenten l\u2019aprenentatge competencial. Proposem un sistema que combina la formaci\u00f3&hellip;  <a href=\"https:\/\/agora.xtec.cat\/insleonardo\/projecte-educatiu\/pec-eso\/\" title=\"Read PEC &#8211; ESO\">Llegeix m\u00e9s\u00bb<\/a><\/p>\n","protected":false},"author":1,"featured_media":0,"parent":57,"menu_order":2,"comment_status":"closed","ping_status":"closed","template":"page-templates\/side-menu.php","meta":{"_bbp_topic_count":0,"_bbp_reply_count":0,"_bbp_total_topic_count":0,"_bbp_total_reply_count":0,"_bbp_voice_count":0,"_bbp_anonymous_reply_count":0,"_bbp_topic_count_hidden":0,"_bbp_reply_count_hidden":0,"_bbp_forum_subforum_count":0,"footnotes":""},"class_list":["post-2547","page","type-page","status-publish","hentry"],"post_mailing_queue_ids":[],"_links":{"self":[{"href":"https:\/\/agora.xtec.cat\/insleonardo\/wp-json\/wp\/v2\/pages\/2547","targetHints":{"allow":["GET"]}}],"collection":[{"href":"https:\/\/agora.xtec.cat\/insleonardo\/wp-json\/wp\/v2\/pages"}],"about":[{"href":"https:\/\/agora.xtec.cat\/insleonardo\/wp-json\/wp\/v2\/types\/page"}],"author":[{"embeddable":true,"href":"https:\/\/agora.xtec.cat\/insleonardo\/wp-json\/wp\/v2\/users\/1"}],"replies":[{"embeddable":true,"href":"https:\/\/agora.xtec.cat\/insleonardo\/wp-json\/wp\/v2\/comments?post=2547"}],"version-history":[{"count":4,"href":"https:\/\/agora.xtec.cat\/insleonardo\/wp-json\/wp\/v2\/pages\/2547\/revisions"}],"predecessor-version":[{"id":6313,"href":"https:\/\/agora.xtec.cat\/insleonardo\/wp-json\/wp\/v2\/pages\/2547\/revisions\/6313"}],"up":[{"embeddable":true,"href":"https:\/\/agora.xtec.cat\/insleonardo\/wp-json\/wp\/v2\/pages\/57"}],"wp:attachment":[{"href":"https:\/\/agora.xtec.cat\/insleonardo\/wp-json\/wp\/v2\/media?parent=2547"}],"curies":[{"name":"wp","href":"https:\/\/api.w.org\/{rel}","templated":true}]}}