{"id":7615,"date":"2025-03-12T17:16:21","date_gmt":"2025-03-12T16:16:21","guid":{"rendered":"https:\/\/agora.xtec.cat\/inslavall\/?page_id=7615"},"modified":"2025-06-20T20:25:03","modified_gmt":"2025-06-20T18:25:03","slug":"preinscripcio-25-26","status":"publish","type":"page","link":"https:\/\/agora.xtec.cat\/inslavall\/preinscripcio-25-26\/","title":{"rendered":"Preinscripci\u00f3 ESO 25-26"},"content":{"rendered":"<p>Benvolgudes fam\u00edlies,<\/p>\n<p><span style=\"font-weight: 400;\">L\u2019<\/span><b>alumnat que durant el curs 2024-2025 ja ha estat matriculat a l\u2019Institut Vall de Ll\u00e9mena <\/b><span style=\"font-weight: 400;\">NO ha de formalitzar cap matr\u00edcula, sin\u00f3 \u00fanicament confirmar la seva continu\u00eftat a trav\u00e9s d\u2019aquest <\/span><a href=\"https:\/\/docs.google.com\/forms\/d\/1vEWd_aH8GfBwoeD-7FNq2XEGaggtA3vXjW1LksxUsPM\/edit\"><span style=\"font-weight: 400;\">formulari<\/span><\/a><span style=\"font-weight: 400;\">, en cas que encara no ho hagi fet.<\/span><\/p>\n<p><span style=\"font-weight: 400;\">L\u2019<\/span><b>alumnat que es matricular\u00e0 el curs 2025-2026 per primera vegada <\/b><span style=\"font-weight: 400;\">a l\u2019Institut Vall de Ll\u00e9mena s\u2019ha de posar en contacte amb l\u2019administraci\u00f3 del centre a trav\u00e9s del correu <\/span><span style=\"font-weight: 400;\">administracio@inslavall.cat<\/span><span style=\"font-weight: 400;\"> i respondre aquest <\/span><a href=\"https:\/\/docs.google.com\/forms\/d\/1axe0yATlBLsaCQTkURq7fUwVcAetuos0GQjIvwDgJxE\/edit\"><span style=\"font-weight: 400;\">formulari<\/span><\/a><span style=\"font-weight: 400;\">. <\/span><\/p>\n<p><span style=\"font-weight: 400;\">El <\/span><a href=\"https:\/\/docs.google.com\/document\/d\/1dvJkL7q81rwlbMG-pRpFqpqmNjF26MCy8-RWK2-B1pc\/edit?usp=drive_link\"><span style=\"font-weight: 400;\">proc\u00e9s de matriculaci\u00f3<\/span><\/a><span style=\"font-weight: 400;\"> es dur\u00e0 a terme <\/span><b>del 25 de juny al 3 de juliol<\/b><span style=\"font-weight: 400;\">, ambd\u00f3s inclosos.<\/span><\/p>\n<p><span style=\"color: #993366;\"><strong>16\/06\/25 NOVETATS PREINSCRIPCI\u00d3 ESO<\/strong><\/span><\/p>\n<p><a href=\"https:\/\/agora.xtec.cat\/inslavall\/wp-content\/uploads\/usu65\/2025\/06\/INFORME_ASSIGNADES_INFORME_ASSIGNADES-6.pdf\">Alumnes assignats al centre amb indicaci\u00f3 de la primera petici\u00f3 a 16\/06\/2025 <\/a><\/p>\n<p><a href=\"https:\/\/agora.xtec.cat\/inslavall\/wp-content\/uploads\/usu65\/2025\/06\/INFORME_LLISTA_ESPERA_OME_LLISTA_ESPERA.pdf\">Publicaci\u00f3 de la llista d&#8217;espera del centre a 16\/06\/2025<\/a><\/p>\n<p><a href=\"https:\/\/agora.xtec.cat\/inslavall\/wp-content\/uploads\/usu65\/2025\/06\/INFORME_OFERTA_OME_INFORME_OFERTA-2.pdf\">Publicaci\u00f3 de l&#8217;oferta definitiva de places<\/a><\/p>\n<p><strong>09\/05\/2025<\/strong><\/p>\n<p>Llista de sol\u00b7licituds que han demanat el centre i l&#8217;ensenyament en primera petici\u00f3 ordenada :<\/p>\n<p><a href=\"https:\/\/agora.xtec.cat\/inslavall\/wp-content\/uploads\/usu65\/2025\/05\/INFORME_BAREM_DEFINITIU_BAREM.pdf\">INFORME_BAREM_DEFINITIU_BAREM<\/a><\/p>\n<hr \/>\n<p><strong>ANTERIOR INFORMACI\u00d3<\/strong><\/p>\n<p><a href=\"https:\/\/agora.xtec.cat\/inslavall\/wp-content\/uploads\/usu65\/2025\/05\/INFORME_BAREM_RESOLTES_BAREM.pdf\">05\/05\/2025<\/a><a href=\"https:\/\/agora.xtec.cat\/inslavall\/wp-content\/uploads\/usu65\/2025\/05\/INFORME_BAREM_RESOLTES_BAREM.pdf\"> INFORME_BAREM_RESOLTES_BAREM\u00a0<\/a><br \/>\n<a href=\"https:\/\/agora.xtec.cat\/inslavall\/wp-content\/uploads\/usu65\/2025\/04\/INFORME_BAREM_PROVISIONAL_ESO.pdf\">24\/04\/2025\u00a0 INFORME_BAREM_PROVISIONAL_ESO<\/a><\/p>\n<p><a href=\"https:\/\/agora.xtec.cat\/inslavall\/wp-content\/uploads\/usu65\/2025\/02\/INFORME_OFERTA_OME_INFORME_OFERTA.pdf\">INFORME_OFERTA_OME_INFORME_OFERTA<\/a><\/p>\n<p>Tota la informaci\u00f3 de la preinscripci\u00f3 pel curs 25-26 la trobareu a <a href=\"https:\/\/preinscripcio.gencat.cat\/ca\/inici\/\">la web del Departament d&#8217;Educaci\u00f3<\/a><\/p>\n<p><a href=\"http:\/\/&lt;a href=&quot;https:\/\/imageresizer.com\/&quot; target=&quot;_blank&quot;&gt;Image Resizer&lt;\/a&gt;\"><img loading=\"lazy\" decoding=\"async\" class=\"alignleft size-full wp-image-7537\" src=\"https:\/\/agora.xtec.cat\/inslavall\/wp-content\/uploads\/usu65\/2025\/02\/image-1.png\" alt=\"\" width=\"745\" height=\"252\" srcset=\"https:\/\/agora.xtec.cat\/inslavall\/wp-content\/uploads\/usu65\/2025\/02\/image-1.png 745w, https:\/\/agora.xtec.cat\/inslavall\/wp-content\/uploads\/usu65\/2025\/02\/image-1-300x101.png 300w\" sizes=\"auto, (max-width: 745px) 100vw, 745px\" \/><\/a><\/p>\n<p><!--a=1--><\/p>\n<p><!--a=1--><\/p>\n<p><!--a=1--><\/p>\n<p><!--a=1--><\/p>\n<p><!--a=1--><\/p>\n<p><!--a=1--><\/p>\n<p><!--a=1--><\/p>\n<p><!--a=1--><\/p>\n<p><!--a=1--><\/p>\n<p><!--a=1--><\/p>\n<p><!--a=1--><\/p>\n<p><!--a=1--><\/p>\n<p><!--a=1--><\/p>\n<p><!--a=1--><\/p>\n<p><!--a=1--><\/p>\n<p><!--a=1--><\/p>\n<p><!--a=1--><\/p>\n","protected":false},"excerpt":{"rendered":"<p>Benvolgudes fam\u00edlies, L\u2019alumnat que durant el curs 2024-2025 ja ha estat matriculat a l\u2019Institut Vall de Ll\u00e9mena NO ha de formalitzar cap matr\u00edcula, sin\u00f3 \u00fanicament confirmar la seva continu\u00eftat a trav\u00e9s d\u2019aquest formulari, en cas que encara no ho hagi fet. L\u2019alumnat que es matricular\u00e0 el curs 2025-2026 per primera vegada a l\u2019Institut Vall de [&hellip;]<\/p>\n","protected":false},"author":1,"featured_media":0,"parent":0,"menu_order":0,"comment_status":"closed","ping_status":"closed","template":"","meta":{"_bbp_topic_count":0,"_bbp_reply_count":0,"_bbp_total_topic_count":0,"_bbp_total_reply_count":0,"_bbp_voice_count":0,"_bbp_anonymous_reply_count":0,"_bbp_topic_count_hidden":0,"_bbp_reply_count_hidden":0,"_bbp_forum_subforum_count":0,"site-sidebar-layout":"default","site-content-layout":"","ast-site-content-layout":"","site-content-style":"default","site-sidebar-style":"default","ast-global-header-display":"","ast-banner-title-visibility":"","ast-main-header-display":"","ast-hfb-above-header-display":"","ast-hfb-below-header-display":"","ast-hfb-mobile-header-display":"","site-post-title":"","ast-breadcrumbs-content":"","ast-featured-img":"","footer-sml-layout":"","theme-transparent-header-meta":"","adv-header-id-meta":"","stick-header-meta":"","header-above-stick-meta":"","header-main-stick-meta":"","header-below-stick-meta":"","astra-migrate-meta-layouts":"default","ast-page-background-enabled":"default","ast-page-background-meta":{"desktop":{"background-color":"var(--ast-global-color-4)","background-image":"","background-repeat":"repeat","background-position":"center center","background-size":"auto","background-attachment":"scroll","background-type":"","background-media":"","overlay-type":"","overlay-color":"","overlay-opacity":"","overlay-gradient":""},"tablet":{"background-color":"","background-image":"","background-repeat":"repeat","background-position":"center center","background-size":"auto","background-attachment":"scroll","background-type":"","background-media":"","overlay-type":"","overlay-color":"","overlay-opacity":"","overlay-gradient":""},"mobile":{"background-color":"","background-image":"","background-repeat":"repeat","background-position":"center center","background-size":"auto","background-attachment":"scroll","background-type":"","background-media":"","overlay-type":"","overlay-color":"","overlay-opacity":"","overlay-gradient":""}},"ast-content-background-meta":{"desktop":{"background-color":"var(--ast-global-color-5)","background-image":"","background-repeat":"repeat","background-position":"center center","background-size":"auto","background-attachment":"scroll","background-type":"","background-media":"","overlay-type":"","overlay-color":"","overlay-opacity":"","overlay-gradient":""},"tablet":{"background-color":"var(--ast-global-color-5)","background-image":"","background-repeat":"repeat","background-position":"center center","background-size":"auto","background-attachment":"scroll","background-type":"","background-media":"","overlay-type":"","overlay-color":"","overlay-opacity":"","overlay-gradient":""},"mobile":{"background-color":"var(--ast-global-color-5)","background-image":"","background-repeat":"repeat","background-position":"center center","background-size":"auto","background-attachment":"scroll","background-type":"","background-media":"","overlay-type":"","overlay-color":"","overlay-opacity":"","overlay-gradient":""}},"footnotes":""},"class_list":["post-7615","page","type-page","status-publish","hentry"],"post_mailing_queue_ids":[],"_links":{"self":[{"href":"https:\/\/agora.xtec.cat\/inslavall\/wp-json\/wp\/v2\/pages\/7615","targetHints":{"allow":["GET"]}}],"collection":[{"href":"https:\/\/agora.xtec.cat\/inslavall\/wp-json\/wp\/v2\/pages"}],"about":[{"href":"https:\/\/agora.xtec.cat\/inslavall\/wp-json\/wp\/v2\/types\/page"}],"author":[{"embeddable":true,"href":"https:\/\/agora.xtec.cat\/inslavall\/wp-json\/wp\/v2\/users\/1"}],"replies":[{"embeddable":true,"href":"https:\/\/agora.xtec.cat\/inslavall\/wp-json\/wp\/v2\/comments?post=7615"}],"version-history":[{"count":6,"href":"https:\/\/agora.xtec.cat\/inslavall\/wp-json\/wp\/v2\/pages\/7615\/revisions"}],"predecessor-version":[{"id":8023,"href":"https:\/\/agora.xtec.cat\/inslavall\/wp-json\/wp\/v2\/pages\/7615\/revisions\/8023"}],"wp:attachment":[{"href":"https:\/\/agora.xtec.cat\/inslavall\/wp-json\/wp\/v2\/media?parent=7615"}],"curies":[{"name":"wp","href":"https:\/\/api.w.org\/{rel}","templated":true}]}}