{"id":671,"date":"2015-09-22T20:50:03","date_gmt":"2015-09-22T19:50:03","guid":{"rendered":"http:\/\/agora.xtec.cat\/inslavall\/?page_id=671"},"modified":"2021-11-09T18:38:48","modified_gmt":"2021-11-09T17:38:48","slug":"impresos-i-formularis","status":"publish","type":"page","link":"https:\/\/agora.xtec.cat\/inslavall\/impresos-i-formularis\/","title":{"rendered":"Impresos i formularis"},"content":{"rendered":"<p><strong>JUSTIFICANT DE FALTES D&#8217;ASSIST\u00c8NCIA D&#8217;ALUMNES<\/strong><\/p>\n<p>Aquest document s&#8217;ha de presentar signat pel pare o mare al tutor o tutora quan l&#8217;alumne es reincorpori al centre encara que s&#8217;hagi trucat o enviat un missatge avisant per tal que quedi degudament documentada l&#8217;abs\u00e8ncia.<\/p>\n<p><a href=\"http:\/\/agora.xtec.cat\/inslavall\/wp-content\/uploads\/usu65\/2015\/09\/JUSTIFICACI\u00d3-DABS\u00c8NCIES-.pdf\" target=\"_blank\" rel=\"noopener noreferrer\"><span style=\"color: blue;\"><u>JUSTIFICACI\u00d3 D&#8217;ABS\u00c8NCIES per imprimir<\/u><\/span><\/a><\/p>\n<p><a href=\"https:\/\/drive.google.com\/file\/d\/0Bx9GSI9xK57xckJYXy1TcFVidGEtMVBYUUx0QVhvMldJRGFV\/view?usp=sharing\">JUSTIFICACI\u00d3 D&#8217;ABS\u00c8NCIES pdf editable <\/a><\/p>\n<p>&nbsp;<\/p>\n<p><strong>FULL DE DADES PERSONALS I DRETS D&#8217;IMATGE (matr\u00edcula)<\/strong><\/p>\n<p>Aquests documents s&#8217;han de presentar signats quan un alumne es matricula al centre. El document de dades personals inclou b\u00e0sicament informaci\u00f3 de contacte amb les fam\u00edlies. El document de drets d&#8217;imatge, autoritza o no al centre a publicar imatges individuals o en grup de l&#8217;alumne i tamb\u00e9 a publicar treballs en espais de comunicaci\u00f3 i difusi\u00f3 gestionats pel centre.<\/p>\n<p><a href=\"http:\/\/agora.xtec.cat\/inslavall\/wp-content\/uploads\/usu65\/2015\/09\/MATR\u00cdCULA-FULL-DE-DADES-PERSONALS-i-AUTORITZACIONS.pdf\" target=\"_blank\" rel=\"noopener noreferrer\"><span style=\"color: blue;\"><u>FULL DE DADES PERSONALS i AUTORITZACIONS<\/u><\/span><\/a><\/p>\n<p>&nbsp;<\/p>\n<p><strong>MODEL DE FULL DE PAGAMENT DE MATERIAL I SORTIDES<\/strong><\/p>\n<p>Els pagaments es poden fer via <a href=\"https:\/\/edvoice.additioapp.com\/\">APP EDVOICE<\/a>\u00a0 o b\u00e9 per ingr\u00e9s o transfer\u00e8ncia banc\u00e0ria. No es poden realitzar en efectiu al personal del centre.<\/p>\n<p>Aquest document els facilita la informaci\u00f3 per a poder realitzar el tr\u00e0mit si desitgen fer-ho via banc.<\/p>\n<p><a href=\"http:\/\/agora.xtec.cat\/inslavall\/wp-content\/uploads\/usu65\/2015\/09\/PAGAMENTS.pdf\" target=\"_blank\" rel=\"noopener noreferrer\"><span style=\"color: blue;\"><u>PAGAMENTS<\/u><\/span><\/a><\/p>\n","protected":false},"excerpt":{"rendered":"<p>JUSTIFICANT DE FALTES D&#8217;ASSIST\u00c8NCIA D&#8217;ALUMNES Aquest document s&#8217;ha de presentar signat pel pare o mare al tutor o tutora quan l&#8217;alumne es reincorpori al centre encara que s&#8217;hagi trucat o enviat un missatge avisant per tal que quedi degudament documentada l&#8217;abs\u00e8ncia. JUSTIFICACI\u00d3 D&#8217;ABS\u00c8NCIES per imprimir JUSTIFICACI\u00d3 D&#8217;ABS\u00c8NCIES pdf editable &nbsp; FULL DE DADES PERSONALS I [&hellip;]<\/p>\n","protected":false},"author":1,"featured_media":0,"parent":0,"menu_order":8,"comment_status":"closed","ping_status":"closed","template":"","meta":{"_bbp_topic_count":0,"_bbp_reply_count":0,"_bbp_total_topic_count":0,"_bbp_total_reply_count":0,"_bbp_voice_count":0,"_bbp_anonymous_reply_count":0,"_bbp_topic_count_hidden":0,"_bbp_reply_count_hidden":0,"_bbp_forum_subforum_count":0,"site-sidebar-layout":"default","site-content-layout":"","ast-site-content-layout":"","site-content-style":"default","site-sidebar-style":"default","ast-global-header-display":"","ast-banner-title-visibility":"","ast-main-header-display":"","ast-hfb-above-header-display":"","ast-hfb-below-header-display":"","ast-hfb-mobile-header-display":"","site-post-title":"","ast-breadcrumbs-content":"","ast-featured-img":"","footer-sml-layout":"","theme-transparent-header-meta":"","adv-header-id-meta":"","stick-header-meta":"","header-above-stick-meta":"","header-main-stick-meta":"","header-below-stick-meta":"","astra-migrate-meta-layouts":"default","ast-page-background-enabled":"default","ast-page-background-meta":{"desktop":{"background-color":"var(--ast-global-color-4)","background-image":"","background-repeat":"repeat","background-position":"center center","background-size":"auto","background-attachment":"scroll","background-type":"","background-media":"","overlay-type":"","overlay-color":"","overlay-opacity":"","overlay-gradient":""},"tablet":{"background-color":"","background-image":"","background-repeat":"repeat","background-position":"center center","background-size":"auto","background-attachment":"scroll","background-type":"","background-media":"","overlay-type":"","overlay-color":"","overlay-opacity":"","overlay-gradient":""},"mobile":{"background-color":"","background-image":"","background-repeat":"repeat","background-position":"center center","background-size":"auto","background-attachment":"scroll","background-type":"","background-media":"","overlay-type":"","overlay-color":"","overlay-opacity":"","overlay-gradient":""}},"ast-content-background-meta":{"desktop":{"background-color":"var(--ast-global-color-5)","background-image":"","background-repeat":"repeat","background-position":"center center","background-size":"auto","background-attachment":"scroll","background-type":"","background-media":"","overlay-type":"","overlay-color":"","overlay-opacity":"","overlay-gradient":""},"tablet":{"background-color":"var(--ast-global-color-5)","background-image":"","background-repeat":"repeat","background-position":"center center","background-size":"auto","background-attachment":"scroll","background-type":"","background-media":"","overlay-type":"","overlay-color":"","overlay-opacity":"","overlay-gradient":""},"mobile":{"background-color":"var(--ast-global-color-5)","background-image":"","background-repeat":"repeat","background-position":"center center","background-size":"auto","background-attachment":"scroll","background-type":"","background-media":"","overlay-type":"","overlay-color":"","overlay-opacity":"","overlay-gradient":""}},"footnotes":""},"class_list":["post-671","page","type-page","status-publish","hentry"],"post_mailing_queue_ids":[],"_links":{"self":[{"href":"https:\/\/agora.xtec.cat\/inslavall\/wp-json\/wp\/v2\/pages\/671","targetHints":{"allow":["GET"]}}],"collection":[{"href":"https:\/\/agora.xtec.cat\/inslavall\/wp-json\/wp\/v2\/pages"}],"about":[{"href":"https:\/\/agora.xtec.cat\/inslavall\/wp-json\/wp\/v2\/types\/page"}],"author":[{"embeddable":true,"href":"https:\/\/agora.xtec.cat\/inslavall\/wp-json\/wp\/v2\/users\/1"}],"replies":[{"embeddable":true,"href":"https:\/\/agora.xtec.cat\/inslavall\/wp-json\/wp\/v2\/comments?post=671"}],"version-history":[{"count":4,"href":"https:\/\/agora.xtec.cat\/inslavall\/wp-json\/wp\/v2\/pages\/671\/revisions"}],"predecessor-version":[{"id":5512,"href":"https:\/\/agora.xtec.cat\/inslavall\/wp-json\/wp\/v2\/pages\/671\/revisions\/5512"}],"wp:attachment":[{"href":"https:\/\/agora.xtec.cat\/inslavall\/wp-json\/wp\/v2\/media?parent=671"}],"curies":[{"name":"wp","href":"https:\/\/api.w.org\/{rel}","templated":true}]}}