{"id":584,"date":"2015-09-22T19:35:24","date_gmt":"2015-09-22T18:35:24","guid":{"rendered":"http:\/\/agora.xtec.cat\/inslavall\/?page_id=584"},"modified":"2024-03-01T19:43:00","modified_gmt":"2024-03-01T18:43:00","slug":"projectes","status":"publish","type":"page","link":"https:\/\/agora.xtec.cat\/inslavall\/projectes\/","title":{"rendered":"Projecte pedag\u00f2gic"},"content":{"rendered":"<p>La <strong>l\u00ednia pedag\u00f2gica del centre<\/strong> es recolza en cinc pilars:<\/p>\n<ul>\n<li>L\u2019avaluaci\u00f3 com a eina d\u2019aprenentatge<\/li>\n<li>Incorporaci\u00f3 integral dels sistemes i tecnologies de la informaci\u00f3 en el proc\u00e9s d\u2019ensenyament- aprenentatge.<\/li>\n<li>Utilitzaci\u00f3 de l\u2019angl\u00e8s com a llengua d\u2019ensenyament-aprenentatge en diverses mat\u00e8ries del curr\u00edculum i com a llengua de comunicaci\u00f3 m\u00e9s enll\u00e0 de l\u2019aula.<\/li>\n<li>Comunicaci\u00f3 constant i fluida amb les fam\u00edlies per tal de compartir objectius i estrat\u00e8gies<\/li>\n<li>L\u2019aplicaci\u00f3 del model d\u2019aprenentatge competencial en totes les \u00e0rees curriculars<\/li>\n<li>Ensenyament-aprenentatge globalitzat per projectes<\/li>\n<\/ul>\n<table>\n<tbody>\n<tr>\n<td><a href=\"https:\/\/sites.google.com\/inslavall.cat\/lavaluacicomaeinadaprenentatge\/inici\"><img loading=\"lazy\" decoding=\"async\" class=\"alignnone wp-image-923\" src=\"https:\/\/agora.xtec.cat\/inslavall\/wp-content\/uploads\/usu65\/2019\/06\/avaluaci\u00f3.png\" width=\"167\" height=\"125\" \/><\/a><\/td>\n<td><a href=\"https:\/\/sites.google.com\/inslavall.cat\/lavaluacicomaeinadaprenentatge\/inici\"><span style=\"color: blue;\"><u>L&#8217;AVALUACI\u00d3 COM A EINA D&#8217;APRENENTATGE<\/u><\/span><\/a><\/td>\n<\/tr>\n<tr>\n<td><a href=\"http:\/\/agora.xtec.cat\/inslavall\/wp-content\/uploads\/usu65\/2015\/09\/2015-02-05-09.57.31.jpg\"><img loading=\"lazy\" decoding=\"async\" class=\"alignnone wp-image-923\" src=\"http:\/\/agora.xtec.cat\/inslavall\/wp-content\/uploads\/usu65\/2015\/09\/2015-02-05-09.57.31-1024x765.jpg\" alt=\"2015-02-05 09.57.31\" width=\"167\" height=\"125\" srcset=\"https:\/\/agora.xtec.cat\/inslavall\/wp-content\/uploads\/usu65\/2015\/09\/2015-02-05-09.57.31-1024x765.jpg 1024w, https:\/\/agora.xtec.cat\/inslavall\/wp-content\/uploads\/usu65\/2015\/09\/2015-02-05-09.57.31-300x224.jpg 300w, https:\/\/agora.xtec.cat\/inslavall\/wp-content\/uploads\/usu65\/2015\/09\/2015-02-05-09.57.31-200x150.jpg 200w, https:\/\/agora.xtec.cat\/inslavall\/wp-content\/uploads\/usu65\/2015\/09\/2015-02-05-09.57.31.jpg 1600w\" sizes=\"auto, (max-width: 167px) 100vw, 167px\" \/><\/a><\/td>\n<td><a href=\"https:\/\/sites.google.com\/inslavall.cat\/tutoria\/general\"><span style=\"color: blue;\"><u>ENTRENA&#8217;T PER LA VIDA<\/u><\/span><\/a><\/td>\n<\/tr>\n<tr>\n<td><a href=\"http:\/\/agora.xtec.cat\/inslavall\/wp-content\/uploads\/usu65\/2015\/09\/clickedu_pares.jpg\"><img loading=\"lazy\" decoding=\"async\" class=\"alignnone wp-image-924\" src=\"http:\/\/agora.xtec.cat\/inslavall\/wp-content\/uploads\/usu65\/2015\/09\/clickedu_pares.jpg\" alt=\"clickedu_pares\" width=\"166\" height=\"105\" srcset=\"https:\/\/agora.xtec.cat\/inslavall\/wp-content\/uploads\/usu65\/2015\/09\/clickedu_pares.jpg 566w, https:\/\/agora.xtec.cat\/inslavall\/wp-content\/uploads\/usu65\/2015\/09\/clickedu_pares-300x189.jpg 300w\" sizes=\"auto, (max-width: 166px) 100vw, 166px\" \/><\/a><\/td>\n<td><a href=\"http:\/\/agora.xtec.cat\/inslavall\/projectes\/comunicacio-amb-les-families\/\" target=\"_blank\" rel=\"noopener noreferrer\"><span style=\"color: blue;\"><u>COMUNICACI\u00d3 AMB LES FAM\u00cdLIES<\/u><\/span><\/a><\/td>\n<\/tr>\n<tr>\n<td><a href=\"http:\/\/agora.xtec.cat\/inslavall\/wp-content\/uploads\/usu65\/2015\/09\/QuickTime-PlayerScreenSnapz004.jpg\"><img loading=\"lazy\" decoding=\"async\" class=\"alignnone wp-image-922\" src=\"http:\/\/agora.xtec.cat\/inslavall\/wp-content\/uploads\/usu65\/2015\/09\/QuickTime-PlayerScreenSnapz004-1024x569.jpg\" alt=\"QuickTime PlayerScreenSnapz004\" width=\"166\" height=\"92\" srcset=\"https:\/\/agora.xtec.cat\/inslavall\/wp-content\/uploads\/usu65\/2015\/09\/QuickTime-PlayerScreenSnapz004-1024x569.jpg 1024w, https:\/\/agora.xtec.cat\/inslavall\/wp-content\/uploads\/usu65\/2015\/09\/QuickTime-PlayerScreenSnapz004-300x167.jpg 300w, https:\/\/agora.xtec.cat\/inslavall\/wp-content\/uploads\/usu65\/2015\/09\/QuickTime-PlayerScreenSnapz004.jpg 1278w\" sizes=\"auto, (max-width: 166px) 100vw, 166px\" \/><\/a><\/td>\n<td><a href=\"http:\/\/agora.xtec.cat\/inslavall\/projectes\/viure-la-llengua\/\" target=\"_blank\" rel=\"noopener noreferrer\"><span style=\"color: blue;\"><u>VIURE LA LLENGUA<\/u><\/span><\/a><\/td>\n<\/tr>\n<tr>\n<td>\u00a0<a href=\"http:\/\/agora.xtec.cat\/inslavall\/wp-content\/uploads\/usu65\/2015\/09\/DSC_3873.jpg\"><img loading=\"lazy\" decoding=\"async\" class=\"alignnone wp-image-993\" src=\"http:\/\/agora.xtec.cat\/inslavall\/wp-content\/uploads\/usu65\/2015\/09\/DSC_3873-1024x680.jpg\" alt=\"DSC_3873\" width=\"160\" height=\"106\" srcset=\"https:\/\/agora.xtec.cat\/inslavall\/wp-content\/uploads\/usu65\/2015\/09\/DSC_3873.jpg 1024w, https:\/\/agora.xtec.cat\/inslavall\/wp-content\/uploads\/usu65\/2015\/09\/DSC_3873-300x199.jpg 300w\" sizes=\"auto, (max-width: 160px) 100vw, 160px\" \/><\/a><\/td>\n<td><a href=\"http:\/\/agora.xtec.cat\/inslavall\/projectes\/companys-fora-de-la-vall\/\" target=\"_blank\" rel=\"noopener noreferrer\"><span style=\"color: blue;\"><u>COMPANYS FORA DE LA VALL<\/u><\/span><\/a><\/td>\n<\/tr>\n<tr>\n<td><a href=\"http:\/\/agora.xtec.cat\/inslavall\/wp-content\/uploads\/usu65\/2015\/09\/2015-02-05-11.09.04.jpg\"><img loading=\"lazy\" decoding=\"async\" class=\"alignnone wp-image-919\" src=\"http:\/\/agora.xtec.cat\/inslavall\/wp-content\/uploads\/usu65\/2015\/09\/2015-02-05-11.09.04-1024x765.jpg\" alt=\"2015-02-05 11.09.04\" width=\"167\" height=\"125\" srcset=\"https:\/\/agora.xtec.cat\/inslavall\/wp-content\/uploads\/usu65\/2015\/09\/2015-02-05-11.09.04-1024x765.jpg 1024w, https:\/\/agora.xtec.cat\/inslavall\/wp-content\/uploads\/usu65\/2015\/09\/2015-02-05-11.09.04-300x224.jpg 300w, https:\/\/agora.xtec.cat\/inslavall\/wp-content\/uploads\/usu65\/2015\/09\/2015-02-05-11.09.04-200x150.jpg 200w, https:\/\/agora.xtec.cat\/inslavall\/wp-content\/uploads\/usu65\/2015\/09\/2015-02-05-11.09.04.jpg 1280w\" sizes=\"auto, (max-width: 167px) 100vw, 167px\" \/><\/a><\/td>\n<td><a href=\"http:\/\/agora.xtec.cat\/inslavall\/projectes\/innovacio-educativa-i-recerca\/\"><span style=\"color: blue;\"><u>INNOVACI\u00d3 EDUCATIVA I RECERCA<\/u><\/span><\/a><\/td>\n<\/tr>\n<tr>\n<td>\u00a0<a href=\"http:\/\/agora.xtec.cat\/inslavall\/wp-content\/uploads\/usu65\/2015\/09\/IMG_1965.jpg\"><img loading=\"lazy\" decoding=\"async\" class=\"alignnone wp-image-921\" src=\"http:\/\/agora.xtec.cat\/inslavall\/wp-content\/uploads\/usu65\/2015\/09\/IMG_1965-1024x765.jpg\" alt=\"IMG_1965\" width=\"167\" height=\"125\" srcset=\"https:\/\/agora.xtec.cat\/inslavall\/wp-content\/uploads\/usu65\/2015\/09\/IMG_1965-1024x765.jpg 1024w, https:\/\/agora.xtec.cat\/inslavall\/wp-content\/uploads\/usu65\/2015\/09\/IMG_1965-300x224.jpg 300w, https:\/\/agora.xtec.cat\/inslavall\/wp-content\/uploads\/usu65\/2015\/09\/IMG_1965-200x150.jpg 200w\" sizes=\"auto, (max-width: 167px) 100vw, 167px\" \/><\/a><\/td>\n<td><a href=\"http:\/\/agora.xtec.cat\/inslavall\/projectes\/les-tic-al-servei-de-leducacio\/\" target=\"_blank\" rel=\"noopener noreferrer\"><span style=\"color: blue;\"><u>LA TECNOLOGIA DIGITAL<\/u><\/span><\/a><\/td>\n<\/tr>\n<tr>\n<td>\u00a0<a href=\"http:\/\/agora.xtec.cat\/inslavall\/wp-content\/uploads\/usu65\/2015\/09\/IMG_20150305_190601.jpg\"><img loading=\"lazy\" decoding=\"async\" class=\"alignnone wp-image-926\" src=\"http:\/\/agora.xtec.cat\/inslavall\/wp-content\/uploads\/usu65\/2015\/09\/IMG_20150305_190601-1024x759.jpg\" alt=\"IMG_20150305_190601\" width=\"167\" height=\"124\" srcset=\"https:\/\/agora.xtec.cat\/inslavall\/wp-content\/uploads\/usu65\/2015\/09\/IMG_20150305_190601-1024x759.jpg 1024w, https:\/\/agora.xtec.cat\/inslavall\/wp-content\/uploads\/usu65\/2015\/09\/IMG_20150305_190601-300x222.jpg 300w, https:\/\/agora.xtec.cat\/inslavall\/wp-content\/uploads\/usu65\/2015\/09\/IMG_20150305_190601-200x150.jpg 200w\" sizes=\"auto, (max-width: 167px) 100vw, 167px\" \/><\/a><\/td>\n<td><a href=\"http:\/\/agora.xtec.cat\/inslavall\/projectes\/escola-verda\/\"><span style=\"color: blue;\"><u>ESCOLA VERDA<\/u><\/span><\/a><\/td>\n<\/tr>\n<tr>\n<td><a href=\"http:\/\/agora.xtec.cat\/inslavall\/wp-content\/uploads\/usu65\/2015\/10\/Fitxer_000-3.jpeg\"><img loading=\"lazy\" decoding=\"async\" class=\"alignnone wp-image-803\" src=\"http:\/\/agora.xtec.cat\/inslavall\/wp-content\/uploads\/usu65\/2015\/10\/Fitxer_000-3-1024x765.jpeg\" alt=\"Fitxer_000 (3)\" width=\"167\" height=\"125\" srcset=\"https:\/\/agora.xtec.cat\/inslavall\/wp-content\/uploads\/usu65\/2015\/10\/Fitxer_000-3-1024x765.jpeg 1024w, https:\/\/agora.xtec.cat\/inslavall\/wp-content\/uploads\/usu65\/2015\/10\/Fitxer_000-3-300x224.jpeg 300w, https:\/\/agora.xtec.cat\/inslavall\/wp-content\/uploads\/usu65\/2015\/10\/Fitxer_000-3-200x150.jpeg 200w\" sizes=\"auto, (max-width: 167px) 100vw, 167px\" \/><\/a><\/td>\n<td><a href=\"http:\/\/agora.xtec.cat\/inslavall\/projectes\/projectes-amb-entitats\/\"><span style=\"color: blue;\"><u>TREBALL GLOBALITZAT PER PROJECTES<br \/>\nI PROJECTES AMB ENTITATS<\/u><\/span><\/a><\/td>\n<\/tr>\n<\/tbody>\n<\/table>\n<p>&nbsp;<\/p>\n<p>&nbsp;<\/p>\n<div id=\"gtx-trans\" style=\"position: absolute; left: 315px; top: 1102.04px;\">\n<div class=\"gtx-trans-icon\"><\/div>\n<\/div>\n","protected":false},"excerpt":{"rendered":"<p>La l\u00ednia pedag\u00f2gica del centre es recolza en cinc pilars: L\u2019avaluaci\u00f3 com a eina d\u2019aprenentatge Incorporaci\u00f3 integral dels sistemes i tecnologies de la informaci\u00f3 en el proc\u00e9s d\u2019ensenyament- aprenentatge. Utilitzaci\u00f3 de l\u2019angl\u00e8s com a llengua d\u2019ensenyament-aprenentatge en diverses mat\u00e8ries del curr\u00edculum i com a llengua de comunicaci\u00f3 m\u00e9s enll\u00e0 de l\u2019aula. Comunicaci\u00f3 constant i fluida [&hellip;]<\/p>\n","protected":false},"author":1,"featured_media":0,"parent":0,"menu_order":2,"comment_status":"closed","ping_status":"closed","template":"page-templates\/side-menu.php","meta":{"_bbp_topic_count":0,"_bbp_reply_count":0,"_bbp_total_topic_count":0,"_bbp_total_reply_count":0,"_bbp_voice_count":0,"_bbp_anonymous_reply_count":0,"_bbp_topic_count_hidden":0,"_bbp_reply_count_hidden":0,"_bbp_forum_subforum_count":0,"site-sidebar-layout":"default","site-content-layout":"","ast-site-content-layout":"","site-content-style":"default","site-sidebar-style":"default","ast-global-header-display":"","ast-banner-title-visibility":"","ast-main-header-display":"","ast-hfb-above-header-display":"","ast-hfb-below-header-display":"","ast-hfb-mobile-header-display":"","site-post-title":"","ast-breadcrumbs-content":"","ast-featured-img":"","footer-sml-layout":"","theme-transparent-header-meta":"","adv-header-id-meta":"","stick-header-meta":"","header-above-stick-meta":"","header-main-stick-meta":"","header-below-stick-meta":"","astra-migrate-meta-layouts":"default","ast-page-background-enabled":"default","ast-page-background-meta":{"desktop":{"background-color":"var(--ast-global-color-4)","background-image":"","background-repeat":"repeat","background-position":"center center","background-size":"auto","background-attachment":"scroll","background-type":"","background-media":"","overlay-type":"","overlay-color":"","overlay-opacity":"","overlay-gradient":""},"tablet":{"background-color":"","background-image":"","background-repeat":"repeat","background-position":"center center","background-size":"auto","background-attachment":"scroll","background-type":"","background-media":"","overlay-type":"","overlay-color":"","overlay-opacity":"","overlay-gradient":""},"mobile":{"background-color":"","background-image":"","background-repeat":"repeat","background-position":"center center","background-size":"auto","background-attachment":"scroll","background-type":"","background-media":"","overlay-type":"","overlay-color":"","overlay-opacity":"","overlay-gradient":""}},"ast-content-background-meta":{"desktop":{"background-color":"var(--ast-global-color-5)","background-image":"","background-repeat":"repeat","background-position":"center center","background-size":"auto","background-attachment":"scroll","background-type":"","background-media":"","overlay-type":"","overlay-color":"","overlay-opacity":"","overlay-gradient":""},"tablet":{"background-color":"var(--ast-global-color-5)","background-image":"","background-repeat":"repeat","background-position":"center center","background-size":"auto","background-attachment":"scroll","background-type":"","background-media":"","overlay-type":"","overlay-color":"","overlay-opacity":"","overlay-gradient":""},"mobile":{"background-color":"var(--ast-global-color-5)","background-image":"","background-repeat":"repeat","background-position":"center center","background-size":"auto","background-attachment":"scroll","background-type":"","background-media":"","overlay-type":"","overlay-color":"","overlay-opacity":"","overlay-gradient":""}},"footnotes":""},"class_list":["post-584","page","type-page","status-publish","hentry"],"post_mailing_queue_ids":[],"_links":{"self":[{"href":"https:\/\/agora.xtec.cat\/inslavall\/wp-json\/wp\/v2\/pages\/584","targetHints":{"allow":["GET"]}}],"collection":[{"href":"https:\/\/agora.xtec.cat\/inslavall\/wp-json\/wp\/v2\/pages"}],"about":[{"href":"https:\/\/agora.xtec.cat\/inslavall\/wp-json\/wp\/v2\/types\/page"}],"author":[{"embeddable":true,"href":"https:\/\/agora.xtec.cat\/inslavall\/wp-json\/wp\/v2\/users\/1"}],"replies":[{"embeddable":true,"href":"https:\/\/agora.xtec.cat\/inslavall\/wp-json\/wp\/v2\/comments?post=584"}],"version-history":[{"count":5,"href":"https:\/\/agora.xtec.cat\/inslavall\/wp-json\/wp\/v2\/pages\/584\/revisions"}],"predecessor-version":[{"id":6898,"href":"https:\/\/agora.xtec.cat\/inslavall\/wp-json\/wp\/v2\/pages\/584\/revisions\/6898"}],"wp:attachment":[{"href":"https:\/\/agora.xtec.cat\/inslavall\/wp-json\/wp\/v2\/media?parent=584"}],"curies":[{"name":"wp","href":"https:\/\/api.w.org\/{rel}","templated":true}]}}