{"id":721,"date":"2017-03-07T09:58:27","date_gmt":"2017-03-07T08:58:27","guid":{"rendered":"http:\/\/agora.xtec.cat\/inslasinia\/?page_id=721"},"modified":"2017-03-07T09:58:27","modified_gmt":"2017-03-07T08:58:27","slug":"sol%c2%b7licitud-titol-c-de-catala","status":"publish","type":"page","link":"https:\/\/agora.xtec.cat\/inslasinia\/secretaria\/sol%c2%b7licitud-titol-c-de-catala\/","title":{"rendered":"Sol\u00b7licitud T\u00edtol C de catal\u00e0"},"content":{"rendered":"<p class=\"Textbody\"><strong>Qu\u00e8 es sol\u00b7licita?<\/strong><\/p>\n<p class=\"Textbody\"><span lang=\"CA\">Per\u00a0demanar el <span class=\"StrongEmphasis\">reconeixement de l\u2019equival\u00e8ncia entre els estudis cursats i el certificat de nivell B2 i\/o nivell C1 <\/span>de la Direcci\u00f3 General de Pol\u00edtica Ling\u00fc\u00edstica. <\/span><\/p>\n<p class=\"Textbody\"><span lang=\"CA\">Per saber si teniu dret a l&#8217;obtenci\u00f3 del reconeixement, podeu consultar la normativa vigent sobre titulacions equivalents en el seg\u00fcent <a href=\"http:\/\/llengua.gencat.cat\/ca\/serveis\/acreditacio_coneixements\/certificats_de_catala\/equivalencies_i_acreditacio_de_coneixements_de_catala\/\">enlla\u00e7<\/a>.<\/span><\/p>\n<p class=\"Textbody\"><span lang=\"CA\"><span class=\"StrongEmphasis\">Com a requisit general, per\u00f2, cal haver comen\u00e7at l\u2019educaci\u00f3 prim\u00e0ria a partir de l\u2019any 1978-1979.<\/span><\/span><\/p>\n<p><strong>Qu\u00e8 cal presentar?<\/strong><\/p>\n<p>Descarregueu-vos\u00a0<a href=\"https:\/\/drive.google.com\/drive\/u\/0\/folders\/0B9-TeMYOC29BNlZ0cmhDdFQzRDg\">la sol\u00b7licitud<\/a> i juntament a aquesta hi haureu de presentar:<\/p>\n<p>&#8211; DNI del sol\u00b7licitant<\/p>\n<p>&#8211; T\u00edtol ESO, Batxillerat, BUP o FP2<\/p>\n<p>&#8211; Llibre d\u2019escolaritat (EGB, ESO, BUP o Batxillerat), historial acad\u00e8mic o certificat del centre (per acreditar que s\u2019ha cursat i\/o aprovat, segons correspongui, l\u2019assignatura de la llengua catalana en tots els cursos requerits i d\u2019acord amb el que s\u2019exigeix en cada cas, veure els requisits que es detallen a continuaci\u00f3).<\/p>\n","protected":false},"excerpt":{"rendered":"<p>Qu\u00e8 es sol\u00b7licita?<br \/>\nPer\u00a0demanar el reconeixement de l\u2019equival\u00e8ncia entre els estudis cursats i el certificat de nivell B2 i\/o nivell C1 de la Direcci\u00f3 General de Pol\u00edtica Ling\u00fc\u00edstica.<br \/>\nPer saber si teniu dret a l&#8217;obtenci\u00f3 del reconeixement, podeu consultar la normativa vigent sobre titulacions equivalents en&hellip;  <a href=\"https:\/\/agora.xtec.cat\/inslasinia\/secretaria\/sol%c2%b7licitud-titol-c-de-catala\/\" title=\"Read Sol\u00b7licitud T\u00edtol C de catal\u00e0\">Llegeix m\u00e9s\u00bb<\/a><\/p>\n","protected":false},"author":10,"featured_media":0,"parent":81,"menu_order":0,"comment_status":"closed","ping_status":"closed","template":"","meta":{"_bbp_topic_count":0,"_bbp_reply_count":0,"_bbp_total_topic_count":0,"_bbp_total_reply_count":0,"_bbp_voice_count":0,"_bbp_anonymous_reply_count":0,"_bbp_topic_count_hidden":0,"_bbp_reply_count_hidden":0,"_bbp_forum_subforum_count":0,"footnotes":""},"class_list":["post-721","page","type-page","status-publish","hentry"],"post_mailing_queue_ids":[],"_links":{"self":[{"href":"https:\/\/agora.xtec.cat\/inslasinia\/wp-json\/wp\/v2\/pages\/721","targetHints":{"allow":["GET"]}}],"collection":[{"href":"https:\/\/agora.xtec.cat\/inslasinia\/wp-json\/wp\/v2\/pages"}],"about":[{"href":"https:\/\/agora.xtec.cat\/inslasinia\/wp-json\/wp\/v2\/types\/page"}],"author":[{"embeddable":true,"href":"https:\/\/agora.xtec.cat\/inslasinia\/wp-json\/wp\/v2\/users\/10"}],"replies":[{"embeddable":true,"href":"https:\/\/agora.xtec.cat\/inslasinia\/wp-json\/wp\/v2\/comments?post=721"}],"version-history":[{"count":3,"href":"https:\/\/agora.xtec.cat\/inslasinia\/wp-json\/wp\/v2\/pages\/721\/revisions"}],"predecessor-version":[{"id":970,"href":"https:\/\/agora.xtec.cat\/inslasinia\/wp-json\/wp\/v2\/pages\/721\/revisions\/970"}],"up":[{"embeddable":true,"href":"https:\/\/agora.xtec.cat\/inslasinia\/wp-json\/wp\/v2\/pages\/81"}],"wp:attachment":[{"href":"https:\/\/agora.xtec.cat\/inslasinia\/wp-json\/wp\/v2\/media?parent=721"}],"curies":[{"name":"wp","href":"https:\/\/api.w.org\/{rel}","templated":true}]}}

Sol·licitud Títol C de català

<p class="Textbody"><strong>Què es sol·licita?</strong></p>
<p class="Textbody"><span lang="CA">Per demanar el <span class="StrongEmphasis">reconeixement de l’equivalència entre els estudis cursats i el certificat de nivell B2 i/o nivell C1 </span>de la Direcció General de Política Lingüística. </span></p>
<p class="Textbody"><span lang="CA">Per saber si teniu dret a l&#8217;obtenció del reconeixement, podeu consultar la normativa vigent sobre titulacions equivalents en el següent <a href="http://llengua.gencat.cat/ca/serveis/acreditacio_coneixements/certificats_de_catala/equivalencies_i_acreditacio_de_coneixements_de_catala/">enllaç</a>.</span></p>
<p class="Textbody"><span lang="CA"><span class="StrongEmphasis">Com a requisit general, però, cal haver començat l’educació primària a partir de l’any 1978-1979.</span></span></p>
<p><strong>Què cal presentar?</strong></p>
<p>Descarregueu-vos <a href="https://drive.google.com/drive/u/0/folders/0B9-TeMYOC29BNlZ0cmhDdFQzRDg">la sol·licitud</a> i juntament a aquesta hi haureu de presentar:</p>
<p>&#8211; DNI del sol·licitant</p>
<p>&#8211; Títol ESO, Batxillerat, BUP o FP2</p>
<p>&#8211; Llibre d’escolaritat (EGB, ESO, BUP o Batxillerat), historial acadèmic o certificat del centre (per acreditar que s’ha cursat i/o aprovat, segons correspongui, l’assignatura de la llengua catalana en tots els cursos requerits i d’acord amb el que s’exigeix en cada cas, veure els requisits que es detallen a continuació).</p>

<p>Què es sol·licita?<br />
Per demanar el reconeixement de l’equivalència entre els estudis cursats i el certificat de nivell B2 i/o nivell C1 de la Direcció General de Política Lingüística.<br />
Per saber si teniu dret a l&#8217;obtenció del reconeixement, podeu consultar la normativa vigent sobre titulacions equivalents en&hellip;  <a href="https://agora.xtec.cat/inslasinia/secretaria/sol%c2%b7licitud-titol-c-de-catala/" title="Read Sol·licitud Títol C de català">Llegeix més»</a></p>
