{"id":6574,"date":"2024-02-02T16:52:37","date_gmt":"2024-02-02T15:52:37","guid":{"rendered":"https:\/\/agora.xtec.cat\/inslasinia\/?page_id=6574"},"modified":"2024-02-02T16:55:05","modified_gmt":"2024-02-02T15:55:05","slug":"convalidacio-hores-curriculars","status":"publish","type":"page","link":"https:\/\/agora.xtec.cat\/inslasinia\/secretaria\/convalidacio-hores-curriculars\/","title":{"rendered":"Convalidaci\u00f3 Hores curriculars"},"content":{"rendered":"<h3><b>Convalidaci\u00f3 d\u2019hores curriculars perqu\u00e8 es cursa simult\u00e0niament m\u00fasica i\/o dansa\u00a0<\/b><\/h3>\n<p><span style=\"font-weight: 400;\">Les alumnes que estiguin cursant l&#8217;ESO o BTX i, simult\u00e0niament, cursin estudis de m\u00fasica o dansa en conservatoris, centres professionals o escoles autoritzades, poden sol\u00b7licitar la convalidaci\u00f3 o el reconeixement de mat\u00e8ries. <\/span><b>Aquesta sol\u00b7licitud i la corresponent resoluci\u00f3, s\u2019ha de renovar cada curs escolar.\u00a0<\/b><\/p>\n<p><span style=\"font-weight: 400;\">Les alumnes que ho vulguin, poden sol\u00b7licitar la convalidaci\u00f3 o el reconeixement d\u2019un nombre d\u2019hores, per aix\u00f2 s\u2019han de posar en contacte amb la Secretaria.\u00a0<\/span><\/p>\n<p>Trobareu tota la informaci\u00f3 i els impresos per a fer la sol\u00b7licitud en el seg\u00fcent <a href=\"https:\/\/docs.google.com\/document\/d\/1CilesaZL4_pRfk9fR2xyQBUk8E3_WfTWqGVm2j308FI\/edit\" target=\"_blank\" rel=\"noopener\">document<\/a>.<\/p>\n<h3><b>Convalidaci\u00f3 d\u2019hores curriculars per una dedicaci\u00f3 intensiva a l\u2019esport.<\/b><\/h3>\n<p><span style=\"font-weight: 400;\">Les alumnes amb dedicaci\u00f3 significativa a l&#8217;esport avalada pel Consell Catal\u00e0 de l&#8217;Esport, poden sol\u00b7licitar al director o directora del centre educatiu que se&#8217;ls apliqui un pla individualitzat que inclogui el reconeixement de la mat\u00e8ria d&#8217;educaci\u00f3 f\u00edsica. <b>Aquesta sol\u00b7licitud i la corresponent resoluci\u00f3, s\u2019ha de renovar cada curs escolar.\u00a0<\/b><\/span><\/p>\n<p>Trobareu tota la informaci\u00f3 i els impresos per a fer la sol\u00b7licitud en el seg\u00fcent <a href=\"https:\/\/docs.google.com\/document\/d\/1fDJjYHTTmmxAp02fBN2NSWlz6VpGOcdco1KMRUUxnB8\/edit\" target=\"_blank\" rel=\"noopener\">document<\/a>.<\/p>\n","protected":false},"excerpt":{"rendered":"<p>Convalidaci\u00f3 d\u2019hores curriculars perqu\u00e8 es cursa simult\u00e0niament m\u00fasica i\/o dansa\u00a0<br \/>\nLes alumnes que estiguin cursant l&#8217;ESO o BTX i, simult\u00e0niament, cursin estudis de m\u00fasica o dansa en conservatoris, centres professionals o escoles autoritzades, poden sol\u00b7licitar la convalidaci\u00f3 o el reconeixement de mat\u00e8ries. Aquesta sol\u00b7licitud i la&hellip;  <a href=\"https:\/\/agora.xtec.cat\/inslasinia\/secretaria\/convalidacio-hores-curriculars\/\" title=\"Read Convalidaci\u00f3 Hores curriculars\">Llegeix m\u00e9s\u00bb<\/a><\/p>\n","protected":false},"author":10,"featured_media":0,"parent":81,"menu_order":0,"comment_status":"closed","ping_status":"closed","template":"","meta":{"_bbp_topic_count":0,"_bbp_reply_count":0,"_bbp_total_topic_count":0,"_bbp_total_reply_count":0,"_bbp_voice_count":0,"_bbp_anonymous_reply_count":0,"_bbp_topic_count_hidden":0,"_bbp_reply_count_hidden":0,"_bbp_forum_subforum_count":0,"footnotes":""},"class_list":["post-6574","page","type-page","status-publish","hentry"],"post_mailing_queue_ids":[],"_links":{"self":[{"href":"https:\/\/agora.xtec.cat\/inslasinia\/wp-json\/wp\/v2\/pages\/6574","targetHints":{"allow":["GET"]}}],"collection":[{"href":"https:\/\/agora.xtec.cat\/inslasinia\/wp-json\/wp\/v2\/pages"}],"about":[{"href":"https:\/\/agora.xtec.cat\/inslasinia\/wp-json\/wp\/v2\/types\/page"}],"author":[{"embeddable":true,"href":"https:\/\/agora.xtec.cat\/inslasinia\/wp-json\/wp\/v2\/users\/10"}],"replies":[{"embeddable":true,"href":"https:\/\/agora.xtec.cat\/inslasinia\/wp-json\/wp\/v2\/comments?post=6574"}],"version-history":[{"count":2,"href":"https:\/\/agora.xtec.cat\/inslasinia\/wp-json\/wp\/v2\/pages\/6574\/revisions"}],"predecessor-version":[{"id":6577,"href":"https:\/\/agora.xtec.cat\/inslasinia\/wp-json\/wp\/v2\/pages\/6574\/revisions\/6577"}],"up":[{"embeddable":true,"href":"https:\/\/agora.xtec.cat\/inslasinia\/wp-json\/wp\/v2\/pages\/81"}],"wp:attachment":[{"href":"https:\/\/agora.xtec.cat\/inslasinia\/wp-json\/wp\/v2\/media?parent=6574"}],"curies":[{"name":"wp","href":"https:\/\/api.w.org\/{rel}","templated":true}]}}

Convalidació Hores curriculars

<h3><b>Convalidació d’hores curriculars perquè es cursa simultàniament música i/o dansa </b></h3>
<p><span style="font-weight: 400;">Les alumnes que estiguin cursant l&#8217;ESO o BTX i, simultàniament, cursin estudis de música o dansa en conservatoris, centres professionals o escoles autoritzades, poden sol·licitar la convalidació o el reconeixement de matèries. </span><b>Aquesta sol·licitud i la corresponent resolució, s’ha de renovar cada curs escolar. </b></p>
<p><span style="font-weight: 400;">Les alumnes que ho vulguin, poden sol·licitar la convalidació o el reconeixement d’un nombre d’hores, per això s’han de posar en contacte amb la Secretaria. </span></p>
<p>Trobareu tota la informació i els impresos per a fer la sol·licitud en el següent <a href="https://docs.google.com/document/d/1CilesaZL4_pRfk9fR2xyQBUk8E3_WfTWqGVm2j308FI/edit" target="_blank" rel="noopener">document</a>.</p>
<h3><b>Convalidació d’hores curriculars per una dedicació intensiva a l’esport.</b></h3>
<p><span style="font-weight: 400;">Les alumnes amb dedicació significativa a l&#8217;esport avalada pel Consell Català de l&#8217;Esport, poden sol·licitar al director o directora del centre educatiu que se&#8217;ls apliqui un pla individualitzat que inclogui el reconeixement de la matèria d&#8217;educació física. <b>Aquesta sol·licitud i la corresponent resolució, s’ha de renovar cada curs escolar. </b></span></p>
<p>Trobareu tota la informació i els impresos per a fer la sol·licitud en el següent <a href="https://docs.google.com/document/d/1fDJjYHTTmmxAp02fBN2NSWlz6VpGOcdco1KMRUUxnB8/edit" target="_blank" rel="noopener">document</a>.</p>

<p>Convalidació d’hores curriculars perquè es cursa simultàniament música i/o dansa <br />
Les alumnes que estiguin cursant l&#8217;ESO o BTX i, simultàniament, cursin estudis de música o dansa en conservatoris, centres professionals o escoles autoritzades, poden sol·licitar la convalidació o el reconeixement de matèries. Aquesta sol·licitud i la&hellip;  <a href="https://agora.xtec.cat/inslasinia/secretaria/convalidacio-hores-curriculars/" title="Read Convalidació Hores curriculars">Llegeix més»</a></p>
