{"id":43,"date":"2014-09-17T16:45:07","date_gmt":"2014-09-17T16:45:07","guid":{"rendered":"http:\/\/agora.xtec.cat\/inslasinia\/?page_id=43"},"modified":"2024-08-15T13:41:56","modified_gmt":"2024-08-15T11:41:56","slug":"consell-escolar","status":"publish","type":"page","link":"https:\/\/agora.xtec.cat\/inslasinia\/linstitut\/consell-escolar\/","title":{"rendered":"Consell escolar"},"content":{"rendered":"<p dir=\"ltr\">Aquest curs 2024\/2025 el Consell Escolar est\u00e0 format pels seg\u00fcents representants:<\/p>\n<ul>\n<li><strong>Sector Junta directiva<\/strong>: Remei L\u00f3pez Planas (director), Isabel Ventura Tanti\u00f1\u00e1 (secret\u00e0ria) \u00a0i Silvia Altafaja Mancho (cap d\u2019estudis)<\/li>\n<li><strong>Sector Alumnat<\/strong>: Claudia Mercado, Aran Rosell<\/li>\n<li><strong>Sector Fam\u00edlies<\/strong>: Joan Bartomeu, M\u00f2nica Morales<\/li>\n<li><strong>Representant AFA:<\/strong> Almudena Herrera<\/li>\n<li><strong>Sector Professorat<\/strong>: Bernat Maspons, N\u00faria Capel, Tania Pizarro,<\/li>\n<li><strong>Sector PAS<\/strong>: Montserrat Gri\u00f1\u00f3<\/li>\n<li><strong>Representant ajuntament<\/strong>: Lucio Gat Lavado<\/li>\n<\/ul>\n<p>El consell escolar del centre \u00e9s l&#8217;<strong>\u00f2rgan col\u00b7legiat de participaci\u00f3<\/strong>\u00a0de la comunitat escolar en el govern del centre. En el consell escolar hi ha representats tots els col\u00b7lectius que intervenen en la comunitat educativa: director, professorat, alumnat, personal d&#8217;administraci\u00f3 i serveis, etc.<\/p>\n<p>En els centres p\u00fablics, la funci\u00f3 principal del consell escolar \u00e9s participar en la presa de decisions en relaci\u00f3 amb aquells temes importants per al funcionament i l&#8217;organitzaci\u00f3 del centre: el projecte educatiu, la programaci\u00f3 general, la gesti\u00f3 econ\u00f2mica, etc. En el cas dels centres privats concertats, el consell escolar debat, avalua, analitza i pren decisions sobre els temes proposats pel titular del centre.<\/p>\n<p>Els membres del consell escolar s\u00f3n elegits per un per\u00edode de quatre anys i es renoven per meitats cada dos anys.<\/p>\n<h6>Acords presos pel Consell Escollar<\/h6>\n<p>25 d&#8217;octubre de 2023<\/p>\n","protected":false},"excerpt":{"rendered":"<p>Aquest curs 2024\/2025 el Consell Escolar est\u00e0 format pels seg\u00fcents representants:<\/p>\n<ul>\n<li>Sector Junta directiva: Remei L\u00f3pez Planas (director), Isabel Ventura Tanti\u00f1\u00e1 (secret\u00e0ria) \u00a0i Silvia Altafaja Mancho (cap d\u2019estudis)<\/li>\n<li>Sector Alumnat: Claudia Mercado, Aran Rosell<\/li>\n<li>Sector Fam\u00edlies: Joan Bartomeu, M\u00f2nica Morales<\/li>\n<li>Representant AFA: Almudena Herrera<\/li>\n<li>Sector Professorat: Bernat Maspons, N\u00faria Capel,&hellip;  <a href=\"https:\/\/agora.xtec.cat\/inslasinia\/linstitut\/consell-escolar\/\" title=\"Read Consell escolar\">Llegeix m\u00e9s\u00bb<\/a><br \/>\n","protected":false},"author":1,"featured_media":0,"parent":19,"menu_order":40,"comment_status":"closed","ping_status":"closed","template":"page-templates\/side-menu.php","meta":{"_bbp_topic_count":0,"_bbp_reply_count":0,"_bbp_total_topic_count":0,"_bbp_total_reply_count":0,"_bbp_voice_count":0,"_bbp_anonymous_reply_count":0,"_bbp_topic_count_hidden":0,"_bbp_reply_count_hidden":0,"_bbp_forum_subforum_count":0,"footnotes":""},"class_list":["post-43","page","type-page","status-publish","hentry"],"post_mailing_queue_ids":[],"_links":{"self":[{"href":"https:\/\/agora.xtec.cat\/inslasinia\/wp-json\/wp\/v2\/pages\/43","targetHints":{"allow":["GET"]}}],"collection":[{"href":"https:\/\/agora.xtec.cat\/inslasinia\/wp-json\/wp\/v2\/pages"}],"about":[{"href":"https:\/\/agora.xtec.cat\/inslasinia\/wp-json\/wp\/v2\/types\/page"}],"author":[{"embeddable":true,"href":"https:\/\/agora.xtec.cat\/inslasinia\/wp-json\/wp\/v2\/users\/1"}],"replies":[{"embeddable":true,"href":"https:\/\/agora.xtec.cat\/inslasinia\/wp-json\/wp\/v2\/comments?post=43"}],"version-history":[{"count":7,"href":"https:\/\/agora.xtec.cat\/inslasinia\/wp-json\/wp\/v2\/pages\/43\/revisions"}],"predecessor-version":[{"id":6630,"href":"https:\/\/agora.xtec.cat\/inslasinia\/wp-json\/wp\/v2\/pages\/43\/revisions\/6630"}],"up":[{"embeddable":true,"href":"https:\/\/agora.xtec.cat\/inslasinia\/wp-json\/wp\/v2\/pages\/19"}],"wp:attachment":[{"href":"https:\/\/agora.xtec.cat\/inslasinia\/wp-json\/wp\/v2\/media?parent=43"}],"curies":[{"name":"wp","href":"https:\/\/api.w.org\/{rel}","templated":true}]}}

<p dir="ltr">Aquest curs 2024/2025 el Consell Escolar està format pels següents representants:</p>
<ul>
<li><strong>Sector Junta directiva</strong>: Remei López Planas (director), Isabel Ventura Tantiñá (secretària)  i Silvia Altafaja Mancho (cap d’estudis)</li>
<li><strong>Sector Alumnat</strong>: Claudia Mercado, Aran Rosell</li>
<li><strong>Sector Famílies</strong>: Joan Bartomeu, Mònica Morales</li>
<li><strong>Representant AFA:</strong> Almudena Herrera</li>
<li><strong>Sector Professorat</strong>: Bernat Maspons, Núria Capel, Tania Pizarro,</li>
<li><strong>Sector PAS</strong>: Montserrat Griñó</li>
<li><strong>Representant ajuntament</strong>: Lucio Gat Lavado</li>
</ul>
<p>El consell escolar del centre és l&#8217;<strong>òrgan col·legiat de participació</strong> de la comunitat escolar en el govern del centre. En el consell escolar hi ha representats tots els col·lectius que intervenen en la comunitat educativa: director, professorat, alumnat, personal d&#8217;administració i serveis, etc.</p>
<p>En els centres públics, la funció principal del consell escolar és participar en la presa de decisions en relació amb aquells temes importants per al funcionament i l&#8217;organització del centre: el projecte educatiu, la programació general, la gestió econòmica, etc. En el cas dels centres privats concertats, el consell escolar debat, avalua, analitza i pren decisions sobre els temes proposats pel titular del centre.</p>
<p>Els membres del consell escolar són elegits per un període de quatre anys i es renoven per meitats cada dos anys.</p>
<h6>Acords presos pel Consell Escollar</h6>
<p>25 d&#8217;octubre de 2023</p>

<p>Aquest curs 2024/2025 el Consell Escolar està format pels següents representants:</p>
<ul>
<li>Sector Junta directiva: Remei López Planas (director), Isabel Ventura Tantiñá (secretària)  i Silvia Altafaja Mancho (cap d’estudis)</li>
<li>Sector Alumnat: Claudia Mercado, Aran Rosell</li>
<li>Sector Famílies: Joan Bartomeu, Mònica Morales</li>
<li>Representant AFA: Almudena Herrera</li>
<li>Sector Professorat: Bernat Maspons, Núria Capel,&hellip;  <a href="https://agora.xtec.cat/inslasinia/linstitut/consell-escolar/" title="Read Consell escolar">Llegeix més»</a><br />
