{"id":2978,"date":"2020-01-17T13:33:29","date_gmt":"2020-01-17T12:33:29","guid":{"rendered":"http:\/\/agora.xtec.cat\/inslasinia\/?page_id=2978"},"modified":"2021-03-05T09:56:55","modified_gmt":"2021-03-05T08:56:55","slug":"formacions-a-altres-centres","status":"publish","type":"page","link":"https:\/\/agora.xtec.cat\/inslasinia\/pla-de-formacio-de-zona\/formacions-a-altres-centres\/","title":{"rendered":"Formacions a altres centres"},"content":{"rendered":"<p>Amb el prop\u00f2sit de fer con\u00e8ixer diferents maneres de treballar el curr\u00edculum, els Serveis Educatius del Vall\u00e8s Oriental II compten amb l&#8217;equip del nostre centre per formar altres centres. L&#8217;objectiu \u00e9s donar a con\u00e8ixer l&#8217;estructura organitzativa, les eines i els recursos amb qu\u00e8 treballem per tal que altres centres puguin animar-se a implementar-ho. D&#8217;aquesta manera es pret\u00e9n dotar dels centres d\u2019una nova organitzaci\u00f3 dels continguts de manera globalitzada mostrant les eines did\u00e0ctiques pr\u00f2pies, al servei dels processos d\u2019ensenyament i aprenentatge, oferir experi\u00e8ncies i eines personals per a la pr\u00e0ctica docent, afavorir actituds i capacitats en els docents que els situ\u00efn en la tasca d\u2019observaci\u00f3, acompanyament i orientaci\u00f3 de l\u2019alumnat i la creaci\u00f3 de xarxes de treball col\u00b7laboratives dins i fora del centre.<\/p>\n<ul>\n<li><strong>Formaci\u00f3 i visites d&#8217;altres centres.<\/strong><\/li>\n<\/ul>\n<p><a href=\"https:\/\/agora.xtec.cat\/inslasinia\/wp-content\/uploads\/usu512\/2020\/01\/IMG_9437.jpeg\"><img loading=\"lazy\" decoding=\"async\" class=\"wp-image-2959 alignleft\" src=\"https:\/\/agora.xtec.cat\/inslasinia\/wp-content\/uploads\/usu512\/2020\/01\/IMG_9437-1024x768.jpeg\" alt=\"\" width=\"449\" height=\"337\" srcset=\"https:\/\/agora.xtec.cat\/inslasinia\/wp-content\/uploads\/usu512\/2020\/01\/IMG_9437-1024x768.jpeg 1024w, https:\/\/agora.xtec.cat\/inslasinia\/wp-content\/uploads\/usu512\/2020\/01\/IMG_9437-300x225.jpeg 300w, https:\/\/agora.xtec.cat\/inslasinia\/wp-content\/uploads\/usu512\/2020\/01\/IMG_9437-768x576.jpeg 768w, https:\/\/agora.xtec.cat\/inslasinia\/wp-content\/uploads\/usu512\/2020\/01\/IMG_9437-200x150.jpeg 200w, https:\/\/agora.xtec.cat\/inslasinia\/wp-content\/uploads\/usu512\/2020\/01\/IMG_9437.jpeg 2048w\" sizes=\"auto, (max-width: 449px) 100vw, 449px\" \/><\/a>Aquest curs per mesures COVID no s&#8217;ha ofertat la formaci\u00f3 per evitar presencialitat externa.<\/p>\n<p>El curs 2019-2020 tres centres de la zona (Sant Gervasi de Mollet, Institut Aiguaviva de Mollet i Institut Montserrat Mir\u00f3 de Montcada) varen participar en aquesta formaci\u00f3 en qu\u00e8 se&#8217;ls va oferir visitar les aules en horari lectiu per tal de con\u00e8ixer les metodologies de treball i els diferents projectes tant ling\u00fc\u00edstics com STEAM que fan els nostres nois i noies. Posteriorment a la visita a les aules, se&#8217;ls oferia un espai per al debat i la reflexi\u00f3 sobre l&#8217;Aprenentatge basat en Projectes, un escenari \u00f2ptim per l\u2019aprenentatge competencial en contextos.<\/p>\n<p>Es va atendre, tamb\u00e9, durant el mes gener a l&#8217;institut d&#8217;una altra zona comarcal, Institut Talaia de Segur de Calafell, que pret\u00e9n tamb\u00e9 con\u00e8ixer l&#8217;estructura organitzativa, les eines i els recursos amb qu\u00e8 treballem per tal que els seus docents puguin animar-se a implementar-ho.<\/p>\n<ul>\n<li><strong>Formaci\u00f3 a Equips directius.<\/strong><\/li>\n<\/ul>\n<p>En la formaci\u00f3 de zona d&#8217;equips directius de secund\u00e0ria el curs passat es van establir unes sessions de formaci\u00f3 dedicades a Smart Classroom, Treball per Projectes i Emocions a l&#8217;aula.<\/p>\n<p>El nostre coordinador pedag\u00f2gic, David Donat, va poder presentar davant els equips directius de la zona l&#8217;<strong>Aprenentatge Basat en Projectes<\/strong> tal i com l&#8217;entenem i intentem treballar a La S\u00ednia, en una jornada on tamb\u00e9 han presentat el seu projecte educatiu l\u2019Institut Baix Montseny de Sant Celoni i l\u2019Institut Marta Estrada de Granollers.<\/p>\n<ul>\n<li><strong>Formaci\u00f3 en altres centres.<\/strong><\/li>\n<\/ul>\n<p>Aquest curs 2020-2021, el nostre coordinador pedag\u00f2gic, David Donat, imparteix un curs de formaci\u00f3 online per a escoles i instituts sobre Activitats Competencials.<\/p>\n<p>En cursos anteriors, ell mateix i la secret\u00e0ria, varen impartir una formaci\u00f3 a professorat de l&#8217;Institut Estela Ib\u00e8rica de Santa Perp\u00e8tua de Mogoda sobre l&#8217;<strong>Avaluaci\u00f3 per compet\u00e8ncies: Autoavaluaci\u00f3<\/strong>.<\/p>\n<p>Altres formacions que hem impartit, havien estat orientades al Treball per projectes i l\u2019havien rebut els instituts Montserrat Mir\u00f3 de Montcada i l\u2019Estonnac de Mollet.<\/p>\n","protected":false},"excerpt":{"rendered":"<p>Amb el prop\u00f2sit de fer con\u00e8ixer diferents maneres de treballar el curr\u00edculum, els Serveis Educatius del Vall\u00e8s Oriental II compten amb l&#8217;equip del nostre centre per formar altres centres. L&#8217;objectiu \u00e9s donar a con\u00e8ixer l&#8217;estructura organitzativa, les eines i els recursos amb qu\u00e8 treballem per&hellip;  <a href=\"https:\/\/agora.xtec.cat\/inslasinia\/pla-de-formacio-de-zona\/formacions-a-altres-centres\/\" title=\"Read Formacions a altres centres\">Llegeix m\u00e9s\u00bb<\/a><\/p>\n","protected":false},"author":10,"featured_media":0,"parent":2965,"menu_order":0,"comment_status":"closed","ping_status":"closed","template":"","meta":{"_bbp_topic_count":0,"_bbp_reply_count":0,"_bbp_total_topic_count":0,"_bbp_total_reply_count":0,"_bbp_voice_count":0,"_bbp_anonymous_reply_count":0,"_bbp_topic_count_hidden":0,"_bbp_reply_count_hidden":0,"_bbp_forum_subforum_count":0,"footnotes":""},"class_list":["post-2978","page","type-page","status-publish","hentry"],"post_mailing_queue_ids":[],"_links":{"self":[{"href":"https:\/\/agora.xtec.cat\/inslasinia\/wp-json\/wp\/v2\/pages\/2978","targetHints":{"allow":["GET"]}}],"collection":[{"href":"https:\/\/agora.xtec.cat\/inslasinia\/wp-json\/wp\/v2\/pages"}],"about":[{"href":"https:\/\/agora.xtec.cat\/inslasinia\/wp-json\/wp\/v2\/types\/page"}],"author":[{"embeddable":true,"href":"https:\/\/agora.xtec.cat\/inslasinia\/wp-json\/wp\/v2\/users\/10"}],"replies":[{"embeddable":true,"href":"https:\/\/agora.xtec.cat\/inslasinia\/wp-json\/wp\/v2\/comments?post=2978"}],"version-history":[{"count":3,"href":"https:\/\/agora.xtec.cat\/inslasinia\/wp-json\/wp\/v2\/pages\/2978\/revisions"}],"predecessor-version":[{"id":3652,"href":"https:\/\/agora.xtec.cat\/inslasinia\/wp-json\/wp\/v2\/pages\/2978\/revisions\/3652"}],"up":[{"embeddable":true,"href":"https:\/\/agora.xtec.cat\/inslasinia\/wp-json\/wp\/v2\/pages\/2965"}],"wp:attachment":[{"href":"https:\/\/agora.xtec.cat\/inslasinia\/wp-json\/wp\/v2\/media?parent=2978"}],"curies":[{"name":"wp","href":"https:\/\/api.w.org\/{rel}","templated":true}]}}

<p>Amb el propòsit de fer conèixer diferents maneres de treballar el currículum, els Serveis Educatius del Vallès Oriental II compten amb l&#8217;equip del nostre centre per formar altres centres. L&#8217;objectiu és donar a conèixer l&#8217;estructura organitzativa, les eines i els recursos amb què treballem per tal que altres centres puguin animar-se a implementar-ho. D&#8217;aquesta manera es pretén dotar dels centres d’una nova organització dels continguts de manera globalitzada mostrant les eines didàctiques pròpies, al servei dels processos d’ensenyament i aprenentatge, oferir experiències i eines personals per a la pràctica docent, afavorir actituds i capacitats en els docents que els situïn en la tasca d’observació, acompanyament i orientació de l’alumnat i la creació de xarxes de treball col·laboratives dins i fora del centre.</p>
<ul>
<li><strong>Formació i visites d&#8217;altres centres.</strong></li>
</ul>
<p><a href="https://agora.xtec.cat/inslasinia/wp-content/uploads/usu512/2020/01/IMG_9437.jpeg"><img loading="lazy" decoding="async" class="wp-image-2959 alignleft" src="https://agora.xtec.cat/inslasinia/wp-content/uploads/usu512/2020/01/IMG_9437-1024x768.jpeg" alt="" width="449" height="337" srcset="https://agora.xtec.cat/inslasinia/wp-content/uploads/usu512/2020/01/IMG_9437-1024x768.jpeg 1024w, https://agora.xtec.cat/inslasinia/wp-content/uploads/usu512/2020/01/IMG_9437-300x225.jpeg 300w, https://agora.xtec.cat/inslasinia/wp-content/uploads/usu512/2020/01/IMG_9437-768x576.jpeg 768w, https://agora.xtec.cat/inslasinia/wp-content/uploads/usu512/2020/01/IMG_9437-200x150.jpeg 200w, https://agora.xtec.cat/inslasinia/wp-content/uploads/usu512/2020/01/IMG_9437.jpeg 2048w" sizes="auto, (max-width: 449px) 100vw, 449px" /></a>Aquest curs per mesures COVID no s&#8217;ha ofertat la formació per evitar presencialitat externa.</p>
<p>El curs 2019-2020 tres centres de la zona (Sant Gervasi de Mollet, Institut Aiguaviva de Mollet i Institut Montserrat Miró de Montcada) varen participar en aquesta formació en què se&#8217;ls va oferir visitar les aules en horari lectiu per tal de conèixer les metodologies de treball i els diferents projectes tant lingüístics com STEAM que fan els nostres nois i noies. Posteriorment a la visita a les aules, se&#8217;ls oferia un espai per al debat i la reflexió sobre l&#8217;Aprenentatge basat en Projectes, un escenari òptim per l’aprenentatge competencial en contextos.</p>
<p>Es va atendre, també, durant el mes gener a l&#8217;institut d&#8217;una altra zona comarcal, Institut Talaia de Segur de Calafell, que pretén també conèixer l&#8217;estructura organitzativa, les eines i els recursos amb què treballem per tal que els seus docents puguin animar-se a implementar-ho.</p>
<ul>
<li><strong>Formació a Equips directius.</strong></li>
</ul>
<p>En la formació de zona d&#8217;equips directius de secundària el curs passat es van establir unes sessions de formació dedicades a Smart Classroom, Treball per Projectes i Emocions a l&#8217;aula.</p>
<p>El nostre coordinador pedagògic, David Donat, va poder presentar davant els equips directius de la zona l&#8217;<strong>Aprenentatge Basat en Projectes</strong> tal i com l&#8217;entenem i intentem treballar a La Sínia, en una jornada on també han presentat el seu projecte educatiu l’Institut Baix Montseny de Sant Celoni i l’Institut Marta Estrada de Granollers.</p>
<ul>
<li><strong>Formació en altres centres.</strong></li>
</ul>
<p>Aquest curs 2020-2021, el nostre coordinador pedagògic, David Donat, imparteix un curs de formació online per a escoles i instituts sobre Activitats Competencials.</p>
<p>En cursos anteriors, ell mateix i la secretària, varen impartir una formació a professorat de l&#8217;Institut Estela Ibèrica de Santa Perpètua de Mogoda sobre l&#8217;<strong>Avaluació per competències: Autoavaluació</strong>.</p>
<p>Altres formacions que hem impartit, havien estat orientades al Treball per projectes i l’havien rebut els instituts Montserrat Miró de Montcada i l’Estonnac de Mollet.</p>

<p>Amb el propòsit de fer conèixer diferents maneres de treballar el currículum, els Serveis Educatius del Vallès Oriental II compten amb l&#8217;equip del nostre centre per formar altres centres. L&#8217;objectiu és donar a conèixer l&#8217;estructura organitzativa, les eines i els recursos amb què treballem per&hellip;  <a href="https://agora.xtec.cat/inslasinia/pla-de-formacio-de-zona/formacions-a-altres-centres/" title="Read Formacions a altres centres">Llegeix més»</a></p>
