{"id":2969,"date":"2020-01-17T13:06:23","date_gmt":"2020-01-17T12:06:23","guid":{"rendered":"http:\/\/agora.xtec.cat\/inslasinia\/?page_id=2969"},"modified":"2023-10-29T18:53:07","modified_gmt":"2023-10-29T17:53:07","slug":"formacio-dels-professionals-del-centre","status":"publish","type":"page","link":"https:\/\/agora.xtec.cat\/inslasinia\/pla-de-formacio-de-zona\/formacio-dels-professionals-del-centre\/","title":{"rendered":"Formaci\u00f3 dels professionals del centre"},"content":{"rendered":"<p>Per a continuar avan\u00e7ant en la millora metodol\u00f2gica i afrontar els reptes educatius del s XXI, el nostre centre participa en activitats de millora professional i\u00a0 xarxes d\u2019intercanvi d\u2019experi\u00e8ncies amb instituts innovadors i compromesos amb el canvi educatiu.<\/p>\n<ul>\n<li><strong>Formaci\u00f3 en centre<\/strong><\/li>\n<\/ul>\n<p><a href=\"https:\/\/agora.xtec.cat\/inslasinia\/wp-content\/uploads\/usu512\/2020\/01\/Formaci\u00f3-13.jpg\"><img loading=\"lazy\" decoding=\"async\" class=\"wp-image-2973 alignright\" src=\"https:\/\/agora.xtec.cat\/inslasinia\/wp-content\/uploads\/usu512\/2020\/01\/Formaci\u00f3-13-1024x768.jpg\" alt=\"\" width=\"235\" height=\"176\" srcset=\"https:\/\/agora.xtec.cat\/inslasinia\/wp-content\/uploads\/usu512\/2020\/01\/Formaci\u00f3-13-1024x768.jpg 1024w, https:\/\/agora.xtec.cat\/inslasinia\/wp-content\/uploads\/usu512\/2020\/01\/Formaci\u00f3-13-300x225.jpg 300w, https:\/\/agora.xtec.cat\/inslasinia\/wp-content\/uploads\/usu512\/2020\/01\/Formaci\u00f3-13-768x576.jpg 768w, https:\/\/agora.xtec.cat\/inslasinia\/wp-content\/uploads\/usu512\/2020\/01\/Formaci\u00f3-13-200x150.jpg 200w\" sizes=\"auto, (max-width: 235px) 100vw, 235px\" \/><\/a>Aquest curs 2019-2020 els professors del centre s&#8217;han format en metodologies STEM sobretot enfocades a la branca de la rob\u00f2tica i la programaci\u00f3. La formaci\u00f3 ha estat impartida per <a href=\"https:\/\/makeandlearn.cat\/#home\">Make and Learn<\/a> qui tamb\u00e9 proporciona recursos, materials i suport als docents per implementar els projectes que es duran a terme en aquesta l\u00ednea.<\/p>\n<p>&nbsp;<\/p>\n<p><a href=\"https:\/\/agora.xtec.cat\/inslasinia\/wp-content\/uploads\/usu512\/2020\/01\/Image-1.jpg\"><img loading=\"lazy\" decoding=\"async\" class=\"wp-image-2974 alignleft\" src=\"https:\/\/agora.xtec.cat\/inslasinia\/wp-content\/uploads\/usu512\/2020\/01\/Image-1-1024x768.jpg\" alt=\"\" width=\"214\" height=\"161\" srcset=\"https:\/\/agora.xtec.cat\/inslasinia\/wp-content\/uploads\/usu512\/2020\/01\/Image-1-1024x768.jpg 1024w, https:\/\/agora.xtec.cat\/inslasinia\/wp-content\/uploads\/usu512\/2020\/01\/Image-1-300x225.jpg 300w, https:\/\/agora.xtec.cat\/inslasinia\/wp-content\/uploads\/usu512\/2020\/01\/Image-1-768x576.jpg 768w, https:\/\/agora.xtec.cat\/inslasinia\/wp-content\/uploads\/usu512\/2020\/01\/Image-1-200x150.jpg 200w, https:\/\/agora.xtec.cat\/inslasinia\/wp-content\/uploads\/usu512\/2020\/01\/Image-1.jpg 2048w\" sizes=\"auto, (max-width: 214px) 100vw, 214px\" \/><\/a><\/p>\n<p>&nbsp;<\/p>\n<p>Tamb\u00e9 s&#8217;ha ofert als docents un assessorament a trav\u00e9s d&#8217;un professional de l&#8217;<a href=\"https:\/\/escac.com\/\">ESCAC<\/a> amb l\u2019objectiu d\u2019acompanyar millor al nostre alumnat a aconseguir la realitzaci\u00f3 de v\u00eddeos de qualitat. En aquest assessorament s&#8217;hi treballa la llum de les imatges, del so, la posada en escena,\u2026 per tal d\u2019aconseguir traslladar a l\u2019espectador emocions a trav\u00e9s de la c\u00e0mera.<\/p>\n<p>&nbsp;<\/p>\n<p><a style=\"color: #2795b6;\" href=\"https:\/\/agora.xtec.cat\/inslasinia\/wp-content\/uploads\/usu512\/2023\/10\/WhatsApp-Image-2023-10-26-at-09.41.54.jpeg\"><img loading=\"lazy\" decoding=\"async\" class=\"wp-image-6318 size-thumbnail alignright\" src=\"https:\/\/agora.xtec.cat\/inslasinia\/wp-content\/uploads\/usu512\/2023\/10\/WhatsApp-Image-2023-10-26-at-09.41.54-150x150.jpeg\" alt=\"\" width=\"150\" height=\"150\" \/><\/a><\/p>\n<ul>\n<li><strong>Programa FAIG<\/strong><\/li>\n<\/ul>\n<p>El curs 2022-2023 hem format part de la xarxa creada com a centre pilot del programa d&#8217;innovaci\u00f3 FAIG i aquest curs hem estat seleccionats com a centre de la xarxa 1. El Programa FAIG \u00e9s una oportunitat per crear entorns d\u2019aprenentatge amb sentit, on posar l\u2019alumnat al centre, sentint la seva veu per a crear un m\u00f3n millor on viure i conviure.<\/p>\n<ul>\n<li><strong>Escola Nova 21<\/strong><\/li>\n<\/ul>\n<p><a href=\"https:\/\/agora.xtec.cat\/inslasinia\/wp-content\/uploads\/usu512\/2020\/01\/en.png\"><img loading=\"lazy\" decoding=\"async\" class=\" wp-image-2971 alignleft\" src=\"https:\/\/agora.xtec.cat\/inslasinia\/wp-content\/uploads\/usu512\/2020\/01\/en.png\" alt=\"\" width=\"123\" height=\"78\" \/><\/a><\/p>\n<p>El nostre centre forma part del programa EscolaNova21, impulsat entre d\u2019altres per el Centre UNESCO de Catalunya i la Universitat Oberta de Catalunya, amb el suport del Departament d\u2019Ensenyament, que t\u00e9 per objectiu acompanyar el canvi educatiu cap a una escola avan\u00e7ada mitjan\u00e7ant la formaci\u00f3 d\u2019una xarxa de m\u00e9s de 300 centres educatius d\u2019arreu de Catalunya.<\/p>\n<p>&nbsp;<\/p>\n<ul>\n<li><strong>Xarxa d&#8217;Instituts Innovadors<\/strong><\/li>\n<\/ul>\n<p><a href=\"https:\/\/agora.xtec.cat\/inslasinia\/wp-content\/uploads\/usu512\/2020\/01\/ice.png\"><img loading=\"lazy\" decoding=\"async\" class=\" wp-image-2972 alignleft\" src=\"https:\/\/agora.xtec.cat\/inslasinia\/wp-content\/uploads\/usu512\/2020\/01\/ice.png\" alt=\"\" width=\"95\" height=\"94\" \/><\/a>El nostre centre forma part de\u00a0la <a href=\"https:\/\/www.uab.cat\/web\/innovacio\/equips-ice-d-innovacio-docent\/xarxes-de-formadors-1345749341785.html\">xarxa 2 de centres innovadors<\/a>\u00a0de l\u2019Institut de Ci\u00e8ncies de l\u2019Educaci\u00f3 de la\u00a0<a href=\"http:\/\/www.uab.es\/ice\/\" target=\"_blank\" rel=\"noopener noreferrer\">Universitat Aut\u00f2noma de Barcelona<\/a>. Aquests centres ens trobem peri\u00f2dicament per a compartir experi\u00e8ncies, reflexions i projectes a l\u2019entorn de la innovaci\u00f3 educativa que portem a terme en els nostres instituts.<\/p>\n","protected":false},"excerpt":{"rendered":"<p>Per a continuar avan\u00e7ant en la millora metodol\u00f2gica i afrontar els reptes educatius del s XXI, el nostre centre participa en activitats de millora professional i\u00a0 xarxes d\u2019intercanvi d\u2019experi\u00e8ncies amb instituts innovadors i compromesos amb el canvi educatiu.<\/p>\n<ul>\n<li>Formaci\u00f3 en centre<\/li>\n<\/ul>\n<p><a href=\"https:\/\/agora.xtec.cat\/inslasinia\/wp-content\/uploads\/usu512\/2020\/01\/Formaci\u00f3-13.jpg\"><\/a>Aquest curs 2019-2020 els professors&hellip;  <a href=\"https:\/\/agora.xtec.cat\/inslasinia\/pla-de-formacio-de-zona\/formacio-dels-professionals-del-centre\/\" title=\"Read Formaci\u00f3 dels professionals del centre\">Llegeix m\u00e9s\u00bb<\/a><\/p>\n","protected":false},"author":10,"featured_media":0,"parent":2965,"menu_order":0,"comment_status":"closed","ping_status":"closed","template":"","meta":{"_bbp_topic_count":0,"_bbp_reply_count":0,"_bbp_total_topic_count":0,"_bbp_total_reply_count":0,"_bbp_voice_count":0,"_bbp_anonymous_reply_count":0,"_bbp_topic_count_hidden":0,"_bbp_reply_count_hidden":0,"_bbp_forum_subforum_count":0,"footnotes":""},"class_list":["post-2969","page","type-page","status-publish","hentry"],"post_mailing_queue_ids":[],"_links":{"self":[{"href":"https:\/\/agora.xtec.cat\/inslasinia\/wp-json\/wp\/v2\/pages\/2969","targetHints":{"allow":["GET"]}}],"collection":[{"href":"https:\/\/agora.xtec.cat\/inslasinia\/wp-json\/wp\/v2\/pages"}],"about":[{"href":"https:\/\/agora.xtec.cat\/inslasinia\/wp-json\/wp\/v2\/types\/page"}],"author":[{"embeddable":true,"href":"https:\/\/agora.xtec.cat\/inslasinia\/wp-json\/wp\/v2\/users\/10"}],"replies":[{"embeddable":true,"href":"https:\/\/agora.xtec.cat\/inslasinia\/wp-json\/wp\/v2\/comments?post=2969"}],"version-history":[{"count":3,"href":"https:\/\/agora.xtec.cat\/inslasinia\/wp-json\/wp\/v2\/pages\/2969\/revisions"}],"predecessor-version":[{"id":6319,"href":"https:\/\/agora.xtec.cat\/inslasinia\/wp-json\/wp\/v2\/pages\/2969\/revisions\/6319"}],"up":[{"embeddable":true,"href":"https:\/\/agora.xtec.cat\/inslasinia\/wp-json\/wp\/v2\/pages\/2965"}],"wp:attachment":[{"href":"https:\/\/agora.xtec.cat\/inslasinia\/wp-json\/wp\/v2\/media?parent=2969"}],"curies":[{"name":"wp","href":"https:\/\/api.w.org\/{rel}","templated":true}]}}

Formació dels professionals del centre

<p>Per a continuar avançant en la millora metodològica i afrontar els reptes educatius del s XXI, el nostre centre participa en activitats de millora professional i  xarxes d’intercanvi d’experiències amb instituts innovadors i compromesos amb el canvi educatiu.</p>
<ul>
<li><strong>Formació en centre</strong></li>
</ul>
<p><a href="https://agora.xtec.cat/inslasinia/wp-content/uploads/usu512/2020/01/Formació-13.jpg"><img loading="lazy" decoding="async" class="wp-image-2973 alignright" src="https://agora.xtec.cat/inslasinia/wp-content/uploads/usu512/2020/01/Formació-13-1024x768.jpg" alt="" width="235" height="176" srcset="https://agora.xtec.cat/inslasinia/wp-content/uploads/usu512/2020/01/Formació-13-1024x768.jpg 1024w, https://agora.xtec.cat/inslasinia/wp-content/uploads/usu512/2020/01/Formació-13-300x225.jpg 300w, https://agora.xtec.cat/inslasinia/wp-content/uploads/usu512/2020/01/Formació-13-768x576.jpg 768w, https://agora.xtec.cat/inslasinia/wp-content/uploads/usu512/2020/01/Formació-13-200x150.jpg 200w" sizes="auto, (max-width: 235px) 100vw, 235px" /></a>Aquest curs 2019-2020 els professors del centre s&#8217;han format en metodologies STEM sobretot enfocades a la branca de la robòtica i la programació. La formació ha estat impartida per <a href="https://makeandlearn.cat/#home">Make and Learn</a> qui també proporciona recursos, materials i suport als docents per implementar els projectes que es duran a terme en aquesta línea.</p>
<p>&nbsp;</p>
<p><a href="https://agora.xtec.cat/inslasinia/wp-content/uploads/usu512/2020/01/Image-1.jpg"><img loading="lazy" decoding="async" class="wp-image-2974 alignleft" src="https://agora.xtec.cat/inslasinia/wp-content/uploads/usu512/2020/01/Image-1-1024x768.jpg" alt="" width="214" height="161" srcset="https://agora.xtec.cat/inslasinia/wp-content/uploads/usu512/2020/01/Image-1-1024x768.jpg 1024w, https://agora.xtec.cat/inslasinia/wp-content/uploads/usu512/2020/01/Image-1-300x225.jpg 300w, https://agora.xtec.cat/inslasinia/wp-content/uploads/usu512/2020/01/Image-1-768x576.jpg 768w, https://agora.xtec.cat/inslasinia/wp-content/uploads/usu512/2020/01/Image-1-200x150.jpg 200w, https://agora.xtec.cat/inslasinia/wp-content/uploads/usu512/2020/01/Image-1.jpg 2048w" sizes="auto, (max-width: 214px) 100vw, 214px" /></a></p>
<p>&nbsp;</p>
<p>També s&#8217;ha ofert als docents un assessorament a través d&#8217;un professional de l&#8217;<a href="https://escac.com/">ESCAC</a> amb l’objectiu d’acompanyar millor al nostre alumnat a aconseguir la realització de vídeos de qualitat. En aquest assessorament s&#8217;hi treballa la llum de les imatges, del so, la posada en escena,… per tal d’aconseguir traslladar a l’espectador emocions a través de la càmera.</p>
<p>&nbsp;</p>
<p><a style="color: #2795b6;" href="https://agora.xtec.cat/inslasinia/wp-content/uploads/usu512/2023/10/WhatsApp-Image-2023-10-26-at-09.41.54.jpeg"><img loading="lazy" decoding="async" class="wp-image-6318 size-thumbnail alignright" src="https://agora.xtec.cat/inslasinia/wp-content/uploads/usu512/2023/10/WhatsApp-Image-2023-10-26-at-09.41.54-150x150.jpeg" alt="" width="150" height="150" /></a></p>
<ul>
<li><strong>Programa FAIG</strong></li>
</ul>
<p>El curs 2022-2023 hem format part de la xarxa creada com a centre pilot del programa d&#8217;innovació FAIG i aquest curs hem estat seleccionats com a centre de la xarxa 1. El Programa FAIG és una oportunitat per crear entorns d’aprenentatge amb sentit, on posar l’alumnat al centre, sentint la seva veu per a crear un món millor on viure i conviure.</p>
<ul>
<li><strong>Escola Nova 21</strong></li>
</ul>
<p><a href="https://agora.xtec.cat/inslasinia/wp-content/uploads/usu512/2020/01/en.png"><img loading="lazy" decoding="async" class=" wp-image-2971 alignleft" src="https://agora.xtec.cat/inslasinia/wp-content/uploads/usu512/2020/01/en.png" alt="" width="123" height="78" /></a></p>
<p>El nostre centre forma part del programa EscolaNova21, impulsat entre d’altres per el Centre UNESCO de Catalunya i la Universitat Oberta de Catalunya, amb el suport del Departament d’Ensenyament, que té per objectiu acompanyar el canvi educatiu cap a una escola avançada mitjançant la formació d’una xarxa de més de 300 centres educatius d’arreu de Catalunya.</p>
<p>&nbsp;</p>
<ul>
<li><strong>Xarxa d&#8217;Instituts Innovadors</strong></li>
</ul>
<p><a href="https://agora.xtec.cat/inslasinia/wp-content/uploads/usu512/2020/01/ice.png"><img loading="lazy" decoding="async" class=" wp-image-2972 alignleft" src="https://agora.xtec.cat/inslasinia/wp-content/uploads/usu512/2020/01/ice.png" alt="" width="95" height="94" /></a>El nostre centre forma part de la <a href="https://www.uab.cat/web/innovacio/equips-ice-d-innovacio-docent/xarxes-de-formadors-1345749341785.html">xarxa 2 de centres innovadors</a> de l’Institut de Ciències de l’Educació de la <a href="http://www.uab.es/ice/" target="_blank" rel="noopener noreferrer">Universitat Autònoma de Barcelona</a>. Aquests centres ens trobem periòdicament per a compartir experiències, reflexions i projectes a l’entorn de la innovació educativa que portem a terme en els nostres instituts.</p>

<p>Per a continuar avançant en la millora metodològica i afrontar els reptes educatius del s XXI, el nostre centre participa en activitats de millora professional i  xarxes d’intercanvi d’experiències amb instituts innovadors i compromesos amb el canvi educatiu.</p>
<ul>
<li>Formació en centre</li>
</ul>
<p><a href="https://agora.xtec.cat/inslasinia/wp-content/uploads/usu512/2020/01/Formació-13.jpg"></a>Aquest curs 2019-2020 els professors&hellip;  <a href="https://agora.xtec.cat/inslasinia/pla-de-formacio-de-zona/formacio-dels-professionals-del-centre/" title="Read Formació dels professionals del centre">Llegeix més»</a></p>
