{"id":27,"date":"2014-09-17T16:24:03","date_gmt":"2014-09-17T16:24:03","guid":{"rendered":"http:\/\/agora.xtec.cat\/inslasinia\/?page_id=27"},"modified":"2017-02-01T18:35:21","modified_gmt":"2017-02-01T17:35:21","slug":"historia","status":"publish","type":"page","link":"https:\/\/agora.xtec.cat\/inslasinia\/linstitut\/historia\/","title":{"rendered":"Hist\u00f2ria"},"content":{"rendered":"<p><span style=\"font-weight: 400;\">La Secci\u00f3 d\u2019Institut <\/span><b>La S\u00ednia<\/b><span style=\"font-weight: 400;\"> \u00e9s un centre p\u00fablic, amb un projecte educatiu propi i innovador. Es va crear el curs 2012\/2013, amb el nom provisional de Secci\u00f3 d\u2019Institut Parets del Vall\u00e8s II, per descongestionar l\u2019Institut Torre de Malla i per reequilibrar territorialment l\u2019oferta educativa al municipi de Parets del Vall\u00e8s. Aquest Institut est\u00e0 destinat a acollir alumnes d\u2019ESO, amb dues l\u00ednies oficials, i no es contempla, per ara, la possibilitat de fer-hi ensenyaments postobligatoris. <\/span><\/p>\n<p><span style=\"font-weight: 400;\">L\u2019edifici provisional, constru\u00eft amb m\u00f2duls prefabricats met\u00e0l\u00b7lics, est\u00e0 situat al barri de Can Fradera, prop del nucli antic del poble, en una zona d\u2019equipaments municipals, en un sector recentment urbanitzat i al costat del riu Tenes. El camp de futbol municipal, el pavell\u00f3 d\u2019esports i altres equipaments culturals municipals s\u00f3n utilitzats amb regularitat per fer activitats acad\u00e8miques (Educaci\u00f3 f\u00edsica) i complement\u00e0ries (esbarjo i Tallers), gr\u00e0cies a la col\u00b7laboraci\u00f3 de l\u2019Ajuntament, at\u00e8s que la dotaci\u00f3 d\u2019espais en centres d\u2019aquesta tipologia \u00e9s clarament insuficient. Malgrat aix\u00f2, els m\u00f2duls prefabricats de qu\u00e8 disposa s\u00f3n d\u2019una qualitat notable i no suposen cap gran problema per desenvolupar la tasca educativa.<\/span><\/p>\n<p><span style=\"font-weight: 400;\">Malgrat les dificultats inicials, s\u2019ha aconseguit anar dotant el centre amb els elements b\u00e0sics per facilitar l\u2019exercici de la tasca educativa i l\u2019aplicaci\u00f3 de metodologies modernes: ampliaci\u00f3 la xarxa wifi del centre i del cablejat d\u2019algunes aules; provisi\u00f3 d\u2019ordinadors de sobretaula (reciclats), projector, equip de so i armari per guardar i carregar els port\u00e0tils dels alumnes a totes les aules; dotaci\u00f3 de mobiliari (reciclat) per als diferents despatxos i magatzems; adquisici\u00f3 d\u2019eines i instruments per al laboratori i l\u2019aula art\u00edstica; \u00a0compra de llibres per a la biblioteca de centre i les biblioteques d\u2019aula; etc. <\/span><\/p>\n<p><span style=\"font-weight: 400;\">l\u2019Ajuntament de Parets va construir una pista de b\u00e0squet al pati interior del centre i va instal\u00b7lar bancs, taules de tennis-taula, aparcadors per a bicicletes i patinets, a banda de les subvencions anuals per a la compra de materials did\u00e0ctics. L\u2019AFA (Associaci\u00f3 de Familiars d\u2019Alumnes) i molts pares i mares a nivell particular tamb\u00e9 col\u00b7laboren habitualment amb el centre.<\/span><\/p>\n","protected":false},"excerpt":{"rendered":"<p>La Secci\u00f3 d\u2019Institut La S\u00ednia \u00e9s un centre p\u00fablic, amb un projecte educatiu propi i innovador. Es va crear el curs 2012\/2013, amb el nom provisional de Secci\u00f3 d\u2019Institut Parets del Vall\u00e8s II, per descongestionar l\u2019Institut Torre de Malla i per reequilibrar territorialment l\u2019oferta educativa&hellip;  <a href=\"https:\/\/agora.xtec.cat\/inslasinia\/linstitut\/historia\/\" title=\"Read Hist\u00f2ria\">Llegeix m\u00e9s\u00bb<\/a><\/p>\n","protected":false},"author":1,"featured_media":0,"parent":19,"menu_order":20,"comment_status":"closed","ping_status":"closed","template":"page-templates\/side-menu.php","meta":{"_bbp_topic_count":0,"_bbp_reply_count":0,"_bbp_total_topic_count":0,"_bbp_total_reply_count":0,"_bbp_voice_count":0,"_bbp_anonymous_reply_count":0,"_bbp_topic_count_hidden":0,"_bbp_reply_count_hidden":0,"_bbp_forum_subforum_count":0,"footnotes":""},"class_list":["post-27","page","type-page","status-publish","hentry"],"post_mailing_queue_ids":[],"_links":{"self":[{"href":"https:\/\/agora.xtec.cat\/inslasinia\/wp-json\/wp\/v2\/pages\/27","targetHints":{"allow":["GET"]}}],"collection":[{"href":"https:\/\/agora.xtec.cat\/inslasinia\/wp-json\/wp\/v2\/pages"}],"about":[{"href":"https:\/\/agora.xtec.cat\/inslasinia\/wp-json\/wp\/v2\/types\/page"}],"author":[{"embeddable":true,"href":"https:\/\/agora.xtec.cat\/inslasinia\/wp-json\/wp\/v2\/users\/1"}],"replies":[{"embeddable":true,"href":"https:\/\/agora.xtec.cat\/inslasinia\/wp-json\/wp\/v2\/comments?post=27"}],"version-history":[{"count":2,"href":"https:\/\/agora.xtec.cat\/inslasinia\/wp-json\/wp\/v2\/pages\/27\/revisions"}],"predecessor-version":[{"id":921,"href":"https:\/\/agora.xtec.cat\/inslasinia\/wp-json\/wp\/v2\/pages\/27\/revisions\/921"}],"up":[{"embeddable":true,"href":"https:\/\/agora.xtec.cat\/inslasinia\/wp-json\/wp\/v2\/pages\/19"}],"wp:attachment":[{"href":"https:\/\/agora.xtec.cat\/inslasinia\/wp-json\/wp\/v2\/media?parent=27"}],"curies":[{"name":"wp","href":"https:\/\/api.w.org\/{rel}","templated":true}]}}

Història

<p><span style="font-weight: 400;">La Secció d’Institut </span><b>La Sínia</b><span style="font-weight: 400;"> és un centre públic, amb un projecte educatiu propi i innovador. Es va crear el curs 2012/2013, amb el nom provisional de Secció d’Institut Parets del Vallès II, per descongestionar l’Institut Torre de Malla i per reequilibrar territorialment l’oferta educativa al municipi de Parets del Vallès. Aquest Institut està destinat a acollir alumnes d’ESO, amb dues línies oficials, i no es contempla, per ara, la possibilitat de fer-hi ensenyaments postobligatoris. </span></p>
<p><span style="font-weight: 400;">L’edifici provisional, construït amb mòduls prefabricats metàl·lics, està situat al barri de Can Fradera, prop del nucli antic del poble, en una zona d’equipaments municipals, en un sector recentment urbanitzat i al costat del riu Tenes. El camp de futbol municipal, el pavelló d’esports i altres equipaments culturals municipals són utilitzats amb regularitat per fer activitats acadèmiques (Educació física) i complementàries (esbarjo i Tallers), gràcies a la col·laboració de l’Ajuntament, atès que la dotació d’espais en centres d’aquesta tipologia és clarament insuficient. Malgrat això, els mòduls prefabricats de què disposa són d’una qualitat notable i no suposen cap gran problema per desenvolupar la tasca educativa.</span></p>
<p><span style="font-weight: 400;">Malgrat les dificultats inicials, s’ha aconseguit anar dotant el centre amb els elements bàsics per facilitar l’exercici de la tasca educativa i l’aplicació de metodologies modernes: ampliació la xarxa wifi del centre i del cablejat d’algunes aules; provisió d’ordinadors de sobretaula (reciclats), projector, equip de so i armari per guardar i carregar els portàtils dels alumnes a totes les aules; dotació de mobiliari (reciclat) per als diferents despatxos i magatzems; adquisició d’eines i instruments per al laboratori i l’aula artística;  compra de llibres per a la biblioteca de centre i les biblioteques d’aula; etc. </span></p>
<p><span style="font-weight: 400;">l’Ajuntament de Parets va construir una pista de bàsquet al pati interior del centre i va instal·lar bancs, taules de tennis-taula, aparcadors per a bicicletes i patinets, a banda de les subvencions anuals per a la compra de materials didàctics. L’AFA (Associació de Familiars d’Alumnes) i molts pares i mares a nivell particular també col·laboren habitualment amb el centre.</span></p>

<p>La Secció d’Institut La Sínia és un centre públic, amb un projecte educatiu propi i innovador. Es va crear el curs 2012/2013, amb el nom provisional de Secció d’Institut Parets del Vallès II, per descongestionar l’Institut Torre de Malla i per reequilibrar territorialment l’oferta educativa&hellip;  <a href="https://agora.xtec.cat/inslasinia/linstitut/historia/" title="Read Història">Llegeix més»</a></p>
