{"id":2427,"date":"2019-01-15T09:23:19","date_gmt":"2019-01-15T08:23:19","guid":{"rendered":"http:\/\/agora.xtec.cat\/inslasinia\/?page_id=2427"},"modified":"2019-12-02T09:06:49","modified_gmt":"2019-12-02T08:06:49","slug":"projecte-linguistic-de-centre","status":"publish","type":"page","link":"https:\/\/agora.xtec.cat\/inslasinia\/projecte-linguistic-de-centre\/","title":{"rendered":"Projecte Ling\u00fc\u00edstic de Centre"},"content":{"rendered":"<p><span style=\"font-weight: 400;\">El PROJECTE LING\u00dc\u00cdSTIC DEL CENTRE de l\u2019Institut La S\u00ednia \u00e9s un document que forma part del PEC, i que recull les actuacions que han de permetre al nostre alumnat l\u2019assoliment de les compet\u00e8ncies comunicatives funcionals en diverses lleng\u00fces, que els permeti participar activament en la societat i respondre als reptes que planteja la diversitat cultural i ling\u00fc\u00edstica del m\u00f3n global. L\u2019objectiu principal \u00e9s que els nois i les noies adquireixin una compet\u00e8ncia discursiva, oral i escrita, d\u2019acord amb els objectius generals que defineix la normativa vigent.<\/span><\/p>\n<p><span style=\"font-weight: 400;\">El PLC es va elaborar el maig del 2014, i com a document viu que s\u2019actualitza en funci\u00f3 de les necessitats i canvis del centre, s\u2019enriqueix constantment amb les aportacions de la comunitat educativa, alhora que s\u2019actualitza i s\u2019adapta al marc legal corresponent. El Consell Escolar de Centre n\u2019aprova aquesta versi\u00f3 actualitzada el desembre del 2018 i el document segueix en constant revisi\u00f3 per part del professorat d\u2019\u00e0mbit ling\u00fc\u00edstic i de l\u2019Equip Directiu.<\/span><\/p>\n<p>Podeu accedir-hi clicant al seg\u00fcent enlla\u00e7:\u00a0<a href=\"https:\/\/drive.google.com\/file\/d\/1smi9bcV0WaI0vyHLWnEE01lAltfciweM\/view?usp=sharing\">PLC<\/a><\/p>\n<p><a href=\"https:\/\/drive.google.com\/file\/d\/0B9-TeMYOC29BaEFISDJxaTVmeFJ5SFI1Z2FOVmd1LWs3RFJz\/view?usp=sharing\">Document<\/a> de la resoluci\u00f3 d&#8217;aprovaci\u00f3 del PLC.<\/p>\n","protected":false},"excerpt":{"rendered":"<p>El PROJECTE LING\u00dc\u00cdSTIC DEL CENTRE de l\u2019Institut La S\u00ednia \u00e9s un document que forma part del PEC, i que recull les actuacions que han de permetre al nostre alumnat l\u2019assoliment de les compet\u00e8ncies comunicatives funcionals en diverses lleng\u00fces, que els permeti participar activament en la&hellip;  <a href=\"https:\/\/agora.xtec.cat\/inslasinia\/projecte-linguistic-de-centre\/\" title=\"Read Projecte Ling\u00fc\u00edstic de Centre\">Llegeix m\u00e9s\u00bb<\/a><\/p>\n","protected":false},"author":10,"featured_media":0,"parent":0,"menu_order":0,"comment_status":"closed","ping_status":"closed","template":"","meta":{"_bbp_topic_count":0,"_bbp_reply_count":0,"_bbp_total_topic_count":0,"_bbp_total_reply_count":0,"_bbp_voice_count":0,"_bbp_anonymous_reply_count":0,"_bbp_topic_count_hidden":0,"_bbp_reply_count_hidden":0,"_bbp_forum_subforum_count":0,"footnotes":""},"class_list":["post-2427","page","type-page","status-publish","hentry"],"post_mailing_queue_ids":[],"_links":{"self":[{"href":"https:\/\/agora.xtec.cat\/inslasinia\/wp-json\/wp\/v2\/pages\/2427","targetHints":{"allow":["GET"]}}],"collection":[{"href":"https:\/\/agora.xtec.cat\/inslasinia\/wp-json\/wp\/v2\/pages"}],"about":[{"href":"https:\/\/agora.xtec.cat\/inslasinia\/wp-json\/wp\/v2\/types\/page"}],"author":[{"embeddable":true,"href":"https:\/\/agora.xtec.cat\/inslasinia\/wp-json\/wp\/v2\/users\/10"}],"replies":[{"embeddable":true,"href":"https:\/\/agora.xtec.cat\/inslasinia\/wp-json\/wp\/v2\/comments?post=2427"}],"version-history":[{"count":3,"href":"https:\/\/agora.xtec.cat\/inslasinia\/wp-json\/wp\/v2\/pages\/2427\/revisions"}],"predecessor-version":[{"id":2784,"href":"https:\/\/agora.xtec.cat\/inslasinia\/wp-json\/wp\/v2\/pages\/2427\/revisions\/2784"}],"wp:attachment":[{"href":"https:\/\/agora.xtec.cat\/inslasinia\/wp-json\/wp\/v2\/media?parent=2427"}],"curies":[{"name":"wp","href":"https:\/\/api.w.org\/{rel}","templated":true}]}}