{"id":195,"date":"2014-09-22T10:39:39","date_gmt":"2014-09-22T10:39:39","guid":{"rendered":"http:\/\/agora.xtec.cat\/inslasinia\/?page_id=195"},"modified":"2020-01-14T18:33:01","modified_gmt":"2020-01-14T17:33:01","slug":"estudis","status":"publish","type":"page","link":"https:\/\/agora.xtec.cat\/inslasinia\/estudis\/","title":{"rendered":"Estudis"},"content":{"rendered":"<p>A l&#8217;institut La S\u00ednia <b>acompanyem els nois i les noies<\/b> de 1r a 4t d\u2019ESO en la seva formaci\u00f3, el seu creixement i la descoberta de si mateixos, perqu\u00e8 puguin madurar i desplegar les seves potencialitats personals i col\u00b7lectives. Volem que assoleixin <b>un coneixement amb sentit<\/b>, que <b>els estimuli a comprendre el m\u00f3n, estimar-lo<\/b> i <b>implicar-se<\/b> en la seva transformaci\u00f3 i millora.<\/p>\n<p><b>Comptem amb les fam\u00edlies<\/b> com a part del projecte. Les escoltem i les convidem a implicar-se en activitats diverses. Treballem en <b>xarxa amb altres instituts<\/b> per transformar l\u2019educaci\u00f3 i som <b>centre formador de refer\u00e8ncia<\/b> en innovaci\u00f3 educativa per al professorat de secund\u00e0ria a la nostra zona.<\/p>\n<p>S\u00f3n eixos importants del nostre institut:<\/p>\n<ul>\n<li>Organitzaci\u00f3 en grups de <b>20 alumnes per aula<\/b>.<\/li>\n<li><b>Proposta d\u2019aprenentatges pr\u00f2pia<\/b>, que a m\u00e9s dels \u00e0mbits espec\u00edfics (disciplines acad\u00e8miques), incorpora tamb\u00e9 els projectes transversals i tallers d\u2019aprenentatge no formal.<\/li>\n<li>Treball de les <b>compet\u00e8ncies b\u00e0siques i clau<\/b> en base al <b>pensament cr\u00edtic<\/b> i a la <b>resoluci\u00f3 de problemes.\u00a0<\/b><\/li>\n<li><b>Aprenentatge profund<\/b>, connectat al m\u00f3n i a la nostra societat, en contextos aut\u00e8ntics, amb temps per <b>revisar i millorar<\/b> all\u00f2 que treballem.<\/li>\n<li>Treball continuat i transversal de la <b>compet\u00e8ncia digital<\/b> de 1r a 4t, amb <b>programaci\u00f3<\/b>, <b>rob\u00f2tica i impressi\u00f3 3D<\/b>.<\/li>\n<li>Compaginaci\u00f3 del <b>treball personal<\/b> amb el de grup, de forma <b>col\u00b7laborativa<\/b>.<\/li>\n<li><b>Comunicaci\u00f3 efica\u00e7<\/b> dels aprenentatges, tant de forma escrita, com oral o Multim\u00e8dia. Fem exhibicions p\u00fabliques i <b>educaci\u00f3 medi\u00e0tica<\/b> (c\u00f2mic, fotografia, r\u00e0dio, v\u00eddeo,\u2026).<\/li>\n<li>Impuls de la <b>lectura de forma personalitzada<\/b> i la intercomprensi\u00f3 ling\u00fc\u00edstica entre diferents lleng\u00fces rom\u00e0niques<\/li>\n<li>Foment de la <b>mentalitat de creixement<\/b> i la <b>confian\u00e7a en les pr\u00f2pies capacitats<\/b>.<\/li>\n<li>Oferta de <b>quatre itineraris optatius a 4t d\u2019ESO<\/b>, per orientar en l\u2019etapa postobligat\u00f2ria a l\u2019\u00e0mbit cientificotecnol\u00f2gic, human\u00edstic, art\u00edstic i al m\u00f3n del treball.<\/li>\n<li>Sortides i activitats complement\u00e0ries <b>dintre i fora de l\u2019aula<\/b>.<\/li>\n<li><b>Arrelament <\/b>al poble i <b>col\u00b7laboraci\u00f3<\/b> amb les escoles i entitats.<\/li>\n<\/ul>\n<p>Ens proposem ser \u00fatils als nostres nois i noies, com a<b> referents i facilitadors de<\/b> <b>recursos i aprenentatges<\/b>, amb mat\u00e8ries i propostes de treball que els enriqueixin la seva experi\u00e8ncia i el seu potencial com a aprenents. Volem que estiguin <b>preparats,<\/b> que segueixin creixent i se\u2019n surtin en els seus nous <b>reptes personals en acabar l\u2019ESO<\/b>.<\/p>\n","protected":false},"excerpt":{"rendered":"<p>A l&#8217;institut La S\u00ednia acompanyem els nois i les noies de 1r a 4t d\u2019ESO en la seva formaci\u00f3, el seu creixement i la descoberta de si mateixos, perqu\u00e8 puguin madurar i desplegar les seves potencialitats personals i col\u00b7lectives. Volem que assoleixin un coneixement amb&hellip;  <a href=\"https:\/\/agora.xtec.cat\/inslasinia\/estudis\/\" title=\"Read Estudis\">Llegeix m\u00e9s\u00bb<\/a><\/p>\n","protected":false},"author":1,"featured_media":0,"parent":0,"menu_order":0,"comment_status":"closed","ping_status":"closed","template":"","meta":{"_bbp_topic_count":0,"_bbp_reply_count":0,"_bbp_total_topic_count":0,"_bbp_total_reply_count":0,"_bbp_voice_count":0,"_bbp_anonymous_reply_count":0,"_bbp_topic_count_hidden":0,"_bbp_reply_count_hidden":0,"_bbp_forum_subforum_count":0,"footnotes":""},"class_list":["post-195","page","type-page","status-publish","hentry"],"post_mailing_queue_ids":[],"_links":{"self":[{"href":"https:\/\/agora.xtec.cat\/inslasinia\/wp-json\/wp\/v2\/pages\/195","targetHints":{"allow":["GET"]}}],"collection":[{"href":"https:\/\/agora.xtec.cat\/inslasinia\/wp-json\/wp\/v2\/pages"}],"about":[{"href":"https:\/\/agora.xtec.cat\/inslasinia\/wp-json\/wp\/v2\/types\/page"}],"author":[{"embeddable":true,"href":"https:\/\/agora.xtec.cat\/inslasinia\/wp-json\/wp\/v2\/users\/1"}],"replies":[{"embeddable":true,"href":"https:\/\/agora.xtec.cat\/inslasinia\/wp-json\/wp\/v2\/comments?post=195"}],"version-history":[{"count":3,"href":"https:\/\/agora.xtec.cat\/inslasinia\/wp-json\/wp\/v2\/pages\/195\/revisions"}],"predecessor-version":[{"id":2912,"href":"https:\/\/agora.xtec.cat\/inslasinia\/wp-json\/wp\/v2\/pages\/195\/revisions\/2912"}],"wp:attachment":[{"href":"https:\/\/agora.xtec.cat\/inslasinia\/wp-json\/wp\/v2\/media?parent=195"}],"curies":[{"name":"wp","href":"https:\/\/api.w.org\/{rel}","templated":true}]}}

<p>A l&#8217;institut La Sínia <b>acompanyem els nois i les noies</b> de 1r a 4t d’ESO en la seva formació, el seu creixement i la descoberta de si mateixos, perquè puguin madurar i desplegar les seves potencialitats personals i col·lectives. Volem que assoleixin <b>un coneixement amb sentit</b>, que <b>els estimuli a comprendre el món, estimar-lo</b> i <b>implicar-se</b> en la seva transformació i millora.</p>
<p><b>Comptem amb les famílies</b> com a part del projecte. Les escoltem i les convidem a implicar-se en activitats diverses. Treballem en <b>xarxa amb altres instituts</b> per transformar l’educació i som <b>centre formador de referència</b> en innovació educativa per al professorat de secundària a la nostra zona.</p>
<p>Són eixos importants del nostre institut:</p>
<ul>
<li>Organització en grups de <b>20 alumnes per aula</b>.</li>
<li><b>Proposta d’aprenentatges pròpia</b>, que a més dels àmbits específics (disciplines acadèmiques), incorpora també els projectes transversals i tallers d’aprenentatge no formal.</li>
<li>Treball de les <b>competències bàsiques i clau</b> en base al <b>pensament crític</b> i a la <b>resolució de problemes. </b></li>
<li><b>Aprenentatge profund</b>, connectat al món i a la nostra societat, en contextos autèntics, amb temps per <b>revisar i millorar</b> allò que treballem.</li>
<li>Treball continuat i transversal de la <b>competència digital</b> de 1r a 4t, amb <b>programació</b>, <b>robòtica i impressió 3D</b>.</li>
<li>Compaginació del <b>treball personal</b> amb el de grup, de forma <b>col·laborativa</b>.</li>
<li><b>Comunicació eficaç</b> dels aprenentatges, tant de forma escrita, com oral o Multimèdia. Fem exhibicions públiques i <b>educació mediàtica</b> (còmic, fotografia, ràdio, vídeo,…).</li>
<li>Impuls de la <b>lectura de forma personalitzada</b> i la intercomprensió lingüística entre diferents llengües romàniques</li>
<li>Foment de la <b>mentalitat de creixement</b> i la <b>confiança en les pròpies capacitats</b>.</li>
<li>Oferta de <b>quatre itineraris optatius a 4t d’ESO</b>, per orientar en l’etapa postobligatòria a l’àmbit cientificotecnològic, humanístic, artístic i al món del treball.</li>
<li>Sortides i activitats complementàries <b>dintre i fora de l’aula</b>.</li>
<li><b>Arrelament </b>al poble i <b>col·laboració</b> amb les escoles i entitats.</li>
</ul>
<p>Ens proposem ser útils als nostres nois i noies, com a<b> referents i facilitadors de</b> <b>recursos i aprenentatges</b>, amb matèries i propostes de treball que els enriqueixin la seva experiència i el seu potencial com a aprenents. Volem que estiguin <b>preparats,</b> que segueixin creixent i se’n surtin en els seus nous <b>reptes personals en acabar l’ESO</b>.</p>

<p>A l&#8217;institut La Sínia acompanyem els nois i les noies de 1r a 4t d’ESO en la seva formació, el seu creixement i la descoberta de si mateixos, perquè puguin madurar i desplegar les seves potencialitats personals i col·lectives. Volem que assoleixin un coneixement amb&hellip;  <a href="https://agora.xtec.cat/inslasinia/estudis/" title="Read Estudis">Llegeix més»</a></p>
