{"id":1647,"date":"2023-04-25T19:26:22","date_gmt":"2023-04-25T17:26:22","guid":{"rendered":"https:\/\/agora.xtec.cat\/inslasagrera\/?page_id=1647"},"modified":"2023-04-25T19:26:22","modified_gmt":"2023-04-25T17:26:22","slug":"estrategia-digital","status":"publish","type":"page","link":"https:\/\/agora.xtec.cat\/inslasagrera\/estrategia-digital\/","title":{"rendered":"Estrat\u00e8gia digital de centre"},"content":{"rendered":"<p>L&#8217;<a href=\"https:\/\/projectes.xtec.cat\/edc-suport\/\"><strong>Estrat\u00e8gia Digital de Centre<\/strong><\/a> (EDC) vol ser un document que recull totes les accions que es realitzen en aquest centre, i les que es realitzaran a mitj\u00e0 termini de cara al futur, per aconseguir la m\u00e0xima <strong>compet\u00e8ncia digital de l\u2019alumnat, del professorat i del centre educatiu<\/strong>. Ha de tenir com a referent el <strong>Pla d\u2019Educaci\u00f3 Digital de Catalunya<\/strong>\u00a0(PEDC), on s\u2019indica la necessitat d\u2019assolir la fita d\u2019una societat digitalment competent, fent \u00e8mfasi en l\u2019equitat i tenint en compte l\u2019evoluci\u00f3 del context social i tecnol\u00f2gic.<\/p>\n<h3 style=\"text-align: left;\">\n<a href=\"https:\/\/sites.google.com\/inslasagrera.cat\/edclasagrerasantandreu\/estrat%C3%A8gia-digital-de-centre?pli=1\">Podeu accedir al site amb tota la informaci\u00f3 de l&#8217;EDC amb aquest enlla\u00e7.<\/a><\/h3>\n<p>&nbsp;<\/p>\n","protected":false},"excerpt":{"rendered":"<p>L&#8217;<a href=\"https:\/\/projectes.xtec.cat\/edc-suport\/\">Estrat\u00e8gia Digital de Centre<\/a> (EDC) vol ser un document que recull totes les accions que es realitzen en aquest centre, i les que es realitzaran a mitj\u00e0 termini de cara al futur, per aconseguir la m\u00e0xima compet\u00e8ncia digital de l\u2019alumnat, del professorat i del&hellip;  <a href=\"https:\/\/agora.xtec.cat\/inslasagrera\/estrategia-digital\/\" title=\"Read Estrat\u00e8gia digital de centre\">Llegeix m\u00e9s\u00bb<\/a><\/p>\n","protected":false},"author":3,"featured_media":0,"parent":0,"menu_order":0,"comment_status":"closed","ping_status":"closed","template":"","meta":{"_bbp_topic_count":0,"_bbp_reply_count":0,"_bbp_total_topic_count":0,"_bbp_total_reply_count":0,"_bbp_voice_count":0,"_bbp_anonymous_reply_count":0,"_bbp_topic_count_hidden":0,"_bbp_reply_count_hidden":0,"_bbp_forum_subforum_count":0,"footnotes":""},"class_list":["post-1647","page","type-page","status-publish","hentry"],"post_mailing_queue_ids":[],"_links":{"self":[{"href":"https:\/\/agora.xtec.cat\/inslasagrera\/wp-json\/wp\/v2\/pages\/1647","targetHints":{"allow":["GET"]}}],"collection":[{"href":"https:\/\/agora.xtec.cat\/inslasagrera\/wp-json\/wp\/v2\/pages"}],"about":[{"href":"https:\/\/agora.xtec.cat\/inslasagrera\/wp-json\/wp\/v2\/types\/page"}],"author":[{"embeddable":true,"href":"https:\/\/agora.xtec.cat\/inslasagrera\/wp-json\/wp\/v2\/users\/3"}],"replies":[{"embeddable":true,"href":"https:\/\/agora.xtec.cat\/inslasagrera\/wp-json\/wp\/v2\/comments?post=1647"}],"version-history":[{"count":3,"href":"https:\/\/agora.xtec.cat\/inslasagrera\/wp-json\/wp\/v2\/pages\/1647\/revisions"}],"predecessor-version":[{"id":1658,"href":"https:\/\/agora.xtec.cat\/inslasagrera\/wp-json\/wp\/v2\/pages\/1647\/revisions\/1658"}],"wp:attachment":[{"href":"https:\/\/agora.xtec.cat\/inslasagrera\/wp-json\/wp\/v2\/media?parent=1647"}],"curies":[{"name":"wp","href":"https:\/\/api.w.org\/{rel}","templated":true}]}}