{"id":57,"date":"2014-09-17T17:01:07","date_gmt":"2014-09-17T17:01:07","guid":{"rendered":"http:\/\/agora.xtec.cat\/inslariera\/?page_id=57"},"modified":"2020-05-10T20:58:38","modified_gmt":"2020-05-10T18:58:38","slug":"projecte-educatiu","status":"publish","type":"page","link":"https:\/\/agora.xtec.cat\/inslariera\/documents-de-centre\/projecte-educatiu\/","title":{"rendered":"Projecte educatiu"},"content":{"rendered":"<p>El Projecte Educatiu (PEC) de l\u2019institut La Riera \u00e9s el document marc que recull la identitat del centre, \u00a0en guia l\u2019activitat, articula les accions i relacions de la comunitat educativa i recull els objectius que han de guiar les actuacions de tots els agents implicats, amb la finalitat que l\u2019alumnat del centre assoleixi les compet\u00e8ncies b\u00e0siques i pugui fer front, amb \u00e8xit, als reptes de futur que com a ciutad\u00e0 haur\u00e0 d\u2019afrontar.<\/p>\n<p>Tal i com es reflecteix en la Llei d\u2019Educaci\u00f3 de Catalunya (LEC), el PEC <em>representa la m\u00e0xima expressi\u00f3 de l\u2019autonomia de centres educatius i incorpora el car\u00e0cter propi del centre. <\/em>Aquesta autonomia \u00e9s la que permet a l\u2019institut atorgar un car\u00e0cter propi a totes les actuacions que es realitzen, partint sempre del context on estem situats.<\/p>\n<p>L\u2019elaboraci\u00f3 del PEC ha estat oberta i participativa (direcci\u00f3, claustre, AMPA i consell escolar). El podeu consultar en aquest <a href=\"https:\/\/drive.google.com\/open?id=1HRwJl8c44om8Tn3ssDFiIUGvj1Wna6Qx\">enlla\u00e7<\/a>.<\/p>\n","protected":false},"excerpt":{"rendered":"<p>El Projecte Educatiu (PEC) de l\u2019institut La Riera \u00e9s el document marc que recull la identitat del centre, \u00a0en guia l\u2019activitat, articula les accions i relacions de la comunitat educativa i recull els objectius que han de guiar les actuacions de tots els agents implicats,&hellip;  <a href=\"https:\/\/agora.xtec.cat\/inslariera\/documents-de-centre\/projecte-educatiu\/\" title=\"Read Projecte educatiu\">Llegeix m\u00e9s\u00bb<\/a><\/p>\n","protected":false},"author":1,"featured_media":0,"parent":1480,"menu_order":0,"comment_status":"closed","ping_status":"closed","template":"page-templates\/side-menu.php","meta":{"_bbp_topic_count":0,"_bbp_reply_count":0,"_bbp_total_topic_count":0,"_bbp_total_reply_count":0,"_bbp_voice_count":0,"_bbp_anonymous_reply_count":0,"_bbp_topic_count_hidden":0,"_bbp_reply_count_hidden":0,"_bbp_forum_subforum_count":0,"footnotes":""},"class_list":["post-57","page","type-page","status-publish","hentry"],"post_mailing_queue_ids":[],"_links":{"self":[{"href":"https:\/\/agora.xtec.cat\/inslariera\/wp-json\/wp\/v2\/pages\/57","targetHints":{"allow":["GET"]}}],"collection":[{"href":"https:\/\/agora.xtec.cat\/inslariera\/wp-json\/wp\/v2\/pages"}],"about":[{"href":"https:\/\/agora.xtec.cat\/inslariera\/wp-json\/wp\/v2\/types\/page"}],"author":[{"embeddable":true,"href":"https:\/\/agora.xtec.cat\/inslariera\/wp-json\/wp\/v2\/users\/1"}],"replies":[{"embeddable":true,"href":"https:\/\/agora.xtec.cat\/inslariera\/wp-json\/wp\/v2\/comments?post=57"}],"version-history":[{"count":3,"href":"https:\/\/agora.xtec.cat\/inslariera\/wp-json\/wp\/v2\/pages\/57\/revisions"}],"predecessor-version":[{"id":1412,"href":"https:\/\/agora.xtec.cat\/inslariera\/wp-json\/wp\/v2\/pages\/57\/revisions\/1412"}],"up":[{"embeddable":true,"href":"https:\/\/agora.xtec.cat\/inslariera\/wp-json\/wp\/v2\/pages\/1480"}],"wp:attachment":[{"href":"https:\/\/agora.xtec.cat\/inslariera\/wp-json\/wp\/v2\/media?parent=57"}],"curies":[{"name":"wp","href":"https:\/\/api.w.org\/{rel}","templated":true}]}}