{"id":567,"date":"2017-10-18T22:34:45","date_gmt":"2017-10-18T20:34:45","guid":{"rendered":"http:\/\/agora.xtec.cat\/inslariera\/?page_id=567"},"modified":"2022-07-12T09:23:28","modified_gmt":"2022-07-12T07:23:28","slug":"activitat-1","status":"publish","type":"page","link":"https:\/\/agora.xtec.cat\/inslariera\/ampa\/activitat-1\/","title":{"rendered":"Quota"},"content":{"rendered":"<p><span style=\"font-weight: 400;\">En el moment de fer el pagament de la quota de l\u2019AMPA, s\u2019accepten tots els avantatges i condicions de socialitzaci\u00f3, aix\u00ed com les normes de bon \u00fas dels llibres.<\/span><\/p>\n<p>&nbsp;<\/p>\n<h4><span style=\"font-weight: 400;\">ESO<\/span><\/h4>\n<ul>\n<li style=\"font-weight: 400;\" aria-level=\"1\"><span style=\"font-weight: 400;\">Alumnes nous al centre o que no hagin format part del projecte. EXCL\u00d2S 4t: 40 \u20ac (un \u00fanic pagament en tota l&#8217;escolaritzaci\u00f3 de l&#8217;ESO).<\/span><\/li>\n<li style=\"font-weight: 400;\" aria-level=\"1\"><span style=\"font-weight: 400;\">Alumnes de l\u2019institut: 20 \u20ac<\/span><\/li>\n<\/ul>\n<p>&nbsp;<\/p>\n<h4><span style=\"font-weight: 400;\">Batxillerat<\/span><\/h4>\n<ul>\n<li style=\"font-weight: 400;\" aria-level=\"1\"><span style=\"font-weight: 400;\">Alumnes nous al centre o alumnes del centre que no hagin format part del projecte, <\/span>durant l&#8217;ESO: 25 \u20ac (un \u00fanic pagament en tota l&#8217;escolaritzaci\u00f3 del batxillerat).<\/li>\n<\/ul>\n<ul>\n<li style=\"font-weight: 400;\" aria-level=\"1\"><span style=\"font-weight: 400;\">Alumnes de l\u2019institut (que hagin format part del projecte de socialitzaci\u00f3 durant l\u2019ESO): Hauran de pagar una quota de 15 \u20ac (un cop en tota l\u2019escolaritzaci\u00f3 del batxillerat) i haver retornat tots els llibres socialitzats de 4t de l\u2019ESO.<\/span><\/li>\n<\/ul>\n<p>&nbsp;<\/p>\n<p><span style=\"font-weight: 400;\">La data de pagament de cada curs \u00e9s comunica a les fam\u00edlies per TPV o e-mail.<\/span><\/p>\n<p><span style=\"font-weight: 400;\">El compte de l\u2019AMPA \u00e9s a La Caixa: <\/span><span style=\"font-weight: 400;\">IBAN: ES34 2100 0186 5102 0100 0393<\/span><\/p>\n","protected":false},"excerpt":{"rendered":"<p>En el moment de fer el pagament de la quota de l\u2019AMPA, s\u2019accepten tots els avantatges i condicions de socialitzaci\u00f3, aix\u00ed com les normes de bon \u00fas dels llibres.<br \/>\n&nbsp;<br \/>\nESO<\/p>\n<ul>\n<li style=\"font-weight: 400;\" aria-level=\"1\">Alumnes nous al centre o que no hagin format part del projecte. EXCL\u00d2S 4t:&hellip;  <a href=\"https:\/\/agora.xtec.cat\/inslariera\/ampa\/activitat-1\/\" title=\"Read Quota\">Llegeix m\u00e9s\u00bb<\/a><br \/>\n","protected":false},"author":1,"featured_media":0,"parent":565,"menu_order":0,"comment_status":"closed","ping_status":"closed","template":"page-templates\/side-menu.php","meta":{"_bbp_topic_count":0,"_bbp_reply_count":0,"_bbp_total_topic_count":0,"_bbp_total_reply_count":0,"_bbp_voice_count":0,"_bbp_anonymous_reply_count":0,"_bbp_topic_count_hidden":0,"_bbp_reply_count_hidden":0,"_bbp_forum_subforum_count":0,"footnotes":""},"class_list":["post-567","page","type-page","status-publish","hentry"],"post_mailing_queue_ids":[],"_links":{"self":[{"href":"https:\/\/agora.xtec.cat\/inslariera\/wp-json\/wp\/v2\/pages\/567","targetHints":{"allow":["GET"]}}],"collection":[{"href":"https:\/\/agora.xtec.cat\/inslariera\/wp-json\/wp\/v2\/pages"}],"about":[{"href":"https:\/\/agora.xtec.cat\/inslariera\/wp-json\/wp\/v2\/types\/page"}],"author":[{"embeddable":true,"href":"https:\/\/agora.xtec.cat\/inslariera\/wp-json\/wp\/v2\/users\/1"}],"replies":[{"embeddable":true,"href":"https:\/\/agora.xtec.cat\/inslariera\/wp-json\/wp\/v2\/comments?post=567"}],"version-history":[{"count":3,"href":"https:\/\/agora.xtec.cat\/inslariera\/wp-json\/wp\/v2\/pages\/567\/revisions"}],"predecessor-version":[{"id":2478,"href":"https:\/\/agora.xtec.cat\/inslariera\/wp-json\/wp\/v2\/pages\/567\/revisions\/2478"}],"up":[{"embeddable":true,"href":"https:\/\/agora.xtec.cat\/inslariera\/wp-json\/wp\/v2\/pages\/565"}],"wp:attachment":[{"href":"https:\/\/agora.xtec.cat\/inslariera\/wp-json\/wp\/v2\/media?parent=567"}],"curies":[{"name":"wp","href":"https:\/\/api.w.org\/{rel}","templated":true}]}}