{"id":589,"date":"2017-12-29T12:53:11","date_gmt":"2017-12-29T11:53:11","guid":{"rendered":"http:\/\/agora.xtec.cat\/inslarboc\/?page_id=589"},"modified":"2020-12-09T12:22:41","modified_gmt":"2020-12-09T11:22:41","slug":"projecte-educatiu-2003","status":"publish","type":"page","link":"https:\/\/agora.xtec.cat\/inslarboc\/projecte-educatiu\/projecte-educatiu-2003\/","title":{"rendered":"Projecte educatiu"},"content":{"rendered":"<h3 style=\"text-align: center;\">Projecte educatiu del centre (PEC)<\/h3>\n<p style=\"text-align: justify;\">El primer Projecte Educatiu del Centre (PEC) es va comen\u00e7ar a dissenyar el curs 2000\/2001 i va ser aprovat el juny de 2003. Quinze anys despr\u00e9s vam treballat per obtenir-ne un de nou, que va ser proposat el 27.6.2018 i aprovat pel Consell Escolar del Centre, amb tots els vots a favor, el 10.10.2018.<\/p>\n<h5>Projecte Educatiu de Centre (PEC)<a href=\"http:\/\/www.xtec.cat\/~rpujol1\/PEC\/PEC.zip\" target=\"_blank\" rel=\"noopener noreferrer\">.<\/a><\/h5>\n<ul style=\"text-align: justify;\">\n<li>Projecte Educatiu de Centre (PEC), inclou el Projecte Ling\u00fc\u00edstic de Centre, PLC. Aprovat el 10.10.2018 (<a style=\"font-family: inherit; font-size: 1em;\" href=\"https:\/\/www.slideshare.net\/slideshow\/embed_code\/key\/AK5THHlVLVvXPv\" target=\"_blank\" rel=\"noopener noreferrer\">acc\u00e9s<\/a><span style=\"font-family: inherit; font-size: 1em;\">)<\/span>.<\/li>\n<li>Addenda del Projecte Educatiu de Centre (PEC). Aprovada el 22.1.2020 (<a href=\"https:\/\/agora.xtec.cat\/inslarboc\/wp-content\/uploads\/usu1712\/2020\/01\/Ad_PEC_S.pdf\" target=\"_blank\" rel=\"noopener noreferrer\">acc\u00e9s<\/a>).<\/li>\n<li>Addenda del Projecte Educatiu de Centre (PEC). Aprovada el 25.11.2020 (<a href=\"https:\/\/agora.xtec.cat\/inslarboc\/wp-content\/uploads\/usu1712\/2020\/12\/S_Actualitzacio_PEC_25.11.2020_Programa_Innovaci\u00f3_Educativa_MUFPS-1.pdf\" target=\"_blank\" rel=\"noopener noreferrer\">acc\u00e9s<\/a>)<a href=\"https:\/\/agora.xtec.cat\/inslarboc\/wp-content\/uploads\/usu1712\/2020\/11\/MUFPS-Documentacio.zip\" target=\"_blank\" rel=\"noopener noreferrer\">.<\/a><\/li>\n<\/ul>\n<h6 style=\"text-align: justify; padding-left: 40px;\">Estudis orientats a la redacci\u00f3 del PEC (2018)<\/h6>\n<p style=\"text-align: justify; padding-left: 40px;\">En aquest espai hi ha els resultats dels q\u00fcestionaris que van respondre les fam\u00edlies, a partir dels quals es va comen\u00e7ar la redacci\u00f3 del PEC. La proposta de Projecte Educatiu del Centre (PEC) es va presentar el 27.6.2018 i el Consell Escolar el va aprovar el 10.10.2018 amb tots els vots a favor.<\/p>\n<ul>\n<li style=\"list-style-type: none;\">\n<ul style=\"text-align: justify;\">\n<li>Presentaci\u00f3 de resultats, i estudi evolutiu, del q\u00fcestionari finalitzat el 15 de febrer de 2018 (<a href=\"http:\/\/www.xtec.cat\/~rpujol1\/PEC\/survey_15_02_2018\/survey_15_02_2018.htm\" target=\"_blank\" rel=\"noopener noreferrer\">acc\u00e9s<\/a>).<\/li>\n<li>Presentaci\u00f3 de resultats del q\u00fcestionari sobre la segona llengua estrangera finalitzat el 22.2.2018 (<a href=\"http:\/\/agora.xtec.cat\/inslarboc\/wp-content\/uploads\/usu1712\/2018\/02\/estudi_per_al_pec.jpg\" target=\"_blank\" rel=\"noopener noreferrer\">acc\u00e9s<\/a>).<\/li>\n<\/ul>\n<\/li>\n<\/ul>\n<h5>Projecte educatiu del centre (2018)<\/h5>\n<p style=\"text-align: center;\"><iframe loading=\"lazy\" src=\"\/\/www.slideshare.net\/slideshow\/embed_code\/key\/AK5THHlVLVvXPv\" width=\"668\" height=\"714\" frameborder=\"0\"> <\/iframe><\/p>\n<h5 style=\"text-align: justify;\">Projecte educatiu del centre (2003)<\/h5>\n<p style=\"text-align: center;\"><iframe loading=\"lazy\" src=\"\/\/www.slideshare.net\/slideshow\/embed_code\/key\/dd6XUKybZ9IP7b\" width=\"668\" height=\"714\" frameborder=\"0\"> <\/iframe><\/p>\n","protected":false},"excerpt":{"rendered":"<p>Projecte educatiu del centre (PEC)<br \/>\nEl primer Projecte Educatiu del Centre (PEC) es va comen\u00e7ar a dissenyar el curs 2000\/2001 i va ser aprovat el juny de 2003. Quinze anys despr\u00e9s vam treballat per obtenir-ne un de nou, que va ser proposat el 27.6.2018 i aprovat&hellip;  <a href=\"https:\/\/agora.xtec.cat\/inslarboc\/projecte-educatiu\/projecte-educatiu-2003\/\" title=\"Read Projecte educatiu\">Llegeix m\u00e9s\u00bb<\/a><\/p>\n","protected":false},"author":1,"featured_media":0,"parent":57,"menu_order":10,"comment_status":"closed","ping_status":"closed","template":"page-templates\/side-menu.php","meta":{"_bbp_topic_count":0,"_bbp_reply_count":0,"_bbp_total_topic_count":0,"_bbp_total_reply_count":0,"_bbp_voice_count":0,"_bbp_anonymous_reply_count":0,"_bbp_topic_count_hidden":0,"_bbp_reply_count_hidden":0,"_bbp_forum_subforum_count":0,"footnotes":""},"class_list":["post-589","page","type-page","status-publish","hentry"],"post_mailing_queue_ids":[],"_links":{"self":[{"href":"https:\/\/agora.xtec.cat\/inslarboc\/wp-json\/wp\/v2\/pages\/589","targetHints":{"allow":["GET"]}}],"collection":[{"href":"https:\/\/agora.xtec.cat\/inslarboc\/wp-json\/wp\/v2\/pages"}],"about":[{"href":"https:\/\/agora.xtec.cat\/inslarboc\/wp-json\/wp\/v2\/types\/page"}],"author":[{"embeddable":true,"href":"https:\/\/agora.xtec.cat\/inslarboc\/wp-json\/wp\/v2\/users\/1"}],"replies":[{"embeddable":true,"href":"https:\/\/agora.xtec.cat\/inslarboc\/wp-json\/wp\/v2\/comments?post=589"}],"version-history":[{"count":4,"href":"https:\/\/agora.xtec.cat\/inslarboc\/wp-json\/wp\/v2\/pages\/589\/revisions"}],"predecessor-version":[{"id":5593,"href":"https:\/\/agora.xtec.cat\/inslarboc\/wp-json\/wp\/v2\/pages\/589\/revisions\/5593"}],"up":[{"embeddable":true,"href":"https:\/\/agora.xtec.cat\/inslarboc\/wp-json\/wp\/v2\/pages\/57"}],"wp:attachment":[{"href":"https:\/\/agora.xtec.cat\/inslarboc\/wp-json\/wp\/v2\/media?parent=589"}],"curies":[{"name":"wp","href":"https:\/\/api.w.org\/{rel}","templated":true}]}}