{"id":5121,"date":"2020-07-14T15:09:34","date_gmt":"2020-07-14T13:09:34","guid":{"rendered":"http:\/\/agora.xtec.cat\/inslarboc\/?page_id=5121"},"modified":"2020-07-23T07:56:49","modified_gmt":"2020-07-23T05:56:49","slug":"preguntes-frequents-faqs-2020-2021","status":"publish","type":"page","link":"https:\/\/agora.xtec.cat\/inslarboc\/preguntes-frequents-faqs-2020-2021\/","title":{"rendered":"Preguntes freq\u00fcents, FAQS (2020-2021)"},"content":{"rendered":"<p><strong>MATERIALS<\/strong><\/p>\n<ul>\n<li style=\"list-style-type: none;\">\n<ol>\n<li style=\"text-align: justify;\"><strong>Quin material COVID-19 d&#8217;\u00fas personal ha de portar cada alumne\/a? <\/strong>(<a href=\"https:\/\/drive.google.com\/file\/d\/1dOBIRIYmf7jTxi76xYKvAGY7MxizL6m8\/view\" target=\"_blank\" rel=\"noopener noreferrer\">acc\u00e9s<\/a>)<\/li>\n<li style=\"text-align: justify;\"><strong>Quin material d&#8217;escriptori d&#8217;\u00fas individual ha de portar cada alumne\/a? <\/strong>(<a href=\"https:\/\/drive.google.com\/file\/d\/1Wi4MpNt_HT5aMUI3htc_cLJMW0ZqMsww\/view\" target=\"_blank\" rel=\"noopener noreferrer\">acc\u00e9s<\/a>).<\/li>\n<li style=\"text-align: justify;\"><strong>Quin llibres de text he de portar a l&#8217;Institut?<\/strong> (<a href=\"https:\/\/agora.xtec.cat\/inslarboc\/portada\/llibres-de-text\/\" target=\"_blank\" rel=\"noopener noreferrer\">acc\u00e9s<\/a>)<\/li>\n<li style=\"text-align: justify;\"><strong>Hi ha llibres diferents en un mateix nivell?<\/strong> NO, aquest curs escolar 2020-2021 tot l&#8217;alumnat d&#8217;un mateix nivell t\u00e9 els mateixos llibres de text.<\/li>\n<\/ol>\n<\/li>\n<\/ul>\n<p><strong>GRUPS<\/strong><\/p>\n<ul>\n<li style=\"list-style-type: none;\">\n<ol>\n<li style=\"text-align: justify;\"><strong>Instruccions per als grups estables <\/strong>(<a href=\"https:\/\/drive.google.com\/file\/d\/168PwGCJ-441-t_wklsHd2LtFZ1CpvyUd\/view\" target=\"_blank\" rel=\"noopener noreferrer\">acc\u00e9s<\/a>).<\/li>\n<li style=\"text-align: justify;\"><strong>A un grup estable hi pot anar m\u00e9s d&#8217;un docent?<\/strong> S\u00ed, i el o la docent que no forma part del grup estable s&#8217;ha de posar la mascareta si no pot mantenir la dist\u00e0ncia de 1,5 metres.<\/li>\n<li style=\"text-align: justify;\"><strong>Es mantenen les especialitats per actuar en els diferents grups?<\/strong> S\u00ed, es mantenen. Pot haver atenci\u00f3 de professorat especialista en m\u00e9s d&#8217;un grup, respectant sempre les mesures de protecci\u00f3 establertes.<\/li>\n<li style=\"text-align: justify;\"><strong>Es poden fer grups estables que tinguin alumnes de diferents cursos?<\/strong> S\u00ed, es poden fer grups estables amb alumnes de diferents nivells educatius per criteris pedag\u00f2gics o d&#8217;organitzaci\u00f3, com per exemple: les mat\u00e8ries espec\u00edfiques\u00a0 de 1r, 2n i 3r d&#8217;ESO durant 2h\/set, les de 4t d\u2019ESO durant 3h\/set i les mat\u00e8ries de modalitat\/optatives a batxillerat.<\/li>\n<li style=\"text-align: justify;\"><strong>Es pot plantejar fer l&#8217;optativitat i la segona llengua al centre barrejant alumnes, per\u00f2 amb mascareta?<\/strong> S\u00ed, mantenint les mesures de seguretat establertes per Salut. L&#8217;Institut de l\u2019Arbo\u00e7 ofereix Alemany i Franc\u00e8s com a segones lleng\u00fces estrangeres i d&#8217;altres mat\u00e8ries espec\u00edfiques que poden triar els alumnes a 1r, 2n i 3r d&#8217;ESO.<\/li>\n<li style=\"text-align: justify;\"><strong>A 4t d&#8217;ESO, es poden barrejar grups per poder fer mat\u00e8ries de modalitat o optatives?<\/strong> S\u00ed, sempre respectant la dist\u00e0ncia de seguretat d&#8217;un 1,5 metres o l\u2019\u00fas de la mascareta, si aquesta dist\u00e0ncia no \u00e9s possible.<\/li>\n<li style=\"text-align: justify;\"><strong>Els especialistes de Visual i Pl\u00e0stica, M\u00fasica i d&#8217;Educaci\u00f3 F\u00edsica poden entrar a totes les aules?<\/strong> S\u00ed, els especialistes poden entrar a totes les aules que siguin requerits adoptant les mesures de seguretat, higiene i protecci\u00f3 establertes, i l&#8217;organitzaci\u00f3 del centre mira que el nombre de grups al qual accedeixen sigui el m\u00ednim possible.<\/li>\n<li style=\"text-align: justify;\"><strong>El docent de Religi\u00f3 pot agafar a nens i nenes de tots els grups estables en franges hor\u00e0ries i dies diferents?<\/strong> El professorat de Religi\u00f3 tindr\u00e0 la mateixa consideraci\u00f3 de singularitat d&#8217;actuaci\u00f3 docent al centre que altres docents especialistes no assignats a un grup estable en concret.<\/li>\n<li style=\"text-align: justify;\"><strong>Un\/a alumne\/a o professor\/a quan no est\u00e0 al seu grup estable ha de portar mascareta?<\/strong> Tot l&#8217;alumnat i\/o professorat que surt al pati, lavabo, passadissos, etc, ha de portar sempre la mascareta. Tamb\u00e9 a les entrades i sortides del centre.<\/li>\n<\/ol>\n<\/li>\n<\/ul>\n<p><strong>ENTRADES I SORTIDES<\/strong><\/p>\n<ul>\n<li style=\"list-style-type: none;\">\n<ol>\n<li style=\"text-align: justify;\"><strong>Com arribarem al centre? <\/strong>De forma esglaonada, tant a l&#8217;entrada com a la sortida. Els autobusos arribaran al centre en moments diferents des de les 8:00 hores fins les 8:15. Cada poblaci\u00f3 arribar\u00e0 al centre en una franja determinada i els alumnes de l&#8217;Arbo\u00e7 tamb\u00e9 ho faran a altra franja.<\/li>\n<li style=\"text-align: justify;\"><strong>Com sabr\u00e9 per on he d&#8217;accedir al centre el primer dia? <\/strong>Amb anterioritat al dilluns 14 de setembre, el\/la meu\/va tutor\/a es posar\u00e0 en contacte amb la meva fam\u00edlia per tal d&#8217;explicar-me a quina hora he d&#8217;arribar i per on he d&#8217;accedir a la que ser\u00e0 la meva aula i grup estable durant aquest curs.<\/li>\n<li style=\"text-align: justify;\"><strong>Com accedirem al centre i com sortirem? <\/strong>Quan arribi el meu bus a la zona d&#8217;autobusos, anir\u00e9 directament a la meva aula per les portes indicades, tant les d&#8217;entrada al pati exterior, com les d&#8217;acc\u00e9s a l&#8217;edifici. En cap cas puc esperar a entrar. El cam\u00ed estar\u00e0 senyalitzat segons les aules i ser\u00e0 el recorregut a fer per entrar i tamb\u00e9 per sortir en acabar les classes. La sortida tamb\u00e9 ser\u00e0 esglaonada, segons els grups, des de les 14:35 hores fins les 14:45 hores.<\/li>\n<li style=\"text-align: justify;\"><strong>Qu\u00e8 he de tenir present per accedir al centre? <\/strong>He de portar la meva mascareta, mantenir la dist\u00e0ncia de seguretat recomanada per les autoritats sanit\u00e0ries i he de rentar-me les mans abans de comen\u00e7ar la classe de primera hora, abans de marxar a casa i abans de sortir o venir del pati.<\/li>\n<\/ol>\n<\/li>\n<\/ul>\n<p><strong>ESBARJOS<\/strong><\/p>\n<ul>\n<li style=\"list-style-type: none;\">\n<ol>\n<li style=\"text-align: justify;\"><strong>Com sortir\u00e9 al pati? <\/strong>De forma esglaonada, tant l&#8217;entrada com la sortida. Haur\u00e9 de rentar-me les mans abans i despr\u00e9s de venir del pati. Haur\u00e9 de portar la mascareta en tot moment i mantenir la dist\u00e0ncia de seguretat.<\/li>\n<li style=\"text-align: justify;\"><strong>Tindrem tots el mateix pati? <\/strong>No. A primer i segon d&#8217;ESO tindrem dos esbarjos de 15 minuts. A tercer i quart d&#8217;ESO i a primer i segon de batxillerat tindrem un altre pati de 30 minuts.<\/li>\n<\/ol>\n<\/li>\n<\/ul>\n<p><strong>ALUMNAT NESE-NEE<\/strong><\/p>\n<ul>\n<li style=\"list-style-type: none;\">\n<ol>\n<li style=\"text-align: justify;\"><strong>Aquest curs 2020\/2021 hi haur\u00e0 recurs PIM? <\/strong>No, tot l&#8217;alumnat estar\u00e0 al seu grup estable per facilitar la tra\u00e7abilitat.<\/li>\n<li style=\"text-align: justify;\"><strong>Tots els alumnes SIEI, quan s&#8217;ajuntin, hauran de portar mascareta o separaci\u00f3 d&#8217;1,5 metres?<\/strong> Cadascun dels alumnes d&#8217;educaci\u00f3 especial at\u00e8s pel SIEI estar\u00e0 com norma general d&#8217;inclusi\u00f3 assignat a algun grup estable. Per tant si es dona la circumst\u00e0ncia d&#8217;alguna activitat educativa conjunta que agrupi aquest alumnat, no pot tenir la consideraci\u00f3 de grup estable de conviv\u00e8ncia i caldr\u00e0 adoptar les mesures de protecci\u00f3, higiene i seguretat establertes en aquests casos.<\/li>\n<li style=\"text-align: justify;\"><strong>Un docent i un o una professional de suport educatiu nom\u00e9s pot formar part d&#8217;un \u00fanic grup estable?<\/strong> Efectivament, un professional nom\u00e9s pot formar part d&#8217;un grup estable, per\u00f2 tamb\u00e9 pot treballar amb altres grups mantenint les mesures de seguretat. Ex: l&#8217;educadora d&#8217;educaci\u00f3 especial i la vetlladora hauran d&#8217;utilitzar sempre la mascareta.<\/li>\n<li style=\"text-align: justify;\"><strong>Poden haver-hi m\u00e9s de dues persones (professor\/a i PAE) a l&#8217;aula, per atendre els alumnes amb necessitat de suport? <\/strong>S\u00ed. Si organitzativament \u00e9s possible i la major part de la jornada laboral transcorre en aquest grup, seria una opci\u00f3 recomanable per reduir el nombre de grups no estables. Cal, per\u00f2, que quan hi hagi els docents que no pertanyen al grup estable, es mantinguin les mesures de seguretat<\/li>\n<li style=\"text-align: justify;\"><strong>Com s&#8217;organitzar\u00e0 la SIEI a l&#8217;Institut de l\u2019Arbo\u00e7? <\/strong>De la mateixa manera que l&#8217;organitzaci\u00f3 habitual per\u00f2 seguint les mesures sanit\u00e0ries vigents (<a href=\"https:\/\/drive.google.com\/file\/d\/1WkQqqOE3vO8tDe8sGFJA9qN2Als94B9i\/view?usp=sharing\" target=\"_blank\" rel=\"noopener noreferrer\">acc\u00e9s<\/a>).<\/li>\n<\/ol>\n<\/li>\n<\/ul>\n<p><strong>POSSIBLE CAS CODIV-19 AL CENTRE<\/strong><\/p>\n<ul>\n<li style=\"list-style-type: none;\">\n<ol>\n<li style=\"text-align: justify;\"><strong>Qu\u00e8 cal fer si se sospita que un alumne o alumna t\u00e9 s\u00edmptomes de covid-19? <\/strong>Seguir el protocol seg\u00fcent (<a href=\"https:\/\/drive.google.com\/file\/d\/1jwCcTYU5Xo9ITyZmiO4tN-0ikFhTCPru\/view\" target=\"_blank\" rel=\"noopener noreferrer\">acc\u00e9s<\/a>).<\/li>\n<li style=\"text-align: justify;\"><strong>Davant d&#8217;un cas d&#8217;un alumne o personal del centre sospit\u00f3s de covid-19 que roman al seu domicili, qu\u00e8 cal fer mentre no es confirmi si \u00e9s positiu? <\/strong>L&#8217;activitat del centre continuar\u00e0 amb normalitat a l&#8217;espera del resultat i la fam\u00edlia ha de notificar el diagn\u00f2stic al centre el m\u00e9s aviat possible.<\/li>\n<li style=\"text-align: justify;\"><strong>Qui decideix les mesures que cal prendre en un centre davant d&#8217;un cas positiu de covid-19?<\/strong> Les autoritats sanit\u00e0ries competents.<\/li>\n<\/ol>\n<\/li>\n<\/ul>\n<p><strong>PRESENCIALITAT I MODEL H\u00cdBRID<\/strong><\/p>\n<ul>\n<li style=\"list-style-type: none;\">\n<ol>\n<li style=\"text-align: justify;\"><strong>En quines circumst\u00e0ncies s&#8217;aplicar\u00e0 un model h\u00edbrid?<\/strong> Quan les autoritats sanit\u00e0ries ho requereixin.<\/li>\n<li style=\"text-align: justify;\"><strong>Com s&#8217;ha organitzat la presencialitat a l&#8217;Insitut de l&#8217;Arbo\u00e7?<\/strong> L&#8217;etapa obligat\u00f2ria i postobligat\u00f2ria al 100% presencial sempre que les autoritats sanit\u00e0ries ho permetin.<\/li>\n<\/ol>\n<\/li>\n<\/ul>\n<p><strong>RECURSOS<\/strong><\/p>\n<ul>\n<li style=\"list-style-type: none;\">\n<ol>\n<li style=\"text-align: justify;\"><strong>Com organitzarem la biblioteca a l&#8217;Institut de l&#8217;Arbo\u00e7 durant el proper curs?<\/strong> (<a href=\"https:\/\/drive.google.com\/file\/d\/1VAqddqD_drzDj5cV0RPqWMZshayCuaxs\/view?usp=sharing\" target=\"_blank\" rel=\"noopener noreferrer\">acc\u00e9s<\/a>)<\/li>\n<li style=\"text-align: justify;\"><strong>Hi hauran activitats extraescolars el proper curs 2020\/2021?<\/strong> S\u00ed. Hem prioritzat les que faciliten el distanciament (<a href=\"https:\/\/agora.xtec.cat\/inslarboc\/activitats\/activitats-extraescolars-2020-2021\/\" target=\"_blank\" rel=\"noopener noreferrer\">acc\u00e9s<\/a>).<\/li>\n<\/ol>\n<\/li>\n<\/ul>\n","protected":false},"excerpt":{"rendered":"<p>MATERIALS<\/p>\n<ul>\n<li style=\"list-style-type: none;\">\n<ol>\n<li style=\"text-align: justify;\">Quin material COVID-19 d&#8217;\u00fas personal ha de portar cada alumne\/a? (<a href=\"https:\/\/drive.google.com\/file\/d\/1dOBIRIYmf7jTxi76xYKvAGY7MxizL6m8\/view\" target=\"_blank\" rel=\"noopener noreferrer\">acc\u00e9s<\/a>)<\/li>\n<li style=\"text-align: justify;\">Quin material d&#8217;escriptori d&#8217;\u00fas individual ha de portar cada alumne\/a? (<a href=\"https:\/\/drive.google.com\/file\/d\/1Wi4MpNt_HT5aMUI3htc_cLJMW0ZqMsww\/view\" target=\"_blank\" rel=\"noopener noreferrer\">acc\u00e9s<\/a>).<\/li>\n<li style=\"text-align: justify;\">Quin llibres de text he de portar a l&#8217;Institut?&hellip;  <a href=\"https:\/\/agora.xtec.cat\/inslarboc\/preguntes-frequents-faqs-2020-2021\/\" title=\"Read Preguntes freq\u00fcents, FAQS (2020-2021)\">Llegeix m\u00e9s\u00bb<\/a><br \/>\n","protected":false},"author":1,"featured_media":0,"parent":0,"menu_order":0,"comment_status":"closed","ping_status":"closed","template":"","meta":{"_bbp_topic_count":0,"_bbp_reply_count":0,"_bbp_total_topic_count":0,"_bbp_total_reply_count":0,"_bbp_voice_count":0,"_bbp_anonymous_reply_count":0,"_bbp_topic_count_hidden":0,"_bbp_reply_count_hidden":0,"_bbp_forum_subforum_count":0,"footnotes":""},"class_list":["post-5121","page","type-page","status-publish","hentry"],"post_mailing_queue_ids":[],"_links":{"self":[{"href":"https:\/\/agora.xtec.cat\/inslarboc\/wp-json\/wp\/v2\/pages\/5121","targetHints":{"allow":["GET"]}}],"collection":[{"href":"https:\/\/agora.xtec.cat\/inslarboc\/wp-json\/wp\/v2\/pages"}],"about":[{"href":"https:\/\/agora.xtec.cat\/inslarboc\/wp-json\/wp\/v2\/types\/page"}],"author":[{"embeddable":true,"href":"https:\/\/agora.xtec.cat\/inslarboc\/wp-json\/wp\/v2\/users\/1"}],"replies":[{"embeddable":true,"href":"https:\/\/agora.xtec.cat\/inslarboc\/wp-json\/wp\/v2\/comments?post=5121"}],"version-history":[{"count":4,"href":"https:\/\/agora.xtec.cat\/inslarboc\/wp-json\/wp\/v2\/pages\/5121\/revisions"}],"predecessor-version":[{"id":5210,"href":"https:\/\/agora.xtec.cat\/inslarboc\/wp-json\/wp\/v2\/pages\/5121\/revisions\/5210"}],"wp:attachment":[{"href":"https:\/\/agora.xtec.cat\/inslarboc\/wp-json\/wp\/v2\/media?parent=5121"}],"curies":[{"name":"wp","href":"https:\/\/api.w.org\/{rel}","templated":true}]}}