{"id":9133,"date":"2021-09-11T11:47:15","date_gmt":"2021-09-11T09:47:15","guid":{"rendered":"https:\/\/agora.xtec.cat\/inslaplana\/?page_id=9133"},"modified":"2021-09-11T14:03:50","modified_gmt":"2021-09-11T12:03:50","slug":"plataformes-de-contacte","status":"publish","type":"page","link":"https:\/\/agora.xtec.cat\/inslaplana\/plataformes-de-contacte\/","title":{"rendered":"Plataformes de contacte"},"content":{"rendered":"<table style=\"border-collapse: collapse; width: 100%;\">\n<tbody>\n<tr>\n<td style=\"width: 100%;\">\n<h4 style=\"text-align: center;\">plataforma iEduca\u00a0 \u00a0 CONTACTE INSTITUT &#8211; FAM\u00cdLIES<\/h4>\n<p><a href=\"https:\/\/agora.xtec.cat\/inslaplana\/wp-content\/uploads\/usu1618\/2021\/09\/ieduca.jpg\"><img loading=\"lazy\" decoding=\"async\" class=\"wp-image-9137 alignleft\" src=\"https:\/\/agora.xtec.cat\/inslaplana\/wp-content\/uploads\/usu1618\/2021\/09\/ieduca.jpg\" alt=\"\" width=\"230\" height=\"141\" \/><\/a>iEduca \u00e9s una plataforma inform\u00e0tica que permet a les fam\u00edlies estar informades sobre l&#8217;activitat de l&#8217;alumnat i facilita el contacte amb els docents.\u00a0 Es pot consutar el control de faltes d&#8217;assist\u00e8ncia, observacions i incid\u00e8ncies. Tamb\u00e9\u00a0 servir\u00e0 per rebre els butlletins de notes i informacions rellevants. Ofereix un servei de missatgeria per contactar amb tutors i altres docents.<\/p>\n<p>Es pot accedir a iEduca amb un PC o amb un smartphone, de forma gratu\u00efta. L&#8217;institut, via tutor individual, proporciona a les fam\u00edlies un usuari i contrasenya.<\/p>\n<p>&nbsp;<\/p>\n<ul>\n<li>Acc\u00e9s des d&#8217;un ordinador: \u00a0<a class=\"button normal\" style=\"padding: 1em; font-weight: 400; margin: 0.1em; color: white !important; background-color: #4c86a6bf;\" href=\"https:\/\/login.ieduca.com\/\" target=\"_blank\" rel=\"noopener noreferrer\">Acc\u00e9s iEduca PC \u00a0<\/a>\u00a0 \u00a0 \u00a0 \u00a0 \u00a0 \u00a0 \u00a0 <a class=\"button small\" style=\"padding: 1em; font-weight: 400; margin: 0.1em; background-color: transparent; border: 1px solid#4c86a6; color: #4c86a6;\" href=\"https:\/\/agora.xtec.cat\/inslaplana\/wp-content\/uploads\/usu1618\/2021\/09\/Beneficis-APP-iEduca-per-les-families.pdf\" rel=\"noopener noreferrer\">Guia iEduca per les fam\u00edlies<\/a><\/li>\n<li>Video-tutorial per instalar la App iEduca-TokApp als smartphones:<\/li>\n<\/ul>\n<p style=\"text-align: center;\"><iframe loading=\"lazy\" src=\"\/\/www.youtube.com\/embed\/rnFTwePxLpc\" width=\"560\" height=\"314\" allowfullscreen=\"allowfullscreen\"><\/iframe><\/p>\n<\/td>\n<\/tr>\n<\/tbody>\n<\/table>\n<table style=\"border-collapse: collapse; width: 100%;\">\n<tbody>\n<tr>\n<td style=\"width: 100%;\">\n<h4 style=\"text-align: center;\">plataforma MOODLE\u00a0 \u00a0CONTACTE DOCENTS- ALUMNAT<\/h4>\n<p><a href=\"https:\/\/agora.xtec.cat\/inslaplana\/wp-content\/uploads\/usu1618\/2021\/09\/moodle.jpg\"><img loading=\"lazy\" decoding=\"async\" class=\"wp-image-9140 alignleft\" src=\"https:\/\/agora.xtec.cat\/inslaplana\/wp-content\/uploads\/usu1618\/2021\/09\/moodle-300x138.jpg\" alt=\"\" width=\"226\" height=\"104\" srcset=\"https:\/\/agora.xtec.cat\/inslaplana\/wp-content\/uploads\/usu1618\/2021\/09\/moodle-300x138.jpg 300w, https:\/\/agora.xtec.cat\/inslaplana\/wp-content\/uploads\/usu1618\/2021\/09\/moodle-768x352.jpg 768w, https:\/\/agora.xtec.cat\/inslaplana\/wp-content\/uploads\/usu1618\/2021\/09\/moodle.jpg 850w\" sizes=\"auto, (max-width: 226px) 100vw, 226px\" \/><\/a>Moodle \u00e9s una plataforma d&#8217;aprenentatge amb gran varietat de recursos.<\/p>\n<p>L&#8217;alumnat disposa d&#8217;usuari i contrasenya per accedir de manera privada i segura.<\/p>\n<p><a class=\"button normal\" style=\"padding: 1em; font-weight: 400; margin: 0.1em; color: white !important; background-color: #ff3257bf;\" href=\"https:\/\/educaciodigital.cat\/inslaplana\/moodle\/\" target=\"_blank\" rel=\"noopener noreferrer\">Acc\u00e9s MOODLE<\/a><\/td>\n<\/tr>\n<\/tbody>\n<\/table>\n<table style=\"border-collapse: collapse; width: 100%;\">\n<tbody>\n<tr>\n<td style=\"width: 100%;\">\n<h4 style=\"text-align: center;\">plataforma TPV\u00a0 \u00a0PAGAMENTS ONLINE<\/h4>\n<p><a href=\"https:\/\/agora.xtec.cat\/inslaplana\/wp-content\/uploads\/usu1618\/2021\/09\/67-TPV-virtual-pago-con-tarjeta.png\"><img loading=\"lazy\" decoding=\"async\" class=\"wp-image-9141 alignleft\" src=\"https:\/\/agora.xtec.cat\/inslaplana\/wp-content\/uploads\/usu1618\/2021\/09\/67-TPV-virtual-pago-con-tarjeta-300x170.png\" alt=\"\" width=\"251\" height=\"142\" srcset=\"https:\/\/agora.xtec.cat\/inslaplana\/wp-content\/uploads\/usu1618\/2021\/09\/67-TPV-virtual-pago-con-tarjeta-300x170.png 300w, https:\/\/agora.xtec.cat\/inslaplana\/wp-content\/uploads\/usu1618\/2021\/09\/67-TPV-virtual-pago-con-tarjeta.png 670w\" sizes=\"auto, (max-width: 251px) 100vw, 251px\" \/><\/a><\/p>\n<p>Els pagaments a l&#8217;institut es faran mitjant\u00e7ant la plataforma TPV.<\/p>\n<p>No es pot pagar en efectiu. Tampoc es pot fer un ingr\u00e9s o una transfer\u00e8ncia al n\u00famero de compte de l&#8217;institut.<\/p>\n<p>Excepcionalment s&#8217;acceptaran pagaments amb tarjeta de cr\u00e8dit a la Secretaria de l&#8217;institut.<\/p>\n<p><a class=\"button normal\" style=\"padding: 1em; font-weight: 400; margin: 0.1em; color: white !important; background-color: #4c86a6;\" href=\"https:\/\/tpv.institutlaplana.com\/\" target=\"_blank\" rel=\"noopener noreferrer\">Pagament TPV<\/a><\/td>\n<\/tr>\n<\/tbody>\n<\/table>\n<table style=\"border-collapse: collapse; width: 100%; height: 31px;\">\n<tbody>\n<tr style=\"height: 31px;\">\n<td style=\"width: 100%; height: 31px;\">\n<h4>TEL\u00c8FON: 938834851<\/h4>\n<h5>CORREU ELECTR\u00d2NIC:\u00a0 a8062870@xtec.cat<\/h5>\n<\/td>\n<\/tr>\n<\/tbody>\n<\/table>\n","protected":false},"excerpt":{"rendered":"<p>plataforma iEduca\u00a0 \u00a0 CONTACTE INSTITUT &#8211; FAM\u00cdLIES<br \/>\n<a href=\"https:\/\/agora.xtec.cat\/inslaplana\/wp-content\/uploads\/usu1618\/2021\/09\/ieduca.jpg\"><\/a>iEduca \u00e9s una plataforma inform\u00e0tica que permet a les fam\u00edlies estar informades sobre l&#8217;activitat de l&#8217;alumnat i facilita el contacte amb els docents.\u00a0 Es pot consutar el control de faltes d&#8217;assist\u00e8ncia, observacions i incid\u00e8ncies. Tamb\u00e9\u00a0 servir\u00e0 per rebre&hellip;  <a href=\"https:\/\/agora.xtec.cat\/inslaplana\/plataformes-de-contacte\/\" title=\"Read Plataformes de contacte\">Llegeix m\u00e9s\u00bb<\/a><\/p>\n","protected":false},"author":1,"featured_media":0,"parent":0,"menu_order":0,"comment_status":"closed","ping_status":"closed","template":"","meta":{"_bbp_topic_count":0,"_bbp_reply_count":0,"_bbp_total_topic_count":0,"_bbp_total_reply_count":0,"_bbp_voice_count":0,"_bbp_anonymous_reply_count":0,"_bbp_topic_count_hidden":0,"_bbp_reply_count_hidden":0,"_bbp_forum_subforum_count":0,"footnotes":""},"class_list":["post-9133","page","type-page","status-publish","hentry"],"post_mailing_queue_ids":[],"_links":{"self":[{"href":"https:\/\/agora.xtec.cat\/inslaplana\/wp-json\/wp\/v2\/pages\/9133","targetHints":{"allow":["GET"]}}],"collection":[{"href":"https:\/\/agora.xtec.cat\/inslaplana\/wp-json\/wp\/v2\/pages"}],"about":[{"href":"https:\/\/agora.xtec.cat\/inslaplana\/wp-json\/wp\/v2\/types\/page"}],"author":[{"embeddable":true,"href":"https:\/\/agora.xtec.cat\/inslaplana\/wp-json\/wp\/v2\/users\/1"}],"replies":[{"embeddable":true,"href":"https:\/\/agora.xtec.cat\/inslaplana\/wp-json\/wp\/v2\/comments?post=9133"}],"version-history":[{"count":3,"href":"https:\/\/agora.xtec.cat\/inslaplana\/wp-json\/wp\/v2\/pages\/9133\/revisions"}],"predecessor-version":[{"id":9158,"href":"https:\/\/agora.xtec.cat\/inslaplana\/wp-json\/wp\/v2\/pages\/9133\/revisions\/9158"}],"wp:attachment":[{"href":"https:\/\/agora.xtec.cat\/inslaplana\/wp-json\/wp\/v2\/media?parent=9133"}],"curies":[{"name":"wp","href":"https:\/\/api.w.org\/{rel}","templated":true}]}}