{"id":803,"date":"2018-11-06T23:45:50","date_gmt":"2018-11-06T22:45:50","guid":{"rendered":"http:\/\/agora.xtec.cat\/inslaplana\/?page_id=803"},"modified":"2018-11-11T22:42:54","modified_gmt":"2018-11-11T21:42:54","slug":"projecte-avancem","status":"publish","type":"page","link":"https:\/\/agora.xtec.cat\/inslaplana\/formacio-professorat\/projecte-avancem\/","title":{"rendered":"Projecte AVANCEM"},"content":{"rendered":"<p>&nbsp;<\/p>\n<p><a href=\"https:\/\/agora.xtec.cat\/inslaplana\/wp-content\/uploads\/usu1618\/2018\/11\/baixa-1.png\"><img loading=\"lazy\" decoding=\"async\" class=\"aligncenter wp-image-804\" src=\"https:\/\/agora.xtec.cat\/inslaplana\/wp-content\/uploads\/usu1618\/2018\/11\/baixa-1.png\" alt=\"\" width=\"402\" height=\"237\" \/><\/a><\/p>\n<p>Aquest programa d\u2019innovaci\u00f3 pedag\u00f2gica del Departament d\u2019Ensenyament <a href=\"http:\/\/xtec.gencat.cat\/ca\/projectes\/plurilinguisme\/programes\/pluri\/avancem\/\">Avancem:<\/a>\u00a0 t\u00e9 com a finalitat dotar el nostre alumnat d\u2019una compet\u00e8ncia pluriling\u00fce s\u00f2lida que afavoreixi\u00a0 el seu creixement acad\u00e8mic i posterior inserci\u00f3 laboral. D\u2019altra banda, fomenta un ensenyament de les lleng\u00fces competencial, que parteixi del consens i la cooperaci\u00f3 entre el professorat de llengua i que promogui el disseny de projectes d\u2019aula en qu\u00e8 participen diverses lleng\u00fces.<\/p>\n<p>Els centres participants en el programa AVANCEM gaudiran dels recursos seg\u00fcents:<\/p>\n<p>a) Assessorament al grup impulsor per al disseny i implementaci\u00f3 del projecte, aix\u00ed com per a la redacci\u00f3 de la mem\u00f2ria d\u2019activitats i d\u2019avaluaci\u00f3 de l\u2019acci\u00f3 en el centre.<\/p>\n<p>b) Formaci\u00f3 adre\u00e7ada als docents designats per la direcci\u00f3 del centre educatiu.<\/p>\n<p>c) Difusi\u00f3 dels materials did\u00e0ctics fruit de la participaci\u00f3 en l\u2019AVANCEM que hagin estat seleccionats per la unitat gestora del programa per la seva qualitat i rellev\u00e0ncia.<\/p>\n<p>d) Documentaci\u00f3 per a la gesti\u00f3 del programa.<\/p>\n<p><a href=\"https:\/\/agora.xtec.cat\/inslaplana\/wp-content\/uploads\/usu1618\/2018\/11\/avancem-junts-cap-al-tractament-integrat-de-llenges-til-7-638.jpg\"><img loading=\"lazy\" decoding=\"async\" class=\"aligncenter size-large wp-image-810\" src=\"https:\/\/agora.xtec.cat\/inslaplana\/wp-content\/uploads\/usu1618\/2018\/11\/avancem-junts-cap-al-tractament-integrat-de-llenges-til-7-638.jpg\" alt=\"\" width=\"638\" height=\"479\" srcset=\"https:\/\/agora.xtec.cat\/inslaplana\/wp-content\/uploads\/usu1618\/2018\/11\/avancem-junts-cap-al-tractament-integrat-de-llenges-til-7-638.jpg 638w, https:\/\/agora.xtec.cat\/inslaplana\/wp-content\/uploads\/usu1618\/2018\/11\/avancem-junts-cap-al-tractament-integrat-de-llenges-til-7-638-300x225.jpg 300w, https:\/\/agora.xtec.cat\/inslaplana\/wp-content\/uploads\/usu1618\/2018\/11\/avancem-junts-cap-al-tractament-integrat-de-llenges-til-7-638-200x150.jpg 200w\" sizes=\"auto, (max-width: 638px) 100vw, 638px\" \/><\/a><\/p>\n","protected":false},"excerpt":{"rendered":"<p>&nbsp;<br \/>\n<a href=\"https:\/\/agora.xtec.cat\/inslaplana\/wp-content\/uploads\/usu1618\/2018\/11\/baixa-1.png\"><\/a><br \/>\nAquest programa d\u2019innovaci\u00f3 pedag\u00f2gica del Departament d\u2019Ensenyament <a href=\"http:\/\/xtec.gencat.cat\/ca\/projectes\/plurilinguisme\/programes\/pluri\/avancem\/\">Avancem:<\/a>\u00a0 t\u00e9 com a finalitat dotar el nostre alumnat d\u2019una compet\u00e8ncia pluriling\u00fce s\u00f2lida que afavoreixi\u00a0 el seu creixement acad\u00e8mic i posterior inserci\u00f3 laboral. D\u2019altra banda, fomenta un ensenyament de les lleng\u00fces competencial, que parteixi del consens&hellip;  <a href=\"https:\/\/agora.xtec.cat\/inslaplana\/formacio-professorat\/projecte-avancem\/\" title=\"Read Projecte AVANCEM\">Llegeix m\u00e9s\u00bb<\/a><\/p>\n","protected":false},"author":1,"featured_media":0,"parent":1027,"menu_order":0,"comment_status":"closed","ping_status":"closed","template":"page-templates\/side-menu.php","meta":{"_bbp_topic_count":0,"_bbp_reply_count":0,"_bbp_total_topic_count":0,"_bbp_total_reply_count":0,"_bbp_voice_count":0,"_bbp_anonymous_reply_count":0,"_bbp_topic_count_hidden":0,"_bbp_reply_count_hidden":0,"_bbp_forum_subforum_count":0,"footnotes":""},"class_list":["post-803","page","type-page","status-publish","hentry"],"post_mailing_queue_ids":[],"_links":{"self":[{"href":"https:\/\/agora.xtec.cat\/inslaplana\/wp-json\/wp\/v2\/pages\/803","targetHints":{"allow":["GET"]}}],"collection":[{"href":"https:\/\/agora.xtec.cat\/inslaplana\/wp-json\/wp\/v2\/pages"}],"about":[{"href":"https:\/\/agora.xtec.cat\/inslaplana\/wp-json\/wp\/v2\/types\/page"}],"author":[{"embeddable":true,"href":"https:\/\/agora.xtec.cat\/inslaplana\/wp-json\/wp\/v2\/users\/1"}],"replies":[{"embeddable":true,"href":"https:\/\/agora.xtec.cat\/inslaplana\/wp-json\/wp\/v2\/comments?post=803"}],"version-history":[{"count":3,"href":"https:\/\/agora.xtec.cat\/inslaplana\/wp-json\/wp\/v2\/pages\/803\/revisions"}],"predecessor-version":[{"id":812,"href":"https:\/\/agora.xtec.cat\/inslaplana\/wp-json\/wp\/v2\/pages\/803\/revisions\/812"}],"up":[{"embeddable":true,"href":"https:\/\/agora.xtec.cat\/inslaplana\/wp-json\/wp\/v2\/pages\/1027"}],"wp:attachment":[{"href":"https:\/\/agora.xtec.cat\/inslaplana\/wp-json\/wp\/v2\/media?parent=803"}],"curies":[{"name":"wp","href":"https:\/\/api.w.org\/{rel}","templated":true}]}}