{"id":1027,"date":"2018-11-11T22:36:47","date_gmt":"2018-11-11T21:36:47","guid":{"rendered":"http:\/\/agora.xtec.cat\/inslaplana\/?page_id=1027"},"modified":"2018-11-11T22:38:42","modified_gmt":"2018-11-11T21:38:42","slug":"formacio-professorat","status":"publish","type":"page","link":"https:\/\/agora.xtec.cat\/inslaplana\/formacio-professorat\/","title":{"rendered":"Formaci\u00f3 professorat"},"content":{"rendered":"<p><a href=\"https:\/\/agora.xtec.cat\/inslaplana\/wp-content\/uploads\/usu1618\/2018\/11\/baixa-2-1.jpg\"><img loading=\"lazy\" decoding=\"async\" class=\"alignleft  wp-image-1028\" src=\"https:\/\/agora.xtec.cat\/inslaplana\/wp-content\/uploads\/usu1618\/2018\/11\/baixa-2-1.jpg\" alt=\"\" width=\"248\" height=\"217\" \/><\/a>Aquest curs escolar el personal docent de l&#8217;Institut La Plana est\u00e0 involucrat en quatre projectes en quatre projectes de formaci\u00f3 del professorat:<\/p>\n<p>AVANCEM,<\/p>\n<p>ESCOLA NOVA 21,<\/p>\n<p>XARXA DE COMPET\u00c8NCIES B\u00c0SIQUES, I<\/p>\n<p>AVALUACI\u00d3 I FORMACI\u00d3 PER COMPET\u00c8NCIES (CIFE UVIC)<\/p>\n","protected":false},"excerpt":{"rendered":"<p><a href=\"https:\/\/agora.xtec.cat\/inslaplana\/wp-content\/uploads\/usu1618\/2018\/11\/baixa-2-1.jpg\"><\/a>Aquest curs escolar el personal docent de l&#8217;Institut La Plana est\u00e0 involucrat en quatre projectes en quatre projectes de formaci\u00f3 del professorat:<br \/>\nAVANCEM,<br \/>\nESCOLA NOVA 21,<br \/>\nXARXA DE COMPET\u00c8NCIES B\u00c0SIQUES, I<br \/>\nAVALUACI\u00d3 I FORMACI\u00d3 PER COMPET\u00c8NCIES (CIFE UVIC)<\/p>\n","protected":false},"author":1,"featured_media":0,"parent":0,"menu_order":0,"comment_status":"closed","ping_status":"closed","template":"page-templates\/side-menu.php","meta":{"_bbp_topic_count":0,"_bbp_reply_count":0,"_bbp_total_topic_count":0,"_bbp_total_reply_count":0,"_bbp_voice_count":0,"_bbp_anonymous_reply_count":0,"_bbp_topic_count_hidden":0,"_bbp_reply_count_hidden":0,"_bbp_forum_subforum_count":0,"footnotes":""},"class_list":["post-1027","page","type-page","status-publish","hentry"],"post_mailing_queue_ids":[],"_links":{"self":[{"href":"https:\/\/agora.xtec.cat\/inslaplana\/wp-json\/wp\/v2\/pages\/1027","targetHints":{"allow":["GET"]}}],"collection":[{"href":"https:\/\/agora.xtec.cat\/inslaplana\/wp-json\/wp\/v2\/pages"}],"about":[{"href":"https:\/\/agora.xtec.cat\/inslaplana\/wp-json\/wp\/v2\/types\/page"}],"author":[{"embeddable":true,"href":"https:\/\/agora.xtec.cat\/inslaplana\/wp-json\/wp\/v2\/users\/1"}],"replies":[{"embeddable":true,"href":"https:\/\/agora.xtec.cat\/inslaplana\/wp-json\/wp\/v2\/comments?post=1027"}],"version-history":[{"count":2,"href":"https:\/\/agora.xtec.cat\/inslaplana\/wp-json\/wp\/v2\/pages\/1027\/revisions"}],"predecessor-version":[{"id":1030,"href":"https:\/\/agora.xtec.cat\/inslaplana\/wp-json\/wp\/v2\/pages\/1027\/revisions\/1030"}],"wp:attachment":[{"href":"https:\/\/agora.xtec.cat\/inslaplana\/wp-json\/wp\/v2\/media?parent=1027"}],"curies":[{"name":"wp","href":"https:\/\/api.w.org\/{rel}","templated":true}]}}