{"id":354,"date":"2016-02-09T16:21:31","date_gmt":"2016-02-09T15:21:31","guid":{"rendered":"http:\/\/agora.xtec.cat\/inslaialarquera\/?page_id=354"},"modified":"2024-03-06T13:34:05","modified_gmt":"2024-03-06T12:34:05","slug":"projecte-de-llengues-estrangeres","status":"publish","type":"page","link":"https:\/\/agora.xtec.cat\/inslaialarquera\/projecte-educatiu\/projecte-de-llengues-estrangeres\/","title":{"rendered":"Projecte de Lleng\u00fces estrangeres"},"content":{"rendered":"<p align=\"JUSTIFY\">Des de l\u2019Institut <i>Laia l\u2019Arquera <\/i>ens hem plantejat la import\u00e0ncia de les lleng\u00fces estrangeres tant a les fases posteriors dels estudis postobligatoris, amb la necessitat d\u2019acreditaci\u00f3 de nivells del MECR en les carreres universit\u00e0ries, tant com a eina d\u2019estudi en el domini de les compet\u00e8ncies, com en l&#8217;\u00e0mbit professional on s\u2019ha demostrat el seu criticisme a l\u2019hora de fer la presentaci\u00f3 de curr\u00edcula a les entrevistes de feina o a la selecci\u00f3 de personal.<\/p>\n<p align=\"JUSTIFY\">D\u2019aquesta manera, liderats per la direcci\u00f3 del centre, encetem el grup de treball que t\u00e9 com a objectiu la implicaci\u00f3 de la resta de docents en el tractament de les lleng\u00fces al m\u00e0xim nombre de mat\u00e8ries possibles en el ben ent\u00e8s que la situaci\u00f3 actual de formaci\u00f3 del professorat o autonomia dels centres no permet que pugui abastar la totalitat de les mat\u00e8ries, i per tant, lligat a la bona disposici\u00f3 dels companys i les nostres possibilitats presents, iniciem aquest projecte amb una durada prevista de quatre anys.<\/p>\n<p align=\"JUSTIFY\">El nostre Centre pertany al GEP (Grup d\u2019Experimentaci\u00f3 per al Pluriling\u00fcisme), nomenament que va ser atorgat amb posterioritat a la nostra decisi\u00f3 d\u2019iniciar aquest projecte que esperem que serveixi per incentivar i millorar els resultats de compet\u00e8ncies en llengua estrangera, l\u2019inter\u00e8s per aquestes de cara als alumnes i les seves habilitats de cara al futur tant acad\u00e8mica, com professional o personalment.<\/p>\n","protected":false},"excerpt":{"rendered":"<p>Des de l\u2019Institut Laia l\u2019Arquera ens hem plantejat la import\u00e0ncia de les lleng\u00fces estrangeres tant a les fases posteriors dels estudis postobligatoris, amb la necessitat d\u2019acreditaci\u00f3 de nivells del MECR en les carreres universit\u00e0ries, tant com a eina d\u2019estudi en el domini de les compet\u00e8ncies,&hellip;  <a href=\"https:\/\/agora.xtec.cat\/inslaialarquera\/projecte-educatiu\/projecte-de-llengues-estrangeres\/\" title=\"Read Projecte de Lleng\u00fces estrangeres\">Llegeix m\u00e9s\u00bb<\/a><\/p>\n","protected":false},"author":1,"featured_media":0,"parent":57,"menu_order":0,"comment_status":"closed","ping_status":"closed","template":"page-templates\/side-menu.php","meta":{"_bbp_topic_count":0,"_bbp_reply_count":0,"_bbp_total_topic_count":0,"_bbp_total_reply_count":0,"_bbp_voice_count":0,"_bbp_anonymous_reply_count":0,"_bbp_topic_count_hidden":0,"_bbp_reply_count_hidden":0,"_bbp_forum_subforum_count":0,"footnotes":""},"class_list":["post-354","page","type-page","status-publish","hentry"],"post_mailing_queue_ids":[],"_links":{"self":[{"href":"https:\/\/agora.xtec.cat\/inslaialarquera\/wp-json\/wp\/v2\/pages\/354","targetHints":{"allow":["GET"]}}],"collection":[{"href":"https:\/\/agora.xtec.cat\/inslaialarquera\/wp-json\/wp\/v2\/pages"}],"about":[{"href":"https:\/\/agora.xtec.cat\/inslaialarquera\/wp-json\/wp\/v2\/types\/page"}],"author":[{"embeddable":true,"href":"https:\/\/agora.xtec.cat\/inslaialarquera\/wp-json\/wp\/v2\/users\/1"}],"replies":[{"embeddable":true,"href":"https:\/\/agora.xtec.cat\/inslaialarquera\/wp-json\/wp\/v2\/comments?post=354"}],"version-history":[{"count":5,"href":"https:\/\/agora.xtec.cat\/inslaialarquera\/wp-json\/wp\/v2\/pages\/354\/revisions"}],"predecessor-version":[{"id":2290,"href":"https:\/\/agora.xtec.cat\/inslaialarquera\/wp-json\/wp\/v2\/pages\/354\/revisions\/2290"}],"up":[{"embeddable":true,"href":"https:\/\/agora.xtec.cat\/inslaialarquera\/wp-json\/wp\/v2\/pages\/57"}],"wp:attachment":[{"href":"https:\/\/agora.xtec.cat\/inslaialarquera\/wp-json\/wp\/v2\/media?parent=354"}],"curies":[{"name":"wp","href":"https:\/\/api.w.org\/{rel}","templated":true}]}}