{"id":2189,"date":"2023-10-08T20:29:59","date_gmt":"2023-10-08T18:29:59","guid":{"rendered":"https:\/\/agora.xtec.cat\/inslaialarquera\/?page_id=2189"},"modified":"2023-10-09T08:27:44","modified_gmt":"2023-10-09T06:27:44","slug":"xxxi-marxa-nocturna","status":"publish","type":"page","link":"https:\/\/agora.xtec.cat\/inslaialarquera\/xxxi-marxa-nocturna\/","title":{"rendered":"XXXI Marxa Nocturna"},"content":{"rendered":"<p>El dia 21 d&#8217;octubre celebrem la XXXI Marxa Nocturna organitzada per l&#8217;AFA del centre. \u00c9s una caminada pels entorns de Matar\u00f3 que s&#8217;inicia i finalitza a l&#8217;Institut Laia l&#8217;Arquera.<br \/>\n\u00c9s una activitat que serveix per a crear lla\u00e7os entre fam\u00edlies i institut, al mateix temps que gaudim amb els nostres fills i filles. \u00c9s una marxa senzilla de 12 quilometres per tots els p\u00fablics que suposa unes 4 hores anar i tornar, que comen\u00e7a a l\u2019institut i acaba a la font picant d\u2019Argentona<br \/>\n\u00c9s important que feu la inscripci\u00f3 el m\u00e9s aviat possible per a intentar garantir que hi ha menjar per tothom i samarretes de les talles correctes.<br \/>\nPer inscriure\u2019s cal fer aquests DOS passos:<br \/>\n1)\u00a0 \u00a0 \u00a0 Emplenar el formulari seg\u00fcent: <a href=\"https:\/\/forms.gle\/sd7z2ADxAh4W4AY67\" target=\"_blank\" rel=\"noopener noreferrer\" data-saferedirecturl=\"https:\/\/www.google.com\/url?q=https:\/\/forms.gle\/sd7z2ADxAh4W4AY67&amp;source=gmail&amp;ust=1696875687953000&amp;usg=AOvVaw0w6mNNH_sjHwDhyBrstAEg\">https:\/\/forms.gle\/sd7z2ADxAh4W<wbr \/>4AY67<\/a><br \/>\n2)\u00a0 \u00a0 \u00a0 Fer el pagament per mitj\u00e0 de 5 \u20ac per persona que inclou la samarreta, l&#8217;avituallament i entrep\u00e0 i beguda en finalitzar la marxa.\u00a0<a href=\"https:\/\/buytickets.at\/afaieslaialarquera\/1022421\" target=\"_blank\" rel=\"noopener noreferrer\" data-saferedirecturl=\"https:\/\/www.google.com\/url?q=https:\/\/buytickets.at\/afaieslaialarquera\/1022421&amp;source=gmail&amp;ust=1696875687953000&amp;usg=AOvVaw15V_j4S1I_U10Gg2bIBIcC\">https:\/\/buytickets.at\/afaiesla<wbr \/>ialarquera\/1022421<\/a><\/p>\n<p>Els que ho desitgeu tamb\u00e9 podeu fer el pagament a la consergeria de l\u2019Institut com cada any.<br \/>\nHi pot participar tothom, tant si s\u00f3n alumnes o fam\u00edlies del centre, amics, coneguts, ve\u00efns, etc.<br \/>\nUs hi esperem!<\/p>\n<p><a href=\"https:\/\/agora.xtec.cat\/inslaialarquera\/wp-content\/uploads\/usu546\/2023\/10\/Marxa_Nocturnal_2023-scaled.jpg\"><img loading=\"lazy\" decoding=\"async\" class=\"alignnone size-large wp-image-2192\" src=\"https:\/\/agora.xtec.cat\/inslaialarquera\/wp-content\/uploads\/usu546\/2023\/10\/Marxa_Nocturnal_2023-865x1024.jpg\" alt=\"\" width=\"865\" height=\"1024\" srcset=\"https:\/\/agora.xtec.cat\/inslaialarquera\/wp-content\/uploads\/usu546\/2023\/10\/Marxa_Nocturnal_2023-865x1024.jpg 865w, https:\/\/agora.xtec.cat\/inslaialarquera\/wp-content\/uploads\/usu546\/2023\/10\/Marxa_Nocturnal_2023-253x300.jpg 253w, https:\/\/agora.xtec.cat\/inslaialarquera\/wp-content\/uploads\/usu546\/2023\/10\/Marxa_Nocturnal_2023-768x909.jpg 768w, https:\/\/agora.xtec.cat\/inslaialarquera\/wp-content\/uploads\/usu546\/2023\/10\/Marxa_Nocturnal_2023-1298x1536.jpg 1298w, https:\/\/agora.xtec.cat\/inslaialarquera\/wp-content\/uploads\/usu546\/2023\/10\/Marxa_Nocturnal_2023-1730x2048.jpg 1730w\" sizes=\"auto, (max-width: 865px) 100vw, 865px\" \/><\/a><\/p>\n","protected":false},"excerpt":{"rendered":"<p>El dia 21 d&#8217;octubre celebrem la XXXI Marxa Nocturna organitzada per l&#8217;AFA del centre. \u00c9s una caminada pels entorns de Matar\u00f3 que s&#8217;inicia i finalitza a l&#8217;Institut Laia l&#8217;Arquera.<br \/>\n\u00c9s una activitat que serveix per a crear lla\u00e7os entre fam\u00edlies i institut, al mateix temps que&hellip;  <a href=\"https:\/\/agora.xtec.cat\/inslaialarquera\/xxxi-marxa-nocturna\/\" title=\"Read XXXI Marxa Nocturna\">Llegeix m\u00e9s\u00bb<\/a><\/p>\n","protected":false},"author":1,"featured_media":0,"parent":0,"menu_order":0,"comment_status":"closed","ping_status":"closed","template":"","meta":{"_bbp_topic_count":0,"_bbp_reply_count":0,"_bbp_total_topic_count":0,"_bbp_total_reply_count":0,"_bbp_voice_count":0,"_bbp_anonymous_reply_count":0,"_bbp_topic_count_hidden":0,"_bbp_reply_count_hidden":0,"_bbp_forum_subforum_count":0,"footnotes":""},"class_list":["post-2189","page","type-page","status-publish","hentry"],"post_mailing_queue_ids":[],"_links":{"self":[{"href":"https:\/\/agora.xtec.cat\/inslaialarquera\/wp-json\/wp\/v2\/pages\/2189","targetHints":{"allow":["GET"]}}],"collection":[{"href":"https:\/\/agora.xtec.cat\/inslaialarquera\/wp-json\/wp\/v2\/pages"}],"about":[{"href":"https:\/\/agora.xtec.cat\/inslaialarquera\/wp-json\/wp\/v2\/types\/page"}],"author":[{"embeddable":true,"href":"https:\/\/agora.xtec.cat\/inslaialarquera\/wp-json\/wp\/v2\/users\/1"}],"replies":[{"embeddable":true,"href":"https:\/\/agora.xtec.cat\/inslaialarquera\/wp-json\/wp\/v2\/comments?post=2189"}],"version-history":[{"count":2,"href":"https:\/\/agora.xtec.cat\/inslaialarquera\/wp-json\/wp\/v2\/pages\/2189\/revisions"}],"predecessor-version":[{"id":2194,"href":"https:\/\/agora.xtec.cat\/inslaialarquera\/wp-json\/wp\/v2\/pages\/2189\/revisions\/2194"}],"wp:attachment":[{"href":"https:\/\/agora.xtec.cat\/inslaialarquera\/wp-json\/wp\/v2\/media?parent=2189"}],"curies":[{"name":"wp","href":"https:\/\/api.w.org\/{rel}","templated":true}]}}