{"id":995,"date":"2016-12-28T10:16:17","date_gmt":"2016-12-28T09:16:17","guid":{"rendered":"http:\/\/agora.xtec.cat\/inslacetania\/?page_id=995"},"modified":"2025-01-20T12:49:04","modified_gmt":"2025-01-20T11:49:04","slug":"modalitats-bat","status":"publish","type":"page","link":"https:\/\/agora.xtec.cat\/inslacetania\/batxillerat\/modalitats-bat\/","title":{"rendered":"BAT. Quines modalitats hi ha?"},"content":{"rendered":"<p>El Batxillerat t\u00e9 actualment quatre modalitats:<\/p>\n<p><b>1. Ci\u00e8ncies i Tecnologia<\/b><\/p>\n<p>Aquesta modalitat es dirigeix a estudiants interessats pel m\u00f3n biosanitari, les matem\u00e0tiques, els processos tecnol\u00f2gics i les ci\u00e8ncies experimentals. Si tries aquesta opci\u00f3 podr\u00e0s cursar mat\u00e8ries com F\u00edsica, Qu\u00edmica, Matem\u00e0tiques, Tecnologia i Enginyeria o Biologia.<\/p>\n<p>En l&#8217;acc\u00e9s a la universitat aquestes mat\u00e8ries ponderen b\u00e9 en carreres de les branques de<a href=\"https:\/\/www.educaweb.cat\/continguts\/educatius\/estudis-universitaris\/oferta-titulacions-universitaries-branca-coneixement\/ciencies\/\" target=\"_blank\" rel=\"noopener\"> Ci\u00e8ncies<\/a>, <a href=\"https:\/\/www.educaweb.cat\/continguts\/educatius\/estudis-universitaris\/oferta-titulacions-universitaries-branca-coneixement\/ciencies-salut\/\" target=\"_blank\" rel=\"noopener\">Ci\u00e8ncies de la salut<\/a> o <a href=\"https:\/\/www.educaweb.cat\/continguts\/educatius\/estudis-universitaris\/oferta-titulacions-universitaries-branca-coneixement\/enginyeria-arquitectura\/\" target=\"_blank\" rel=\"noopener\">Enginyeria i Arquitectura.<\/a><\/p>\n<p><b>2. Humanitats i Ci\u00e8ncies Socials<\/b><\/p>\n<p>Solen optar per aquesta modalitat els estudiants que tenen inquietuds relacionades amb la filosofia, els estudis ling\u00fc\u00edstics i literaris, les ci\u00e8ncies socials, jur\u00eddiques, pol\u00edtiques i econ\u00f2miques o el turisme. Inclou mat\u00e8ries com Matem\u00e0tiques aplicades a les Ci\u00e8ncies Socials, Llat\u00ed, Geografia o Hist\u00f2ria de l&#8217;Art.<\/p>\n<p>Si la teva intenci\u00f3 \u00e9s estudiar despr\u00e9s una carrera universit\u00e0ria, les mat\u00e8ries d&#8217;aquesta modalitat estan molt vinculades als graus de la branca de <a href=\"https:\/\/www.educaweb.cat\/continguts\/educatius\/estudis-universitaris\/oferta-titulacions-universitaries-branca-coneixement\/ciencies-socials-juridiques\/\" target=\"_blank\" rel=\"noopener\">Ci\u00e8ncies Socials i Jur\u00eddiques<\/a> i els <a href=\"https:\/\/www.educaweb.cat\/continguts\/educatius\/estudis-universitaris\/oferta-titulacions-universitaries-branca-coneixement\/arts-humanitats\/\" target=\"_blank\" rel=\"noopener\">d&#8217;Arts i Humanitats.<\/a><\/p>\n<p><b>3. Arts (no s\u2019imparteix a Lacet\u00e0nia)<\/b><\/p>\n<p><b>4. General (no s\u2019imparteix a Lacet\u00e0nia)<\/b><\/p>\n","protected":false},"excerpt":{"rendered":"<p>El Batxillerat t\u00e9 actualment quatre modalitats: 1. Ci\u00e8ncies i Tecnologia Aquesta modalitat es dirigeix a estudiants interessats pel m\u00f3n biosanitari, les matem\u00e0tiques, els processos tecnol\u00f2gics i les ci\u00e8ncies experimentals. Si tries aquesta opci\u00f3 podr\u00e0s cursar mat\u00e8ries com F\u00edsica, Qu\u00edmica, Matem\u00e0tiques, Tecnologia i Enginyeria o Biologia. En l&#8217;acc\u00e9s a la universitat aquestes mat\u00e8ries ponderen b\u00e9 en [&hellip;]<\/p>\n","protected":false},"author":4,"featured_media":0,"parent":993,"menu_order":10,"comment_status":"closed","ping_status":"closed","template":"page-templates\/side-menu.php","meta":{"_bbp_topic_count":0,"_bbp_reply_count":0,"_bbp_total_topic_count":0,"_bbp_total_reply_count":0,"_bbp_voice_count":0,"_bbp_anonymous_reply_count":0,"_bbp_topic_count_hidden":0,"_bbp_reply_count_hidden":0,"_bbp_forum_subforum_count":0,"site-sidebar-layout":"default","site-content-layout":"","ast-site-content-layout":"","site-content-style":"default","site-sidebar-style":"default","ast-global-header-display":"","ast-banner-title-visibility":"","ast-main-header-display":"","ast-hfb-above-header-display":"","ast-hfb-below-header-display":"","ast-hfb-mobile-header-display":"","site-post-title":"","ast-breadcrumbs-content":"","ast-featured-img":"","footer-sml-layout":"","theme-transparent-header-meta":"","adv-header-id-meta":"","stick-header-meta":"","header-above-stick-meta":"","header-main-stick-meta":"","header-below-stick-meta":"","astra-migrate-meta-layouts":"default","ast-page-background-enabled":"default","ast-page-background-meta":{"desktop":{"background-color":"var(--ast-global-color-4)","background-image":"","background-repeat":"repeat","background-position":"center center","background-size":"auto","background-attachment":"scroll","background-type":"","background-media":"","overlay-type":"","overlay-color":"","overlay-opacity":"","overlay-gradient":""},"tablet":{"background-color":"","background-image":"","background-repeat":"repeat","background-position":"center center","background-size":"auto","background-attachment":"scroll","background-type":"","background-media":"","overlay-type":"","overlay-color":"","overlay-opacity":"","overlay-gradient":""},"mobile":{"background-color":"","background-image":"","background-repeat":"repeat","background-position":"center center","background-size":"auto","background-attachment":"scroll","background-type":"","background-media":"","overlay-type":"","overlay-color":"","overlay-opacity":"","overlay-gradient":""}},"ast-content-background-meta":{"desktop":{"background-color":"var(--ast-global-color-5)","background-image":"","background-repeat":"repeat","background-position":"center center","background-size":"auto","background-attachment":"scroll","background-type":"","background-media":"","overlay-type":"","overlay-color":"","overlay-opacity":"","overlay-gradient":""},"tablet":{"background-color":"var(--ast-global-color-5)","background-image":"","background-repeat":"repeat","background-position":"center center","background-size":"auto","background-attachment":"scroll","background-type":"","background-media":"","overlay-type":"","overlay-color":"","overlay-opacity":"","overlay-gradient":""},"mobile":{"background-color":"var(--ast-global-color-5)","background-image":"","background-repeat":"repeat","background-position":"center center","background-size":"auto","background-attachment":"scroll","background-type":"","background-media":"","overlay-type":"","overlay-color":"","overlay-opacity":"","overlay-gradient":""}},"footnotes":""},"class_list":["post-995","page","type-page","status-publish","hentry"],"post_mailing_queue_ids":[],"_links":{"self":[{"href":"https:\/\/agora.xtec.cat\/inslacetania\/wp-json\/wp\/v2\/pages\/995","targetHints":{"allow":["GET"]}}],"collection":[{"href":"https:\/\/agora.xtec.cat\/inslacetania\/wp-json\/wp\/v2\/pages"}],"about":[{"href":"https:\/\/agora.xtec.cat\/inslacetania\/wp-json\/wp\/v2\/types\/page"}],"author":[{"embeddable":true,"href":"https:\/\/agora.xtec.cat\/inslacetania\/wp-json\/wp\/v2\/users\/4"}],"replies":[{"embeddable":true,"href":"https:\/\/agora.xtec.cat\/inslacetania\/wp-json\/wp\/v2\/comments?post=995"}],"version-history":[{"count":4,"href":"https:\/\/agora.xtec.cat\/inslacetania\/wp-json\/wp\/v2\/pages\/995\/revisions"}],"predecessor-version":[{"id":29504,"href":"https:\/\/agora.xtec.cat\/inslacetania\/wp-json\/wp\/v2\/pages\/995\/revisions\/29504"}],"up":[{"embeddable":true,"href":"https:\/\/agora.xtec.cat\/inslacetania\/wp-json\/wp\/v2\/pages\/993"}],"wp:attachment":[{"href":"https:\/\/agora.xtec.cat\/inslacetania\/wp-json\/wp\/v2\/media?parent=995"}],"curies":[{"name":"wp","href":"https:\/\/api.w.org\/{rel}","templated":true}]}}